{"id":10001,"date":"2025-07-16T06:52:45","date_gmt":"2025-07-16T04:52:45","guid":{"rendered":"http:\/\/klubmamgdynia.pl\/?post_type=product&#038;p=10001"},"modified":"2026-05-17T22:24:44","modified_gmt":"2026-05-17T20:24:44","slug":"bemi-motorek-bmw-s1000rr-na-licencji-1x6v-niebieski","status":"publish","type":"product","link":"http:\/\/klubmamgdynia.pl\/index.php\/produkt\/bemi-motorek-bmw-s1000rr-na-licencji-1x6v-niebieski\/","title":{"rendered":"Bemi Motorek Bmw S1000Rr Na Licencji 1X6V Niebieski"},"content":{"rendered":"<p>MOTOR BMW S1000RR NA LICENCJI, 1x6V, SIEDZENIE SK\u00d3RA, NOWO\u015a\u0106! \/JT5188NOWO\u015a\u0106 DZIECI\u0118CY MOTOREK NA AKUMULATOR BMW S1000RR NA LICENCJINOWO\u015a\u0106! WSPANIA\u0141Y DZIECI\u0118CY MOTOREK NA AKUMULATOR NA LICENCJI BMW S1000RR.Nap\u0119d na 1 ko\u0142o, siedzenie z eko-sk\u00f3ry, prawdziwe \u015bwiat\u0142o podczas jazdy.Wspania\u0142y pojazd dla najm\u0142odszych adept\u00f3w motoryzacji.NAKLEJKA Z IMIENIEM DZIECKA GRATIS !!!!!Charakterystyka:1 SILNIK 6V 18000 OBROT\u00d3W1 AKUMULATOR 6V4AHMI\u0118KKIE SIEDZENIE Z EKO SK\u00d3RY1 BIEG DO PRZODUPRAWDZIWE \u015aWIAT\u0141O PRZEDNIE \u015aWIEC\u0104CE PODCZAS JAZDYELEKTRYCZNY HAMULEC &#8211; DZIA\u0141A GDY DZIECKO ZWOLNIMI\u0118KKIE SIEDZENIE Z EKO SK\u00d3RYWYMIARY:D\u0141UGO\u015a\u0106: 66cmSZEROKO\u015a\u0106: 35cmWYSOKO\u015a\u0106: 43cm\u015aREDNICA KO\u0141A: 20cmWYSOKO\u015a\u0106 DO SIEDZENIA: 29cmW KOMPLECIE:\u0141ADOWARKA 6VAKUMULATOR 6V4AHPOLSKA INSTRUKCJA OBS\u0141UGIDOST\u0118PNE KOLORY:CZERWONY:CZARNY:NIEBIESKI:<\/p>\n<h2>Bemi Motorek Bmw S1000Rr Na Licencji 1X6V Niebieski Lean Toys<\/h2>\n<p>zagadki o owocach, opowie\u015bci z narni test, quizy dla dzieci z bajek, ba\u015bniowe imiona \u017ce\u0144skie, trudne zagadki, dyplomy do wydrukowania a4, ma\u0142y ksi\u0105\u017c\u0119 &#8211; test z odpowiedziami, kwiaty polne nazwy, prezent dla 14 letniej dziewczyny, kiedy dzieci zbieraja cukierki na halloween, ciekawe zagadki i odpowiedzi, cytaty o nauczycielach, linda, prezenty dla 7 latki, quiz stolice europy<\/p>\n<p>yyyyy<\/p>\n<p>&nbsp;<\/p>\n","protected":false},"excerpt":{"rendered":"<p>MOTOR BMW S1000RR NA LICENCJI, 1x6V, SIEDZENIE SK\u00d3RA, NOWO\u015a\u0106! \/JT5188NOWO\u015a\u0106 DZIECI\u0118CY MOTOREK NA AKUMULATOR BMW S1000RR NA LICENCJINOWO\u015a\u0106! WSPANIA\u0141Y DZIECI\u0118CY MOTOREK NA AKUMULATOR NA LICENCJI BMW S1000RR.Nap\u0119d na 1 ko\u0142o, siedzenie z eko-sk\u00f3ry, prawdziwe \u015bwiat\u0142o podczas jazdy.Wspania\u0142y pojazd dla najm\u0142odszych adept\u00f3w motoryzacji.NAKLEJKA Z IMIENIEM DZIECKA GRATIS !!!!!Charakterystyka:1 SILNIK 6V 18000 OBROT\u00d3W1 AKUMULATOR 6V4AHMI\u0118KKIE SIEDZENIE Z [&hellip;]<\/p>\n","protected":false},"featured_media":10002,"comment_status":"closed","ping_status":"open","template":"","meta":[],"product_cat":[73,946],"product_tag":[728,683,734,701],"class_list":["post-10001","product","type-product","status-publish","has-post-thumbnail","hentry","product_cat-lean-toys","product_cat-motorki-i-skutery","product_tag-bezwarunkowa-milosc-do-dziecka-cytaty","product_tag-karaluchy-pod-poduchy","product_tag-milan-imie","product_tag-zgadywanki-dla-dzieci"],"_links":{"self":[{"href":"http:\/\/klubmamgdynia.pl\/index.php\/wp-json\/wp\/v2\/product\/10001","targetHints":{"allow":["GET"]}}],"collection":[{"href":"http:\/\/klubmamgdynia.pl\/index.php\/wp-json\/wp\/v2\/product"}],"about":[{"href":"http:\/\/klubmamgdynia.pl\/index.php\/wp-json\/wp\/v2\/types\/product"}],"replies":[{"embeddable":true,"href":"http:\/\/klubmamgdynia.pl\/index.php\/wp-json\/wp\/v2\/comments?post=10001"}],"wp:featuredmedia":[{"embeddable":true,"href":"http:\/\/klubmamgdynia.pl\/index.php\/wp-json\/wp\/v2\/media\/10002"}],"wp:attachment":[{"href":"http:\/\/klubmamgdynia.pl\/index.php\/wp-json\/wp\/v2\/media?parent=10001"}],"wp:term":[{"taxonomy":"product_cat","embeddable":true,"href":"http:\/\/klubmamgdynia.pl\/index.php\/wp-json\/wp\/v2\/product_cat?post=10001"},{"taxonomy":"product_tag","embeddable":true,"href":"http:\/\/klubmamgdynia.pl\/index.php\/wp-json\/wp\/v2\/product_tag?post=10001"}],"curies":[{"name":"wp","href":"https:\/\/api.w.org\/{rel}","templated":true}]}}