{"id":10031,"date":"2024-03-20T01:46:27","date_gmt":"2024-03-20T00:46:27","guid":{"rendered":"http:\/\/klubmamgdynia.pl\/?post_type=product&#038;p=10031"},"modified":"2026-04-30T02:40:16","modified_gmt":"2026-04-30T00:40:16","slug":"toyz-by-caretero-toyz-mercedes-gtr-na-akumulator-black","status":"publish","type":"product","link":"http:\/\/klubmamgdynia.pl\/index.php\/produkt\/toyz-by-caretero-toyz-mercedes-gtr-na-akumulator-black\/","title":{"rendered":"Toyz By Caretero Toyz Mercedes Gtr Na Akumulator Black"},"content":{"rendered":"<p>Samochodzik elektryczny Mercedes-AMG GTRWersja EXCLUSIVESiedzenia z ekosk\u00f3ry, opony z pianki EVA, radio z BluetoothPrawdziwa gratka dla ka\u017cdego ma\u0142ego mi\u0142o\u015bnika czterech k\u00f3\u0142ek! Nap\u0119dzany akumulatorem pojazd, kt\u00f3ry zapewni dziecku niezapomnian\u0105 rado\u015b\u0107 i zabaw\u0119, i pozwoli poczu\u0107 si\u0119 jak doros\u0142y kierowca. Samoch\u00f3d zosta\u0142 zaprojektowany w najdrobniejszych szczeg\u00f3\u0142ach odzwierciedlaj\u0105cych detale z prawdziwych pojazd\u00f3w. Zadbano o naistotniejsze elementy takie jak: o\u015bwietlenie przednie i tylne, klakson, peda\u0142 gazu, ga\u0142ka zmiany bieg\u00f3w. Ciekawym rozwi\u0105zaniem jest rozbudowany panel muzyczny umo\u017cliwiaj\u0105cy pod\u0142\u0105czenie pendrivea lub karty pami\u0119ci z ulubion\u0105 muzyk\u0105.Produkt na licencji Mercedes-Benz!Samochodzik cabrio na akumulator dla dzieci zapewnia moc niesamowitej zabawy!Doskona\u0142y pomys\u0142 na prezent!Rozbudowany panel muzycznyMocne o\u015bwietlenie przednie i tylneMuzyka | klakson | gniazdo mp3 | pilot 2.4GW\u0141A\u015aCIWO\u015aCIZdalne sterowanie za pomoc\u0105 do\u0142\u0105czonego do zestawu pilotaMo\u017cliwo\u015b\u0107 sterowania przez dziecko przy u\u017cyciu kierownicy i peda\u0142u gazuOtwierany baga\u017cnik i drzwiO\u015bwietlenie pojazduRozbudowany panel muzycznyNowoczesny designWYPOSA\u017bENIEPilot zdalnego sterowania 2.4G na baterie AAA 1,5V (brak w zestawie)Funkcja wolnego startuWska\u017anik na\u0142adowania bateriiRozbudowany panel muzycznyRegulacja g\u0142o\u015bno\u015bciRadio z bluetoothGniazdo USBOtwierane boczne drzwiAkumulator 12V4, 5Ah\u0141adowarka: Wej\u015bcie:AC220V, Wyj\u015bcie: DC500mA (700mA)Pasy bezpiecze\u0144stwaSiedzenia z ekosk\u00f3ryMocne o\u015bwietlenie przednie i tylneKlakson na kierownicySolidne ko\u0142a &#8211; opony z pianki EVADwa lusterka boczne4 biegi: (prz\u00f3d: wolny, szybki, najszybszy i ty\u0142: pr\u0119dko\u015b\u0107 sta\u0142aWysuwany uchwyt do holowania auta (z przodu)Peda\u0142 gazu (przyspieszenia)Rozbudowany panel muzycznyGniazdo USBWej\u015bcie na kart\u0119 TF Micro SDGniazdo AUX &#8211; audio Jack 3,5mmWy\u015bwietlacz LED z muzyk\u0105 i wska\u017anikiem poziomu bateriiPanel muzyczny pozwala cieszy\u0107 si\u0119 s\u0142uchaniem muzyki z karty, telefonu, pendrivea itp.SPECYFIKACJABateria (akumulator) 12VDwa silniki o mocy 20 Wat ka\u017cdyPr\u0119dko\u015b\u0107 pojazdu: 4-5 km\/hWaga pojazdu: 12 kg\u015aredni czas jazdy: 1,5-2hNap\u0119d na tylne ko\u0142aTrzeci silnik steruj\u0105cy kierownic\u0105Samoch\u00f3d posiada Certyfikat zgodno\u015bci CE oraz spe\u0142nia wymogi normy EN71Jak u\u017cytkowa\u0107 pojazd?Samoch\u00f3d przeznaczony jest do u\u017cytku zewn\u0119trznego. Mo\u017cna nim sterowa\u0107 za pomoc\u0105 pilota lub dziecko mo\u017ce to robi\u0107 samodzielnie korzystaj\u0105c z peda\u0142u gazu i kierownicy oraz skrzyni bieg\u00f3w. Siedz\u0105c w poje\u017adzie istnieje mo\u017cliwo\u015b\u0107 sterowania muzyk\u0105 z poziomu pulpitu muzycznego oraz kierownicy.Pojazd nie nadaje si\u0119 do u\u017cytkowania w ruchu ulicznym! | Przeznaczony dla dzieci od 3 lat | Zalecane, maksymalne obci\u0105\u017cenie: do 25 kg | Dedykowane miejsca u\u017cycia to suche, utwardzone i p\u0142askie powierzchnie.Nowoczesny pilot zdalnego sterowania 2.4GSteruj\u0105c pilotem mo\u017cesz:skr\u0119ca\u0107 w lewo i w prawojecha\u0107 do przodu i do ty\u0142uzmieni\u0107 pr\u0119dko\u015b\u0107 (np. z wolnej na szybk\u0105)zablokowa\u0107 pojazdUWAGA | Pilot 2.4G posiada funkcj\u0119 wolnego startu!Instrukcja kodowania pilotaNaci\u015bnij jednocze\u015bnie przyciski: strza\u0142ka w g\u00f3r\u0119 i strza\u0142ka w d\u00f3\u0142 na pilocie, jednocze\u015bnie &#8211; trzymaj\u0105c je wci\u015bni\u0119te, w\u0142\u0105cz autko, po 2-3 sekundach zwolnij przycisk na pilocie &#8211; wtedy te\u017c powinna zamigota\u0107 dioda co oznacza, \u017ce pilot jest zakodowany.WYMIARYD\u0142ugo\u015b\u0107: 107 cmWysoko\u015b\u0107: 44 cmSzeroko\u015b\u0107: 53 cm (67 cm z lusterkami)CIEKAWOSTKA | AMG to skr\u00f3t od Aufrecht Melcher Gro\u00dfaspach \u2013 czyli nazwiska za\u0142o\u017cycieli oraz miejsca pierwszej siedziby firmy. Mercedes-AMG GmbH to firma w grupie Daimler AG, kt\u00f3ra produkuje samochody sportowe. Marka powsta\u0142a w 1967 roku w Gro\u00dfaspach w okolicach Stuttgartu. Pocz\u0105tkowo zajmowali si\u0119 przerabianiem dla potrzeb sportu wybranych modeli Mercedes-Benz. Pod koniec lat 80 wywi\u0105za\u0142a si\u0119 sta\u0142a wsp\u00f3\u0142praca, a w po\u0142owie lat 90 zacz\u0119\u0142y si\u0119 pojawia\u0107 zmodyfikowane i z nowym oznaczeniem modele.MONTA\u017b | Samodzielny monta\u017c samochodu zajmuje niewiele czasu i jest \u0142atwy. W kartonie znajduje si\u0119 gotowa bry\u0142a samochodu. Po wyj\u0119ciu jej z opakowania wystarczy zamontowa\u0107 elementy dodatkowe takie jak: ko\u0142a, kierownica, szyba, siedzenia i lusterka.UWAGA | Przed rozpocz\u0119ciem u\u017cytkowania nale\u017cy zapozna\u0107 si\u0119 z do\u0142\u0105czon\u0105 instrukcj\u0105 u\u017cytkowania. | Korzystanie z zabawki wymaga \u015bcis\u0142ej opieki osoby doros\u0142ej. | Samoch\u00f3d przeznaczony do u\u017cytku prywatnego (niekomercyjnego). | Przedstawione kolory nale\u017cy traktowa\u0107 pogl\u0105dowo &#8211; mog\u0105 odbiega\u0107 od rzeczywistych ze wzgl\u0119du na r\u00f3\u017cne ustawienia monitor\u00f3w oraz proces obr\u00f3bki zdj\u0119\u0107. | Rzeczywiste wymiary mog\u0105 si\u0119 r\u00f3\u017cni\u0107 od podanych w opisie. Tolerancja b\u0142\u0119d\u00f3w mo\u017ce wynosi\u0107 +\/- 5%.<\/p>\n<h2>Toyz By Caretero Toyz Mercedes Gtr Na Akumulator Black Toyz<\/h2>\n<p>szablon krokus kolorowanka, znaczenie imiona kinga, prezent na roczek dla dziecka, matylda imie, stare wierszyki dla dzieci, szablony do wyklejania plastelin\u0105, film animowany o \u015bwi\u0119tach, \u015bwinka peppa kolorowanka do druku, trudne zagadki, iwo imi\u0119, milosz imie, stare piosenki dla dzieci teksty, warszawa dla dzieci, kolorowanki lato, literki do pisania, kolorowanki lol surprise, co kupi\u0107 nastolatkowi, quiz z ma\u0142ego ksi\u0119cia, \u015bmieszne zagadki dla dzieci, bajka krecik<\/p>\n<p>yyyyy<\/p>\n<p>&nbsp;<\/p>\n","protected":false},"excerpt":{"rendered":"<p>Samochodzik elektryczny Mercedes-AMG GTRWersja EXCLUSIVESiedzenia z ekosk\u00f3ry, opony z pianki EVA, radio z BluetoothPrawdziwa gratka dla ka\u017cdego ma\u0142ego mi\u0142o\u015bnika czterech k\u00f3\u0142ek! Nap\u0119dzany akumulatorem pojazd, kt\u00f3ry zapewni dziecku niezapomnian\u0105 rado\u015b\u0107 i zabaw\u0119, i pozwoli poczu\u0107 si\u0119 jak doros\u0142y kierowca. Samoch\u00f3d zosta\u0142 zaprojektowany w najdrobniejszych szczeg\u00f3\u0142ach odzwierciedlaj\u0105cych detale z prawdziwych pojazd\u00f3w. Zadbano o naistotniejsze elementy takie jak: [&hellip;]<\/p>\n","protected":false},"featured_media":10032,"comment_status":"closed","ping_status":"open","template":"","meta":[],"product_cat":[24,457],"product_tag":[871,690,634],"class_list":["post-10031","product","type-product","status-publish","has-post-thumbnail","hentry","product_cat-samochody-dla-dzieci","product_cat-toyz","product_tag-bajka-o-smoku-wawelskim","product_tag-pieski-male-dwa-tekst","product_tag-zagadki-wielkanocne-dla-dzieci"],"_links":{"self":[{"href":"http:\/\/klubmamgdynia.pl\/index.php\/wp-json\/wp\/v2\/product\/10031","targetHints":{"allow":["GET"]}}],"collection":[{"href":"http:\/\/klubmamgdynia.pl\/index.php\/wp-json\/wp\/v2\/product"}],"about":[{"href":"http:\/\/klubmamgdynia.pl\/index.php\/wp-json\/wp\/v2\/types\/product"}],"replies":[{"embeddable":true,"href":"http:\/\/klubmamgdynia.pl\/index.php\/wp-json\/wp\/v2\/comments?post=10031"}],"wp:featuredmedia":[{"embeddable":true,"href":"http:\/\/klubmamgdynia.pl\/index.php\/wp-json\/wp\/v2\/media\/10032"}],"wp:attachment":[{"href":"http:\/\/klubmamgdynia.pl\/index.php\/wp-json\/wp\/v2\/media?parent=10031"}],"wp:term":[{"taxonomy":"product_cat","embeddable":true,"href":"http:\/\/klubmamgdynia.pl\/index.php\/wp-json\/wp\/v2\/product_cat?post=10031"},{"taxonomy":"product_tag","embeddable":true,"href":"http:\/\/klubmamgdynia.pl\/index.php\/wp-json\/wp\/v2\/product_tag?post=10031"}],"curies":[{"name":"wp","href":"https:\/\/api.w.org\/{rel}","templated":true}]}}