{"id":10033,"date":"2024-01-08T18:16:37","date_gmt":"2024-01-08T17:16:37","guid":{"rendered":"http:\/\/klubmamgdynia.pl\/?post_type=product&#038;p=10033"},"modified":"2026-04-04T20:45:18","modified_gmt":"2026-04-04T18:45:18","slug":"janod-cymbalki-15-tonow-drewniane-confetti-j07605","status":"publish","type":"product","link":"http:\/\/klubmamgdynia.pl\/index.php\/produkt\/janod-cymbalki-15-tonow-drewniane-confetti-j07605\/","title":{"rendered":"Janod Cymba\u0142ki 15 Ton\u00f3w Drewniane Confetti J07605"},"content":{"rendered":"<p>Janod Cymba\u0142ki 15 Ton\u00f3w Drewniane Confetti                            <\/p>\n<p>a                            <\/p>\n<p>Pierwszy instrument dla Twojego dziecka. Drewniane 15-tonowe cymba\u0142ki francuskiej marki JANOD s\u0105 \u0142atwe w obs\u0142udze i doskonale dopasowane rozmiarami do ma\u0142ej d\u0142oni, podobnie jak bezpieczne, szerokie patyczki. Cymba\u0142ki wspieraj\u0105 rozw\u00f3j dziecka przez obcowanie z muzyk\u0105 ju\u017c od pierwszych miesi\u0119cy \u017cycia. Ponadto ich d\u017awi\u0119k jest wyj\u0105tkowo przyjemny dla ucha. Jak ca\u0142a linia, tak i one s\u0105 bia\u0142e w kolorowe kropki. Zapakowane w pi\u0119kne pude\u0142ko, idealnie nadaj\u0105 si\u0119 na prezent.\u00a0                            <\/p>\n<p>a                            <\/p>\n<p>To po\u0142\u0105czenie zabawy z nauk\u0105 zapewnia wszechstronny rozw\u00f3j dziecka ju\u017c od najm\u0142odszych lat. W kolekcji znajduj\u0105 si\u0119 zabawki muzyczne przeznaczone dla dzieci od 12 miesi\u0105ca \u017cycia do nawet 8 lat! Seria Confetti dostosowana jest do dzieci\u0119cych mo\u017cliwo\u015bci, a jej unikalny design, pi\u0119kne wykonanie i \u017cywe kolory zach\u0119caj\u0105 dziecko do zabawy.wiek: 2-5 latliczba element\u00f3w: 1materia\u0142: drewnodesign: Francjawymiary produktu: 41,5 x 24 x 3,5 cmwaga produktu: 0,76 kgwymiary opakowania: 42 x 5 x 24,3 cmbezpiecze\u0144stwo i jako\u015b\u0107: EN71-1; EN71-2, EN71-3; REACH                            <\/p>\n<p>a                            <\/p>\n<p>Janod od 1970 roku niezmiennie projektuje zabawki, kt\u00f3re s\u0105 synonimem innowacyjno\u015bci, francuskiego designu i najwy\u017cszej jako\u015bci. Unikalne zabawki Janod tworzone s\u0105 z drewna i innych doskona\u0142ych materia\u0142\u00f3w, a przede wszystkim z dzieci\u0119cych marze\u0144!\u00a0W obecnej ofercie Janod jest ponad 500 produkt\u00f3w, z kt\u00f3rych kluczowe to zabawki drewniane, puzzle, uk\u0142adanki i zabawki magnetyczne. Wszystkie produkty projektowane s\u0105 we Francji przez w\u0142asnych designer\u00f3w. St\u0105d wiele motyw\u00f3w i wzor\u00f3w powtarza si\u0119 w kolekcjach, tworz\u0105c wyj\u0105tkowy, bajkowy \u015bwiat Janod.\u00a0Wszystkie zabawki tworzone s\u0105 z dba\u0142o\u015bci\u0105 o szczeg\u00f3\u0142y, z najwy\u017cszej jako\u015bci materia\u0142\u00f3w, bezpiecznych dla dzieci. Zabawki spe\u0142niaj\u0105 restrykcyjne normy bezpiecze\u0144stwa, takie jak EN71-1, EN71-2, EN71-3 oraz REACH.<\/p>\n<h2>Janod Cymba\u0142ki 15 Ton\u00f3w Drewniane Confetti J07605 Janod<\/h2>\n<p>cookie dough przepis, prezenty dla 7 latki, zagadki dla dzieci 7-8 lat online, jak narysowa\u0107 cz\u0142owieka, ry\u017c z owocami, my little pony kolorowanka, pomys\u0142 na prezent dla nastolatka, prezent dla pi\u0119tnastolatka, rysowanki, romantyczna bajka na dobranoc, zagadki matematyczne dla przedszkolak\u00f3w, tabliczka mno\u017cenia zadania do druku, zagadki logiczne na inteligencj\u0119 dla doros\u0142ych, test z lektury ania z zielonego wzg\u00f3rza klasa 6 z odpowiedziami, ko\u0142ysanki teksty, jakie prezenty na roczek<\/p>\n<p>yyyyy<\/p>\n<p>&nbsp;<\/p>\n","protected":false},"excerpt":{"rendered":"<p>Janod Cymba\u0142ki 15 Ton\u00f3w Drewniane Confetti a Pierwszy instrument dla Twojego dziecka. Drewniane 15-tonowe cymba\u0142ki francuskiej marki JANOD s\u0105 \u0142atwe w obs\u0142udze i doskonale dopasowane rozmiarami do ma\u0142ej d\u0142oni, podobnie jak bezpieczne, szerokie patyczki. Cymba\u0142ki wspieraj\u0105 rozw\u00f3j dziecka przez obcowanie z muzyk\u0105 ju\u017c od pierwszych miesi\u0119cy \u017cycia. Ponadto ich d\u017awi\u0119k jest wyj\u0105tkowo przyjemny dla ucha. [&hellip;]<\/p>\n","protected":false},"featured_media":10034,"comment_status":"closed","ping_status":"open","template":"","meta":[],"product_cat":[557,155],"product_tag":[832,808,621],"class_list":["post-10033","product","type-product","status-publish","has-post-thumbnail","hentry","product_cat-janod","product_cat-zabawki-muzyczne","product_tag-desery-dla-dzieci","product_tag-imie-mia","product_tag-prezenty-roczek"],"_links":{"self":[{"href":"http:\/\/klubmamgdynia.pl\/index.php\/wp-json\/wp\/v2\/product\/10033","targetHints":{"allow":["GET"]}}],"collection":[{"href":"http:\/\/klubmamgdynia.pl\/index.php\/wp-json\/wp\/v2\/product"}],"about":[{"href":"http:\/\/klubmamgdynia.pl\/index.php\/wp-json\/wp\/v2\/types\/product"}],"replies":[{"embeddable":true,"href":"http:\/\/klubmamgdynia.pl\/index.php\/wp-json\/wp\/v2\/comments?post=10033"}],"wp:featuredmedia":[{"embeddable":true,"href":"http:\/\/klubmamgdynia.pl\/index.php\/wp-json\/wp\/v2\/media\/10034"}],"wp:attachment":[{"href":"http:\/\/klubmamgdynia.pl\/index.php\/wp-json\/wp\/v2\/media?parent=10033"}],"wp:term":[{"taxonomy":"product_cat","embeddable":true,"href":"http:\/\/klubmamgdynia.pl\/index.php\/wp-json\/wp\/v2\/product_cat?post=10033"},{"taxonomy":"product_tag","embeddable":true,"href":"http:\/\/klubmamgdynia.pl\/index.php\/wp-json\/wp\/v2\/product_tag?post=10033"}],"curies":[{"name":"wp","href":"https:\/\/api.w.org\/{rel}","templated":true}]}}