{"id":10035,"date":"2014-04-10T10:43:16","date_gmt":"2014-04-10T08:43:16","guid":{"rendered":"http:\/\/klubmamgdynia.pl\/index.php\/produkt\/russell-tuban-zestaw-super-slime-plus-tu3064russel\/"},"modified":"2026-04-19T05:49:59","modified_gmt":"2026-04-19T03:49:59","slug":"russell-tuban-zestaw-super-slime-plus-tu3064russel","status":"publish","type":"product","link":"http:\/\/klubmamgdynia.pl\/index.php\/produkt\/russell-tuban-zestaw-super-slime-plus-tu3064russel\/","title":{"rendered":"Russell Tuban Zestaw Super Slime Plus (Tu3064Russel)"},"content":{"rendered":"<p>Tuban Zestaw Super Slime Plus Klej AktywatorSlime to kreatywna i sensoryczna masa plastyczna. Mo\u017cesz j\u0105 stworzy\u0107 mieszaj\u0105c klej PVA z aktywatorem. Dodaj\u0105c do gotowego slima b\u0142yszcz\u0105ce drobinki kolorowego brokatu, uzyskasz swojego Glossy Slima. Je\u015bli natomiast dodasz styropianowe kuleczki powstanie chrupi\u0105cy Floam Slime znakomicie nadaj\u0105cy si\u0119 do formowania. Do zabawy Slimem koniecznie wykorzystaj misk\u0119, kt\u00f3r\u0105 znajdziesz w zestawie. Jest na tyle g\u0142\u0119boka, \u017ceby podczas zabawy, Tw\u00f3j Slime nie wymkn\u0105\u0142 si\u0119 spod kontroli. Pami\u0119taj, \u017ceby po sko\u0144czonej zabawie schowa\u0107 slima do zamykanego pojemniczka. W ten spos\u00f3b d\u0142u\u017cej b\u0119dziesz m\u00f3g\u0142 si\u0119 cieszy\u0107 jego w\u0142a\u015bciwo\u015bciami. Zestaw Super Slime Plus powstaje w Polsce ze sprawdzonych i przebadanych sk\u0142adnik\u00f3w.Zestaw kreatywny Super Slime Plus zawiera:500 ml kleju bezbarwnego PVA;250 ml aktywatora;brokat w 3 r\u00f3\u017cnych kolorach (niebieskim, fioletowym, zielonym);kuleczki styropianowe;misk\u0119 do wyrabiania Slim\u00f3w;pojemniczek do przechowywania Slim\u00f3w;szpatu\u0142k\u0119 do mieszania;instrukcj\u0119, jak wykona\u0107 idealny Slime.Jak si\u0119 bawi\u0107?1. Wlej klej PVA do miseczki\/pojemnika.2. Dodaj brokat w wybranym przez Ciebie kolorze, a nast\u0119pnie dok\u0142adnie wymieszaj go z klejem, a\u017c uzyskana masa stanie si\u0119 jednolita.3. Powoli dolewaj aktywator i mieszaj do momentu, a\u017c Slime zacznie oddziela\u0107 si\u0119 od \u015bcianek pojemnika.4. Wyrabiaj Slime do uzyskania idealnej konsystencji. Je\u015bli nadal zbyt mocno klei si\u0119 do r\u0105k, dodaj do niego jeszcze odrobin\u0119 aktywatora.5. Tw\u00f3j Slime jest ju\u017c gotowy! Udekoruj go naszymi kuleczkami styropianowymi.6. Je\u015bli chcesz, \u017ceby Tw\u00f3j Slime d\u0142u\u017cej zachowywa\u0142 swoje w\u0142a\u015bciwo\u015bci &#8211; przechowuj go w zamkni\u0119tym pojemniczku, kt\u00f3ry do\u0142\u0105czyli\u015bmy do zestawu.Udanej zabawy! :)Dla bezpiecze\u0144stwa zach\u0119camy do za\u0142o\u017cenia fartuszka ochronnego i r\u0119kawiczek :)WA\u017bNE:Nasze produkty s\u0105 bezpieczne dla dzieci. W swoim sk\u0142adzie nie zawieraj\u0105 boraksu ani \u017cadnych substancji toksycznych!Wyprodukowano w Polsce.Wiek: 6+Wymiary: 30 x 43,5 x 7 cm<\/p>\n<h2>Russell Tuban Zestaw Super Slime Plus (Tu3064Russel) Russell<\/h2>\n<p>zabawy ruchowe dla dzieci w przedszkolu, quiz minecraft, szlaczki do druku, oryginalny prezent dla nastolatk\u00f3w, piosenka dla taty przedszkole, zagadki kr\u00f3tkie, weso\u0142e pisanki tekst, zrobi\u0107 laurk\u0119 laurka dla babci, o b\u0142\u0119dne dyktando, co kupi\u0107 nastolatce na \u015bwi\u0119ta, irma, kanapki dla dzieci, gabriel imie, zagadki logiczne dla dzieci, imi\u0119 kuba, rzadkie imiona dla dziewczynek, mia imie, nela imi\u0119, kolorowanka ze zdj\u0119cia, trudne zagadki wielkanocne<\/p>\n<p>yyyyy<\/p>\n<p>&nbsp;<\/p>\n","protected":false},"excerpt":{"rendered":"<p>Tuban Zestaw Super Slime Plus Klej AktywatorSlime to kreatywna i sensoryczna masa plastyczna. Mo\u017cesz j\u0105 stworzy\u0107 mieszaj\u0105c klej PVA z aktywatorem. Dodaj\u0105c do gotowego slima b\u0142yszcz\u0105ce drobinki kolorowego brokatu, uzyskasz swojego Glossy Slima. Je\u015bli natomiast dodasz styropianowe kuleczki powstanie chrupi\u0105cy Floam Slime znakomicie nadaj\u0105cy si\u0119 do formowania. Do zabawy Slimem koniecznie wykorzystaj misk\u0119, kt\u00f3r\u0105 znajdziesz [&hellip;]<\/p>\n","protected":false},"featured_media":10036,"comment_status":"closed","ping_status":"open","template":"","meta":[],"product_cat":[422,21],"product_tag":[792,773,623],"class_list":["post-10035","product","type-product","status-publish","has-post-thumbnail","hentry","product_cat-russell","product_cat-zabawki-plastyczne","product_tag-cytaty-o-mamie","product_tag-test-z-lektury-opowiesci-z-narnii-lew-czarownica-i-stara-szafa","product_tag-zagadki-logiczne-smieszne"],"_links":{"self":[{"href":"http:\/\/klubmamgdynia.pl\/index.php\/wp-json\/wp\/v2\/product\/10035","targetHints":{"allow":["GET"]}}],"collection":[{"href":"http:\/\/klubmamgdynia.pl\/index.php\/wp-json\/wp\/v2\/product"}],"about":[{"href":"http:\/\/klubmamgdynia.pl\/index.php\/wp-json\/wp\/v2\/types\/product"}],"replies":[{"embeddable":true,"href":"http:\/\/klubmamgdynia.pl\/index.php\/wp-json\/wp\/v2\/comments?post=10035"}],"wp:featuredmedia":[{"embeddable":true,"href":"http:\/\/klubmamgdynia.pl\/index.php\/wp-json\/wp\/v2\/media\/10036"}],"wp:attachment":[{"href":"http:\/\/klubmamgdynia.pl\/index.php\/wp-json\/wp\/v2\/media?parent=10035"}],"wp:term":[{"taxonomy":"product_cat","embeddable":true,"href":"http:\/\/klubmamgdynia.pl\/index.php\/wp-json\/wp\/v2\/product_cat?post=10035"},{"taxonomy":"product_tag","embeddable":true,"href":"http:\/\/klubmamgdynia.pl\/index.php\/wp-json\/wp\/v2\/product_tag?post=10035"}],"curies":[{"name":"wp","href":"https:\/\/api.w.org\/{rel}","templated":true}]}}