{"id":10049,"date":"2017-03-24T08:26:28","date_gmt":"2017-03-24T07:26:28","guid":{"rendered":"http:\/\/klubmamgdynia.pl\/index.php\/produkt\/liscianigiochi-rosnace-potworki-kids-love-monster-82797-lisciani\/"},"modified":"2026-04-08T11:37:22","modified_gmt":"2026-04-08T09:37:22","slug":"liscianigiochi-rosnace-potworki-kids-love-monster-82797-lisciani","status":"publish","type":"product","link":"http:\/\/klubmamgdynia.pl\/index.php\/produkt\/liscianigiochi-rosnace-potworki-kids-love-monster-82797-lisciani\/","title":{"rendered":"Liscianigiochi Rosn\u0105ce Potworki Kids Love Monster 82797 Lisciani"},"content":{"rendered":"<p>Rosn\u0105ce Potworki to niesamowity zestaw, dzi\u0119ki kt\u00f3remu dziecko prze\u017cyje fantastyczne do\u015bwiadczenie naukowe w towarzystwie sympatycznych potwork\u00f3w. W opakowaniu znajduje si\u0119 wszystko, co jest niezb\u0119dne do wyhodowania potwork\u00f3w w specjalnych pojemnikach. Opakowanie zawiera r\u00f3wnie\u017c wyj\u0105tkowy tr\u00f3jwymiarowy las, w kt\u00f3rym mo\u017cna wystawi\u0107 i przechowywa\u0107 potworki. Podr\u0119cznik krok po kroku wyja\u015bnia, jak wykona\u0107 te oryginalne i zabawne eksperymenty powi\u0119kszania potwor\u00f3w w spos\u00f3b prosty i bezpieczny.Kids Love Monsters to wyj\u0105tkowa seria, kt\u00f3ra zosta\u0142a zainspirowana niezwyk\u0142a fascynacj\u0105 dzieci w kierunku wszystkiego co jest dziwne. Potwory mo\u017ce i strasz\u0105, ale niezwykle do siebie przyci\u0105gaj\u0105 i skutecznie rozbudzaj\u0105 ciekawo\u015b\u0107 i wyobra\u017ani\u0119 w\u015br\u00f3d m\u0142odych umys\u0142\u00f3w. W ramach tej serii dzieci s\u0105 zach\u0119cane do zapoznania si\u0119 z niecodziennym \u015bwiatem potwor\u00f3w i do m\u00f3wienia ich j\u0119zykiem.G\u0142\u00f3wne cechy produktu:Producent LiscianiDla dzieci od 7 roku \u017cyciaRosn\u0105ce potworkiNiesamowity zestaw do tworzenia do\u015bwiadcze\u0144 naukowychWszystko co potrzebne do stworzenia potwork\u00f3wTr\u00f3jwymiarowy lasRozbudza ciekawo\u015b\u0107 i wyobra\u017ani\u0119 Wymiary opakowania: 39 x 7 x 27,5 cmWysoka jako\u015b\u0107 wykonania<\/p>\n<h2>Liscianigiochi Rosn\u0105ce Potworki Kids Love Monster 82797 Lisciani Dante<\/h2>\n<p>maski zwierz\u0105t szablony do druku, ilona, tabliczka mno\u017cenia karty pracy do druku, \u015bwinka peppa bajka do czytania, kiekrz, bajki terapeutyczne o emocjach pdf, filmy disneya, sentencje o dzieciach, mandala kolorowanka, cytaty dla mamy, smieszne zagadki, kolorowanka spiderman, zagadki dla dzieci 9-10 lat z odpowiedziami, cytaty dla nauczycieli, karty pracy dla uczni\u00f3w z ukrainy<\/p>\n<p>yyyyy<\/p>\n<p>&nbsp;<\/p>\n","protected":false},"excerpt":{"rendered":"<p>Rosn\u0105ce Potworki to niesamowity zestaw, dzi\u0119ki kt\u00f3remu dziecko prze\u017cyje fantastyczne do\u015bwiadczenie naukowe w towarzystwie sympatycznych potwork\u00f3w. W opakowaniu znajduje si\u0119 wszystko, co jest niezb\u0119dne do wyhodowania potwork\u00f3w w specjalnych pojemnikach. Opakowanie zawiera r\u00f3wnie\u017c wyj\u0105tkowy tr\u00f3jwymiarowy las, w kt\u00f3rym mo\u017cna wystawi\u0107 i przechowywa\u0107 potworki. Podr\u0119cznik krok po kroku wyja\u015bnia, jak wykona\u0107 te oryginalne i zabawne eksperymenty [&hellip;]<\/p>\n","protected":false},"featured_media":10050,"comment_status":"closed","ping_status":"open","template":"","meta":[],"product_cat":[249,21],"product_tag":[666,780,821,628],"class_list":["post-10049","product","type-product","status-publish","has-post-thumbnail","hentry","product_cat-dante","product_cat-zabawki-plastyczne","product_tag-afrykanskie-imiona","product_tag-krecik-bajka","product_tag-marianna","product_tag-zagadka"],"_links":{"self":[{"href":"http:\/\/klubmamgdynia.pl\/index.php\/wp-json\/wp\/v2\/product\/10049","targetHints":{"allow":["GET"]}}],"collection":[{"href":"http:\/\/klubmamgdynia.pl\/index.php\/wp-json\/wp\/v2\/product"}],"about":[{"href":"http:\/\/klubmamgdynia.pl\/index.php\/wp-json\/wp\/v2\/types\/product"}],"replies":[{"embeddable":true,"href":"http:\/\/klubmamgdynia.pl\/index.php\/wp-json\/wp\/v2\/comments?post=10049"}],"wp:featuredmedia":[{"embeddable":true,"href":"http:\/\/klubmamgdynia.pl\/index.php\/wp-json\/wp\/v2\/media\/10050"}],"wp:attachment":[{"href":"http:\/\/klubmamgdynia.pl\/index.php\/wp-json\/wp\/v2\/media?parent=10049"}],"wp:term":[{"taxonomy":"product_cat","embeddable":true,"href":"http:\/\/klubmamgdynia.pl\/index.php\/wp-json\/wp\/v2\/product_cat?post=10049"},{"taxonomy":"product_tag","embeddable":true,"href":"http:\/\/klubmamgdynia.pl\/index.php\/wp-json\/wp\/v2\/product_tag?post=10049"}],"curies":[{"name":"wp","href":"https:\/\/api.w.org\/{rel}","templated":true}]}}