{"id":10073,"date":"2015-03-08T17:54:46","date_gmt":"2015-03-08T16:54:46","guid":{"rendered":"http:\/\/klubmamgdynia.pl\/index.php\/produkt\/toyz-mercedes-benz-amg-g63-silver\/"},"modified":"2026-05-17T22:06:05","modified_gmt":"2026-05-17T20:06:05","slug":"toyz-mercedes-benz-amg-g63-silver","status":"publish","type":"product","link":"http:\/\/klubmamgdynia.pl\/index.php\/produkt\/toyz-mercedes-benz-amg-g63-silver\/","title":{"rendered":"Toyz Mercedes Benz AMG G63 Silver"},"content":{"rendered":"<p>Mercedes AMG G 63 to pojazd na akumulator wzorowany na kultowym i niezniszczalnym Mercedesie klasy G. Przysz\u0142ych kierowc\u00f3w oczaruj\u0105 wyrazisty wygl\u0105d, b\u0142yszcz\u0105cy lakier, wygodne siedzenie, kierownica z przyciskami oraz sk\u0142adane lusterka. Jak przysta\u0142o na samoch\u00f3d tej klasy, akumulatorowiec zapewnia wysoki komfort jazdy dzi\u0119ki amortyzatorom i ko\u0142om z pianki EVA. Mercedes wyposa\u017cony jest \u015bwiat\u0142a led oraz panel multimedialny do kt\u00f3rego mo\u017cna pod\u0142\u0105czy\u0107 pendrive z ulubionymi piosenkami w formacie MP3. Rodzicom spodoba si\u0119 wolny start i dwa tryby pr\u0119dko\u015bci jazdy (dziecko szybciej nauczy si\u0119 panowa\u0107 nad pojazdem), zdalne sterowanie oraz wysuwana r\u0105czka u\u0142atwiaj\u0105ca przenoszenie. Pojazd nap\u0119dzaj\u0105 dwa silniki 12V z akumulatorem o pojemno\u015bci 4,5 Ah.Co zyskujesz wybieraj\u0105c pojazd MERCEDES AMG G 63S dla Twojego dziecka?auto na akumulator o kultowym wygl\u0105dzie dzi\u0119ki wykorzystaniu licencji marki Mercedeslakierowan\u0105 karoseri\u0119r\u00f3\u017cne mo\u017cliwo\u015bci zabawy &#8211; dziecko mo\u017ce prowadzi\u0107 samoch\u00f3d akumulatorowy lub pozwoli\u0107, by\u015b sterowa\u0142 go pilotemkomfort: fotel kierowcy z ekosk\u00f3ryamortyzowane tylne ko\u0142ako\u0142a z pianki EVA\u0142atwe przenoszenie samochodu, dzi\u0119ki chowanemu uchwytowi z ty\u0142u samochodutzw. wolny start &#8211; samoch\u00f3d rozp\u0119dza si\u0119 stopniowo.bezpiecze\u0144stwo: biodrowy pas bezpiecze\u0144stwaautomatyczny hamulecfrajd\u0119 Twojego szkraba &#8211; model G 63S oferuje wiele niespodzianek: otwierane drzwisk\u0142adane lusterkaledowe \u015bwiat\u0142a: przednie i tylnekierownic\u0119 z klaksonem i przyciskami uruchamiaj\u0105cymi melodiepod\u015bwietlany panel multimedialny z wej\u015bciami AUX (mini jack), USB, microSDwyj\u0105tkow\u0105 moc dzi\u0119ki dw\u00f3m silnikom 12V (o \u0142\u0105cznej mocy 70 W)jasn\u0105 instrukcj\u0119 i \u0142atwy monta\u017cDane techniczne:Przedzia\u0142 wiekowy: 3-8 latWymiary: 110x56x53 cmWaga: 14,5 kgLimit wagowy: 25 kgZasilanie:2 x silnik 35W 12V1 x akumulator (4,5 Ah 12V)Wymiary siedziska: 32x19x28 cmWymiary opakowania: 105x55x33 cm<\/p>\n<h2>Toyz Mercedes Benz AMG G63 Silver Toyz<\/h2>\n<p>zabawy na dzie\u0144 dziecka w szkole, cytaty o przyja\u017ani kr\u00f3tkie, imi\u0119 iwo, hello kitty kolorowanka, kolorowanki antystresowe do druku, fabian, kondrad imie, co robi\u0107 z dzieckiem w warszawie, rodzina cytaty, test z lektury magiczne drzewo czerwone krzes\u0142o, kolorowanka kotek, prezenty dla nastolatk\u00f3w, kolorowanki star wars, tezeusz, kolorowanka peppa do druku, \u0142amig\u0142\u00f3wki dla dzieci do wydruku, historia andrzejek dla dzieci, podchwytliwe zagadki z odpowiedziami, mi\u0142osz imie, smok wawelski kolorowanka, m\u00f3j przyjaciel mi\u015b scenariusz zaj\u0119\u0107 w przedszkolu<\/p>\n<p>yyyyy<\/p>\n<p>&nbsp;<\/p>\n","protected":false},"excerpt":{"rendered":"<p>Mercedes AMG G 63 to pojazd na akumulator wzorowany na kultowym i niezniszczalnym Mercedesie klasy G. Przysz\u0142ych kierowc\u00f3w oczaruj\u0105 wyrazisty wygl\u0105d, b\u0142yszcz\u0105cy lakier, wygodne siedzenie, kierownica z przyciskami oraz sk\u0142adane lusterka. Jak przysta\u0142o na samoch\u00f3d tej klasy, akumulatorowiec zapewnia wysoki komfort jazdy dzi\u0119ki amortyzatorom i ko\u0142om z pianki EVA. Mercedes wyposa\u017cony jest \u015bwiat\u0142a led oraz [&hellip;]<\/p>\n","protected":false},"featured_media":10074,"comment_status":"closed","ping_status":"open","template":"","meta":[],"product_cat":[24,457],"product_tag":[696,780,745,625],"class_list":["post-10073","product","type-product","status-publish","has-post-thumbnail","hentry","product_cat-samochody-dla-dzieci","product_cat-toyz","product_tag-film-rodzinny-o-swietach","product_tag-krecik-bajka","product_tag-prezent-dla-15-latki","product_tag-trojmiasto-atrakcje-dla-dzieci"],"_links":{"self":[{"href":"http:\/\/klubmamgdynia.pl\/index.php\/wp-json\/wp\/v2\/product\/10073","targetHints":{"allow":["GET"]}}],"collection":[{"href":"http:\/\/klubmamgdynia.pl\/index.php\/wp-json\/wp\/v2\/product"}],"about":[{"href":"http:\/\/klubmamgdynia.pl\/index.php\/wp-json\/wp\/v2\/types\/product"}],"replies":[{"embeddable":true,"href":"http:\/\/klubmamgdynia.pl\/index.php\/wp-json\/wp\/v2\/comments?post=10073"}],"wp:featuredmedia":[{"embeddable":true,"href":"http:\/\/klubmamgdynia.pl\/index.php\/wp-json\/wp\/v2\/media\/10074"}],"wp:attachment":[{"href":"http:\/\/klubmamgdynia.pl\/index.php\/wp-json\/wp\/v2\/media?parent=10073"}],"wp:term":[{"taxonomy":"product_cat","embeddable":true,"href":"http:\/\/klubmamgdynia.pl\/index.php\/wp-json\/wp\/v2\/product_cat?post=10073"},{"taxonomy":"product_tag","embeddable":true,"href":"http:\/\/klubmamgdynia.pl\/index.php\/wp-json\/wp\/v2\/product_tag?post=10073"}],"curies":[{"name":"wp","href":"https:\/\/api.w.org\/{rel}","templated":true}]}}