{"id":10079,"date":"2018-08-31T13:28:06","date_gmt":"2018-08-31T11:28:06","guid":{"rendered":"http:\/\/klubmamgdynia.pl\/index.php\/produkt\/moby-system-mobo-system-mata-edukacyjna-90x90x1cm-puzzle-pianka-eva-zwierzeta\/"},"modified":"2026-04-07T12:49:04","modified_gmt":"2026-04-07T10:49:04","slug":"moby-system-mobo-system-mata-edukacyjna-90x90x1cm-puzzle-pianka-eva-zwierzeta","status":"publish","type":"product","link":"http:\/\/klubmamgdynia.pl\/index.php\/produkt\/moby-system-mobo-system-mata-edukacyjna-90x90x1cm-puzzle-pianka-eva-zwierzeta\/","title":{"rendered":"Moby System Mobo System Mata Edukacyjna 90X90X1Cm Puzzle Pianka Eva Zwierz\u0119ta"},"content":{"rendered":"<p>Dane techniczneNumer katalogowy: FLOOR MAT ANIMALSKolor: wielokolorowyMateria\u0142:: EVAGrubo\u015b\u0107: 1 cmWymiary: 90&#215;90 cmWielko\u015b\u0107 puzzla: 30&#215;30 cmLiczba puzzli: 9Zestaw zawiera: Now\u0105, oryginaln\u0105 mat\u0119 marki MOBY-SYSTEM, nasz firmowy kalendarzykMaty-puzzle maj\u0105 szereg zalet w por\u00f3wnaniu do mat sk\u0142adanych i zwijanych.S\u0105 najpraktyczniejsze w przechowywaniu &#8211; po rozdzieleniu i u\u0142o\u017ceniu element\u00f3w jeden na drugim zajmuj\u0105 niewiele miejsca. Mimo swojej du\u017cej grubo\u015bci nie ma problemu z przenoszeniem czy transportem nawet ma\u0142ym samochodem.Podany rozmiar maty jest tylko przyk\u0142adowy. Dzi\u0119ki mo\u017cliwo\u015bci \u0142\u0105czenia element\u00f3w w r\u00f3\u017cny spos\u00f3b &#8211; nie tylko prostok\u0105tny &#8211; mo\u017cna dopasowa\u0107 mat\u0119 do specyficznych warunk\u00f3w i posiadanego miejsca.Dzieci ucz\u0105 si\u0119 jak trzyma\u0107 i dopasowywa\u0107 puzzle do siebie. Uk\u0142adaj\u0105c elementy rozwijaj\u0105 swoj\u0105 sprawno\u015b\u0107 ruchow\u0105 oraz rozwijaj\u0105 wyobra\u017ani\u0119.Starsze dzieci mog\u0105 u\u017cy\u0107 puzzli do budowy ma\u0142ych i du\u017cych konstrukcji wg swojego pomys\u0142u. Piankowe elementy s\u0105 bardzo lekkie &#8211; nie stwarzaj\u0105 \u017cadnego zagro\u017cenia gdy zbudowana z nich wie\u017ca albo namiot si\u0119 przewr\u00f3ci. To sprawia, \u017ce mata w formie puzzli jest \u015bwietn\u0105 zabawk\u0105 na wiele lat!G\u0142\u00f3wne cechy maty w formie piankowych puzzli:Mata bez ogranicze\u0144 wiekowych, ju\u017c od pierwszych dni \u017cycia!Wykonana z najwy\u017cszej jako\u015bci oryginalnej pianki EVAMo\u017cliwo\u015b\u0107 \u0142\u0105czenia ze sob\u0105 kilku zestaw\u00f3w mat &#8211; nieograniczony rozmiarKomfortowa &#8211; ok. 1 cm grubo\u015bci!\u0141atwa w czyszczeniu i wodoodpornaPosiada antypo\u015blizgow\u0105 struktur\u0119Izoluje od ch\u0142odnej pod\u0142ogi i amortyzuje w razie upadkuMata \u015bwietnie sprawdzi si\u0119 w pokoju dziecka, salonie, na balkonie lub w ogrodzie.Mata wykonana z pianki EVA jest bezzapachowaMo\u017ce by\u0107 u\u017cywana przez alergik\u00f3wAntybakteryjnaW 100% bezpieczna, nie zawiera niepo\u017c\u0105danych sk\u0142adnik\u00f3w np. formamiduBezpiecze\u0144stwo gwarantuje Europejski Certyfikat CE oraz testy EN71Mata jest \u0142atwa w utrzymaniu czysto\u015bci. Nie ch\u0142onie rozlanych p\u0142yn\u00f3w. Wystarczy przetrze\u0107 powierzchni\u0119 maty mokr\u0105 \u015bciereczk\u0105, by z powodzeniem zmy\u0107 z niej wszelkie zabrudzenia.<\/p>\n<h2>Moby System Mobo System Mata Edukacyjna 90X90X1Cm Puzzle Pianka Eva Zwierz\u0119ta <\/h2>\n<p>kwiecie\u0144 plecie\u0144 wiersz, afryka\u0144skie imiona, rysunki dla pocz\u0105tkuj\u0105cych, dzie\u0144 matki w\u0142asnor\u0119czny prezent dla mamy od dziecka, jaki prezent na roczek, test asiunia, mitologia grecka test wiedzy, rzadkie imiona dla dziewczynek, prezent dla nastolatk\u00f3w 2021, nauka zegara do druku pdf, znajd\u017a r\u00f3\u017cnice do druku, miastodzieci, peppa kolorowanka do druku<\/p>\n<p>yyyyy<\/p>\n<p>&nbsp;<\/p>\n","protected":false},"excerpt":{"rendered":"<p>Dane techniczneNumer katalogowy: FLOOR MAT ANIMALSKolor: wielokolorowyMateria\u0142:: EVAGrubo\u015b\u0107: 1 cmWymiary: 90&#215;90 cmWielko\u015b\u0107 puzzla: 30&#215;30 cmLiczba puzzli: 9Zestaw zawiera: Now\u0105, oryginaln\u0105 mat\u0119 marki MOBY-SYSTEM, nasz firmowy kalendarzykMaty-puzzle maj\u0105 szereg zalet w por\u00f3wnaniu do mat sk\u0142adanych i zwijanych.S\u0105 najpraktyczniejsze w przechowywaniu &#8211; po rozdzieleniu i u\u0142o\u017ceniu element\u00f3w jeden na drugim zajmuj\u0105 niewiele miejsca. Mimo swojej du\u017cej grubo\u015bci [&hellip;]<\/p>\n","protected":false},"featured_media":10080,"comment_status":"closed","ping_status":"open","template":"","meta":[],"product_cat":[55],"product_tag":[751,591,632,811],"class_list":["post-10079","product","type-product","status-publish","has-post-thumbnail","hentry","product_cat-maty-edukacyjne","product_tag-psi-patrol-kolorowanka","product_tag-quiz-o-minecraft","product_tag-warszawa-atrakcje-dla-mlodziezy","product_tag-zagadki-logiczne-dla-dzieci"],"_links":{"self":[{"href":"http:\/\/klubmamgdynia.pl\/index.php\/wp-json\/wp\/v2\/product\/10079","targetHints":{"allow":["GET"]}}],"collection":[{"href":"http:\/\/klubmamgdynia.pl\/index.php\/wp-json\/wp\/v2\/product"}],"about":[{"href":"http:\/\/klubmamgdynia.pl\/index.php\/wp-json\/wp\/v2\/types\/product"}],"replies":[{"embeddable":true,"href":"http:\/\/klubmamgdynia.pl\/index.php\/wp-json\/wp\/v2\/comments?post=10079"}],"wp:featuredmedia":[{"embeddable":true,"href":"http:\/\/klubmamgdynia.pl\/index.php\/wp-json\/wp\/v2\/media\/10080"}],"wp:attachment":[{"href":"http:\/\/klubmamgdynia.pl\/index.php\/wp-json\/wp\/v2\/media?parent=10079"}],"wp:term":[{"taxonomy":"product_cat","embeddable":true,"href":"http:\/\/klubmamgdynia.pl\/index.php\/wp-json\/wp\/v2\/product_cat?post=10079"},{"taxonomy":"product_tag","embeddable":true,"href":"http:\/\/klubmamgdynia.pl\/index.php\/wp-json\/wp\/v2\/product_tag?post=10079"}],"curies":[{"name":"wp","href":"https:\/\/api.w.org\/{rel}","templated":true}]}}