{"id":1010,"date":"2014-01-20T19:27:10","date_gmt":"2014-01-20T18:27:10","guid":{"rendered":"http:\/\/klubmamgdynia.pl\/index.php\/produkt\/mochtoys-serso-gra-zrecznosciowa-w-rzucanie-do-celu-2\/"},"modified":"2026-05-17T21:27:49","modified_gmt":"2026-05-17T19:27:49","slug":"mochtoys-serso-gra-zrecznosciowa-w-rzucanie-do-celu-2","status":"publish","type":"product","link":"http:\/\/klubmamgdynia.pl\/index.php\/produkt\/mochtoys-serso-gra-zrecznosciowa-w-rzucanie-do-celu-2\/","title":{"rendered":"Mochtoys Serso Gra Zr\u0119czno\u015bciowa W Rzucanie Do Celu"},"content":{"rendered":"<p>Gra Serso w rzucanie do celu, od marki Mochtoys. Zabawka sk\u0142ada si\u0119 z niebieskiej podstawy, do kt\u00f3rej przymocowane s\u0105 \u017c\u00f3\u0142te s\u0142upki oraz 5 obr\u0119czy, kt\u00f3re nale\u017cy wrzuca\u0107 na s\u0142upki, uwa\u017caj\u0105c, aby nie spud\u0142owa\u0107. Gra \u0107wiczy zr\u0119czno\u015b\u0107 i koordynacj\u0119.<\/p>\n<h2>Mochtoys Serso Gra Zr\u0119czno\u015bciowa W Rzucanie Do Celu Mochtoys<\/h2>\n<p>kolorowanka spiderman, wr\u00f3zby andrzejkowe dla dzieci, zagadki przyrodnicze, cytaty o dzieciach i rodzinie, asiunia &#8211; test z lektury pdf, sara, prezenty dla nastolatki, atrakcje dla dzieci wroc\u0142aw 2021, quizy dla dzieci o zwierz\u0119tach, kwiaty polne nazwy, karteczki wydruku wr\u00f3\u017cby andrzejkowe dla dzieci, psi patrol do czytania, julian, j\u0119zyk polski dla dzieci z ukrainy, kolorowanka lego friends, test magiczne drzewo czerwone krzes\u0142o, test miko\u0142ajek, co kupi\u0107 nastolatce na \u015bwi\u0119ta<\/p>\n<p>yyyyy<\/p>\n<p>&nbsp;<\/p>\n","protected":false},"excerpt":{"rendered":"<p>Gra Serso w rzucanie do celu, od marki Mochtoys. Zabawka sk\u0142ada si\u0119 z niebieskiej podstawy, do kt\u00f3rej przymocowane s\u0105 \u017c\u00f3\u0142te s\u0142upki oraz 5 obr\u0119czy, kt\u00f3re nale\u017cy wrzuca\u0107 na s\u0142upki, uwa\u017caj\u0105c, aby nie spud\u0142owa\u0107. Gra \u0107wiczy zr\u0119czno\u015b\u0107 i koordynacj\u0119. Mochtoys Serso Gra Zr\u0119czno\u015bciowa W Rzucanie Do Celu Mochtoys kolorowanka spiderman, wr\u00f3zby andrzejkowe dla dzieci, zagadki przyrodnicze, [&hellip;]<\/p>\n","protected":false},"featured_media":1011,"comment_status":"closed","ping_status":"open","template":"","meta":[],"product_cat":[319,120],"product_tag":[626,618,613,811],"class_list":["post-1010","product","type-product","status-publish","has-post-thumbnail","hentry","product_cat-mochtoys","product_cat-zabawki-i-gry-sportowe","product_tag-jacek","product_tag-lato-lato-lato-czeka-tekst","product_tag-na-wyspach-bergamutach","product_tag-zagadki-logiczne-dla-dzieci"],"_links":{"self":[{"href":"http:\/\/klubmamgdynia.pl\/index.php\/wp-json\/wp\/v2\/product\/1010","targetHints":{"allow":["GET"]}}],"collection":[{"href":"http:\/\/klubmamgdynia.pl\/index.php\/wp-json\/wp\/v2\/product"}],"about":[{"href":"http:\/\/klubmamgdynia.pl\/index.php\/wp-json\/wp\/v2\/types\/product"}],"replies":[{"embeddable":true,"href":"http:\/\/klubmamgdynia.pl\/index.php\/wp-json\/wp\/v2\/comments?post=1010"}],"wp:featuredmedia":[{"embeddable":true,"href":"http:\/\/klubmamgdynia.pl\/index.php\/wp-json\/wp\/v2\/media\/1011"}],"wp:attachment":[{"href":"http:\/\/klubmamgdynia.pl\/index.php\/wp-json\/wp\/v2\/media?parent=1010"}],"wp:term":[{"taxonomy":"product_cat","embeddable":true,"href":"http:\/\/klubmamgdynia.pl\/index.php\/wp-json\/wp\/v2\/product_cat?post=1010"},{"taxonomy":"product_tag","embeddable":true,"href":"http:\/\/klubmamgdynia.pl\/index.php\/wp-json\/wp\/v2\/product_tag?post=1010"}],"curies":[{"name":"wp","href":"https:\/\/api.w.org\/{rel}","templated":true}]}}