{"id":10123,"date":"2013-01-28T02:49:39","date_gmt":"2013-01-28T01:49:39","guid":{"rendered":"http:\/\/klubmamgdynia.pl\/index.php\/produkt\/tuban-koncentrat-plynu-do-baniek-mydlanych-1l\/"},"modified":"2026-05-17T22:33:26","modified_gmt":"2026-05-17T20:33:26","slug":"tuban-koncentrat-plynu-do-baniek-mydlanych-1l","status":"publish","type":"product","link":"http:\/\/klubmamgdynia.pl\/index.php\/produkt\/tuban-koncentrat-plynu-do-baniek-mydlanych-1l\/","title":{"rendered":"Tuban Koncentrat P\u0142ynu Do Baniek Mydlanych 1L"},"content":{"rendered":"<p>KONCENTRAT P\u0141YNU DO DU\u017bYCH BANIEK MYDLANYCH 1 litrNasz p\u0142yn do baniek mydlanych ju\u017c od wielu lat nie ma sobie r\u00f3wnych. Jego potencja\u0142 zosta\u0142 wielokrotnie doceniony i nagrodzony- nie tylko przez profesjonalnych animator\u00f3w, czy osoby pracuj\u0105ce w bran\u017cy eventowej.Najwi\u0119kszym wyr\u00f3\u017cnieniem dla nas jest zawsze u\u015bmiech dzieci jaki pojawia si\u0119 na widok ogromnych baniek oraz zadowolenie rodzic\u00f3w, kt\u00f3rzy znaj\u0105 nas i wiedz\u0105 \u017ce jeste\u015bmy polsk\u0105 firm\u0105 godn\u0105 zaufania. Wykorzystuj\u0105c nasz p\u0142yn mo\u017cesz robi\u0107 ba\u0144ki na niesko\u0144czenie wiele sposob\u00f3w.Ba\u0144kowe tunele, zamykanie w ba\u0144ce, ogromne ba\u0144ki, setki malutkich banieczek- to zaledwie namiastka mo\u017cliwo\u015bci naszego magicznego eliksiru.Dzi\u0119ki temu, \u017ce uda\u0142o nam si\u0119 skupi\u0107 ca\u0142\u0105 esencj\u0119 p\u0142ynu w koncentracie &#8211; oszcz\u0119dzili\u015bmyTwoje miejsce, czas i pieni\u0105dze.Sprawdzona receptura na jakiej opieramy produkcj\u0119, nie uleg\u0142a jednak zmianie.P\u0142yn wci\u0105\u017c ma takie same w\u0142a\u015bciwo\u015bci jak do tej pory. Pami\u0119tacie przecie\u017c dobrze,\u017ce to w\u0142a\u015bnie z jego u\u017cyciem uda\u0142o nam si\u0119 zamkn\u0105\u0107 w mydlanej ba\u0144ce 419 os\u00f3b,ustanawiaj\u0105c tym samym w 2018 roku \u015awiatowy Rekord Guinnessa. Koncentrat jest g\u0119stszy od p\u0142ynu, ale mo\u017cna go samodzielnie rozcie\u0144czy\u0107,poniewa\u017c \u0142\u0105czy si\u0119 z wod\u0105 w spos\u00f3b wr\u0119cz genialny.Do jednej miarki koncentratu dodajesz trzy miarki czystej wody, lekko mieszasz i p\u0142yn do robienia baniek jest ju\u017c gotowy. Czy umiesz obliczy\u0107 ile p\u0142ynu do baniek mydlanych uzyskasz z litrowej buteleczki?Koncentrat mo\u017cesz wykorzysta\u0107 do:- tworzenia du\u017cych baniek mydlanych;- kszta\u0142towania ba\u0144kowych tuneli;- uzupe\u0142nienia wszelkiego rodzaju ba\u0144kowych zabawek &#8211; pistolet\u00f3w, mieczy czy wytwornic;- robienia ba\u0144kowych sztuczek;- \u0107wiczenia aparatu mowy podczas wydmuchiwania malutkich banieczek.Jak przygotowa\u0107 koncentrat do u\u017cycia?1. Przed wykonaniem pierwszych baniek, musisz koncentrat rozcie\u0144czy\u0107 z wod\u0105.2. Koniecznie zachowaj sugerowane przez nas proporcje 1:3(czyli jedna cz\u0119\u015b\u0107 koncentratu na trzy cz\u0119\u015bci czystej wody).3. P\u0142yn do baniek jest ju\u017c gotowy. Mo\u017cesz rozpoczyna\u0107 zabaw\u0119 :)Udanej zabawy! :)WA\u017bNE:Zar\u00f3wno nasz p\u0142yn jak i koncentrat powstaje w Polsce.Wykonali\u015bmy badania, kt\u00f3re po\u015bwiadczaj\u0105 wyprodukowaniebaniek mydlanych zgodnie z norm\u0105 PNEN-71 dotycz\u0105c\u0105 bezpiecze\u0144stwa zabawek.Wiek: 3+<\/p>\n<h2>Tuban Koncentrat P\u0142ynu Do Baniek Mydlanych 1L Tuban<\/h2>\n<p>stare piosenki dla dzieci teksty, impreza halloween 2021 dla dzieci, zawiedziona przyja\u017a\u0144 cytaty, kolorowanka smok wawelski, kolorowe ciasto, zagadki slowne, historia pluszowego misia, cytat na dzie\u0144 mamy, obrazki do druku, karolcia test z lektury, pani wiosna do druku, okolice wroc\u0142awia, ko\u0142ysanki teksty, alfons, podchwytliwe zagadki dla doros\u0142ych, prezent dla nastoletniego ch\u0142opca, najlepsze \u017carty na prima aprilis, pomys\u0142y na pakowanie prezent\u00f3w, test z lektury magiczne drzewo czerwone krzes\u0142o, kolorowanki \u015bwi\u0119to niepodleg\u0142o\u015bci do druku, zagadki logiczne i odpowiedzi<\/p>\n<p>yyyyy<\/p>\n<p>&nbsp;<\/p>\n","protected":false},"excerpt":{"rendered":"<p>KONCENTRAT P\u0141YNU DO DU\u017bYCH BANIEK MYDLANYCH 1 litrNasz p\u0142yn do baniek mydlanych ju\u017c od wielu lat nie ma sobie r\u00f3wnych. Jego potencja\u0142 zosta\u0142 wielokrotnie doceniony i nagrodzony- nie tylko przez profesjonalnych animator\u00f3w, czy osoby pracuj\u0105ce w bran\u017cy eventowej.Najwi\u0119kszym wyr\u00f3\u017cnieniem dla nas jest zawsze u\u015bmiech dzieci jaki pojawia si\u0119 na widok ogromnych baniek oraz zadowolenie rodzic\u00f3w, [&hellip;]<\/p>\n","protected":false},"featured_media":10124,"comment_status":"closed","ping_status":"open","template":"","meta":[],"product_cat":[472,558],"product_tag":[619,602,804],"class_list":["post-10123","product","type-product","status-publish","has-post-thumbnail","hentry","product_cat-banki-mydlane","product_cat-tuban","product_tag-iwo-imie","product_tag-quiz-o-zwierzetach-domowych","product_tag-ryz-z-owocami"],"_links":{"self":[{"href":"http:\/\/klubmamgdynia.pl\/index.php\/wp-json\/wp\/v2\/product\/10123","targetHints":{"allow":["GET"]}}],"collection":[{"href":"http:\/\/klubmamgdynia.pl\/index.php\/wp-json\/wp\/v2\/product"}],"about":[{"href":"http:\/\/klubmamgdynia.pl\/index.php\/wp-json\/wp\/v2\/types\/product"}],"replies":[{"embeddable":true,"href":"http:\/\/klubmamgdynia.pl\/index.php\/wp-json\/wp\/v2\/comments?post=10123"}],"wp:featuredmedia":[{"embeddable":true,"href":"http:\/\/klubmamgdynia.pl\/index.php\/wp-json\/wp\/v2\/media\/10124"}],"wp:attachment":[{"href":"http:\/\/klubmamgdynia.pl\/index.php\/wp-json\/wp\/v2\/media?parent=10123"}],"wp:term":[{"taxonomy":"product_cat","embeddable":true,"href":"http:\/\/klubmamgdynia.pl\/index.php\/wp-json\/wp\/v2\/product_cat?post=10123"},{"taxonomy":"product_tag","embeddable":true,"href":"http:\/\/klubmamgdynia.pl\/index.php\/wp-json\/wp\/v2\/product_tag?post=10123"}],"curies":[{"name":"wp","href":"https:\/\/api.w.org\/{rel}","templated":true}]}}