{"id":10143,"date":"2013-09-27T10:53:54","date_gmt":"2013-09-27T08:53:54","guid":{"rendered":"http:\/\/klubmamgdynia.pl\/index.php\/produkt\/tuban-tubicoolki-fioletowy-1l\/"},"modified":"2026-04-28T21:05:43","modified_gmt":"2026-04-28T19:05:43","slug":"tuban-tubicoolki-fioletowy-1l","status":"publish","type":"product","link":"http:\/\/klubmamgdynia.pl\/index.php\/produkt\/tuban-tubicoolki-fioletowy-1l\/","title":{"rendered":"Tuban Tubicoolki Fioletowy 1L"},"content":{"rendered":"<p>Niewysychaj\u0105ca styropianowa masa plastyczna, kt\u00f3ra nie brudzi r\u0105k. Nadaje si\u0119 zar\u00f3wno do formowania na p\u0142asko, jak i przestrzennie. Formuj\u0105c z niej pi\u0142k\u0119 mo\u017cesz odbija\u0107 j\u0105 od pod\u0142o\u017ca.Wiek: 3+<\/p>\n<h2>Tuban Tubicoolki Fioletowy 1L Tuban<\/h2>\n<p>wroc\u0142aw atrakcje dla dzieci, test czerwone krzes\u0142o, quiz o zwierz\u0119tach domowych, quizy dla dzieci 8 lat, literki do pisania do druku, \u015bmieszne zagadki logiczne, malowanka, malowanki do druku, quiz z bajek, zagadki z odpowiedziami dla dzieci, quiz o zwierz\u0119tach domowych, jakie s\u0105 dary jesieni, szlaczki dla dzieci, proste zagadki, bajki do czytania na dobranoc<\/p>\n<p>yyyyy<\/p>\n<p>&nbsp;<\/p>\n","protected":false},"excerpt":{"rendered":"<p>Niewysychaj\u0105ca styropianowa masa plastyczna, kt\u00f3ra nie brudzi r\u0105k. Nadaje si\u0119 zar\u00f3wno do formowania na p\u0142asko, jak i przestrzennie. Formuj\u0105c z niej pi\u0142k\u0119 mo\u017cesz odbija\u0107 j\u0105 od pod\u0142o\u017ca.Wiek: 3+ Tuban Tubicoolki Fioletowy 1L Tuban wroc\u0142aw atrakcje dla dzieci, test czerwone krzes\u0142o, quiz o zwierz\u0119tach domowych, quizy dla dzieci 8 lat, literki do pisania do druku, \u015bmieszne [&hellip;]<\/p>\n","protected":false},"featured_media":10144,"comment_status":"closed","ping_status":"open","template":"","meta":[],"product_cat":[558,21],"product_tag":[829,685,580,591,721],"class_list":["post-10143","product","type-product","status-publish","has-post-thumbnail","hentry","product_cat-tuban","product_cat-zabawki-plastyczne","product_tag-bajki-do-czytania-na-dobranoc","product_tag-cytaty-o-rodzinie","product_tag-janusz","product_tag-quiz-o-minecraft","product_tag-zagadki-matematyczne"],"_links":{"self":[{"href":"http:\/\/klubmamgdynia.pl\/index.php\/wp-json\/wp\/v2\/product\/10143","targetHints":{"allow":["GET"]}}],"collection":[{"href":"http:\/\/klubmamgdynia.pl\/index.php\/wp-json\/wp\/v2\/product"}],"about":[{"href":"http:\/\/klubmamgdynia.pl\/index.php\/wp-json\/wp\/v2\/types\/product"}],"replies":[{"embeddable":true,"href":"http:\/\/klubmamgdynia.pl\/index.php\/wp-json\/wp\/v2\/comments?post=10143"}],"wp:featuredmedia":[{"embeddable":true,"href":"http:\/\/klubmamgdynia.pl\/index.php\/wp-json\/wp\/v2\/media\/10144"}],"wp:attachment":[{"href":"http:\/\/klubmamgdynia.pl\/index.php\/wp-json\/wp\/v2\/media?parent=10143"}],"wp:term":[{"taxonomy":"product_cat","embeddable":true,"href":"http:\/\/klubmamgdynia.pl\/index.php\/wp-json\/wp\/v2\/product_cat?post=10143"},{"taxonomy":"product_tag","embeddable":true,"href":"http:\/\/klubmamgdynia.pl\/index.php\/wp-json\/wp\/v2\/product_tag?post=10143"}],"curies":[{"name":"wp","href":"https:\/\/api.w.org\/{rel}","templated":true}]}}