{"id":10155,"date":"2019-06-19T14:53:30","date_gmt":"2019-06-19T12:53:30","guid":{"rendered":"http:\/\/klubmamgdynia.pl\/index.php\/produkt\/tuban-tubi-jelly-male-akwarium-syrenka-6-kolorow\/"},"modified":"2026-04-22T22:29:28","modified_gmt":"2026-04-22T20:29:28","slug":"tuban-tubi-jelly-male-akwarium-syrenka-6-kolorow","status":"publish","type":"product","link":"http:\/\/klubmamgdynia.pl\/index.php\/produkt\/tuban-tubi-jelly-male-akwarium-syrenka-6-kolorow\/","title":{"rendered":"Tuban Tubi Jelly Ma\u0142e Akwarium Syrenka (6 Kolor\u00f3w)"},"content":{"rendered":"<p>Tubi Jelly to nasza nowa masa plastyczna, kt\u00f3ra po po\u0142\u0105czeniu z odpowiednim aktywatorem pozwoli Ci stworzy\u0107 tr\u00f3jwymiarowe figurki o \u017celowej konsystencji. To, co nas wyr\u00f3\u017cnia, to z pewno\u015bci\u0105 DU\u017bE opakowania z \u017celowym p\u0142ynem \u2013 a\u017c 150 ml pojemno\u015bci! Ka\u017cdy zestaw z du\u017cym akwarium zawiera \u017cele w 8 r\u00f3\u017cnych kolorach. \u017belowe p\u0142yny mo\u017cesz te\u017c dokupywa\u0107 osobno. Do wyboru dajemy Ci bogat\u0105 palet\u0119 barw \u2013 a\u017c 18 r\u00f3\u017cnych kolor\u00f3w (w tym neony, brokaty i magiczny \u017cel \u015bwiec\u0105cy w ciemno\u015bci).Zestaw TUBI JELLY SYRENKA z ma\u0142ym akwarium zawiera:- 6 \u017celowych p\u0142yn\u00f3w o pojemno\u015bci 150 ml, w kolorach:fioletowym, r\u00f3\u017cowym, \u017c\u00f3\u0142tym, turkusowym, bia\u0142ym i brokatowym z\u0142otym,- 12 szablon\u00f3w z syrenkowymi wzorami,- 1 czyst\u0105 folijk\u0119, na kt\u00f3rej mo\u017cesz stworzy\u0107 sw\u00f3j w\u0142asny unikatowy wz\u00f3r,- 6 saszetek z aktywatorem 5 g,- 1 saszetk\u0119 z wodnymi kryszta\u0142ami 10 g,- misk\u0119,- akwarium 1 litr.Jak si\u0119 bawi\u0107?Przygotuj \u017celka:1. Prostok\u0105tn\u0105 misk\u0119 do\u0142\u0105czon\u0105 do zestawu nape\u0142nij 400 ml wody z kranu (ok. p\u00f3\u0142torej szklanki). Wsyp do wody proszek z aktywatorem i mieszaj tak d\u0142ugo, a\u017c proszek ca\u0142kowicie si\u0119 rozpu\u015bci.2. Wybierz foli\u0119 ze wzorem figurki, kt\u00f3r\u0105 chcesz wykona\u0107. Przygotowany szablon po\u0142\u00f3\u017c na twardej powierzchni, a nast\u0119pnie &#8211; u\u017cywaj\u0105c \u017celowego p\u0142ynu w tubce, pokoloruj wz\u00f3r. Je\u015bli chcesz wykona\u0107 figurk\u0119 wed\u0142ug w\u0142asnego pomys\u0142u, skorzystaj z do\u0142\u0105czonejdo zestawu g\u0142adkiej folii bez nadruku. \u017bel w r\u00f3\u017cnych kolorachmo\u017cesz nak\u0142ada\u0107 te\u017c warstwami, jedna na drugiej.3. Zanurz figurk\u0119 razem z foli\u0105, na kt\u00f3rej jest narysowana &#8211; we wcze\u015bniej przygotowanym roztworze z aktywatorem. Po up\u0142ywie ok. 30 sekund delikatnie porusz foli\u0105 tak, aby wz\u00f3r oderwa\u0142 si\u0119 od pod\u0142o\u017ca. Kiedy figurka b\u0119dzie swobodnie p\u0142ywa\u0142a, odczekaj min. 5 minut.Przygotuj akwarium z wodnymi kryszta\u0142ami:1. Nape\u0142nij akwarium ciep\u0142\u0105 wod\u0105.2. Wsyp granulat z wodnymi kryszta\u0142ami do wody.3. Cierpliwie poczekaj, a\u017c kryszta\u0142y urosn\u0105. Mo\u017ce to potrwa\u0107 od 2 do 6 godzin.Umie\u015b\u0107 \u017celka w akwarium:Przed umieszczeniem \u017celka w akwarium pe\u0142nego wodnych kryszta\u0142\u00f3w, umyj go pod bie\u017c\u0105c\u0105 wod\u0105.WA\u017bNE:- Nasze produkty s\u0105 bezpieczne dla dzieci.- W swoim sk\u0142adzie nie zawieraj\u0105 \u017cadnych substancji toksycznych!Wyprodukowano w Polsce.<\/p>\n<h2>Tuban Tubi Jelly Ma\u0142e Akwarium Syrenka (6 Kolor\u00f3w) Tuban<\/h2>\n<p>kolorowanki do druku super zings, kotki dwa tekst, darmowy szablon list do miko\u0142aja, prezent dla dwunastolatka, kajko i kokosz test z lektury, co na roczek dla ch\u0142opca, szlaczki literopodobne do wydruku, mapa polski do druku, po \u0142\u0105ce biega lato tekst, kolorowanki lol, uk\u0142ad s\u0142oneczny dla dzieci do druku, nadia, jak narysowac kota<\/p>\n<p>yyyyy<\/p>\n<p>&nbsp;<\/p>\n","protected":false},"excerpt":{"rendered":"<p>Tubi Jelly to nasza nowa masa plastyczna, kt\u00f3ra po po\u0142\u0105czeniu z odpowiednim aktywatorem pozwoli Ci stworzy\u0107 tr\u00f3jwymiarowe figurki o \u017celowej konsystencji. To, co nas wyr\u00f3\u017cnia, to z pewno\u015bci\u0105 DU\u017bE opakowania z \u017celowym p\u0142ynem \u2013 a\u017c 150 ml pojemno\u015bci! Ka\u017cdy zestaw z du\u017cym akwarium zawiera \u017cele w 8 r\u00f3\u017cnych kolorach. \u017belowe p\u0142yny mo\u017cesz te\u017c dokupywa\u0107 osobno. [&hellip;]<\/p>\n","protected":false},"featured_media":10156,"comment_status":"closed","ping_status":"open","template":"","meta":[],"product_cat":[558,21],"product_tag":[680,758,683,583,642,749],"class_list":["post-10155","product","type-product","status-publish","has-post-thumbnail","hentry","product_cat-tuban","product_cat-zabawki-plastyczne","product_tag-cytaty-z-malego-ksiecia","product_tag-julian","product_tag-karaluchy-pod-poduchy","product_tag-kolysanki-dla-dzieci-tekst","product_tag-mia-imie","product_tag-najlepsze-zarty-na-prima-aprilis"],"_links":{"self":[{"href":"http:\/\/klubmamgdynia.pl\/index.php\/wp-json\/wp\/v2\/product\/10155","targetHints":{"allow":["GET"]}}],"collection":[{"href":"http:\/\/klubmamgdynia.pl\/index.php\/wp-json\/wp\/v2\/product"}],"about":[{"href":"http:\/\/klubmamgdynia.pl\/index.php\/wp-json\/wp\/v2\/types\/product"}],"replies":[{"embeddable":true,"href":"http:\/\/klubmamgdynia.pl\/index.php\/wp-json\/wp\/v2\/comments?post=10155"}],"wp:featuredmedia":[{"embeddable":true,"href":"http:\/\/klubmamgdynia.pl\/index.php\/wp-json\/wp\/v2\/media\/10156"}],"wp:attachment":[{"href":"http:\/\/klubmamgdynia.pl\/index.php\/wp-json\/wp\/v2\/media?parent=10155"}],"wp:term":[{"taxonomy":"product_cat","embeddable":true,"href":"http:\/\/klubmamgdynia.pl\/index.php\/wp-json\/wp\/v2\/product_cat?post=10155"},{"taxonomy":"product_tag","embeddable":true,"href":"http:\/\/klubmamgdynia.pl\/index.php\/wp-json\/wp\/v2\/product_tag?post=10155"}],"curies":[{"name":"wp","href":"https:\/\/api.w.org\/{rel}","templated":true}]}}