{"id":10169,"date":"2021-11-20T05:40:57","date_gmt":"2021-11-20T04:40:57","guid":{"rendered":"http:\/\/klubmamgdynia.pl\/index.php\/produkt\/kidea-wydrapywanka-zdrapywanka-pojazdy-6arkuszy\/"},"modified":"2026-04-23T00:01:44","modified_gmt":"2026-04-22T22:01:44","slug":"kidea-wydrapywanka-zdrapywanka-pojazdy-6arkuszy","status":"publish","type":"product","link":"http:\/\/klubmamgdynia.pl\/index.php\/produkt\/kidea-wydrapywanka-zdrapywanka-pojazdy-6arkuszy\/","title":{"rendered":"Kidea Wydrapywanka Zdrapywanka Pojazdy 6Arkuszy"},"content":{"rendered":"<p>Wydrapywanka POJAZDY \u2013 to zestaw, a\u017c 6 arkuszy z r\u00f3\u017cnymi ilustracjami. Za pomoc\u0105 bambusowego patyczka, do\u0142\u0105czonego do zestawu, mo\u017cna odkry\u0107 przepi\u0119kne rysunki w intensywnych kolorach, kt\u00f3re kryj\u0105 si\u0119 pod czarn\u0105 warstw\u0105. Wydrapywanka jest niezwykle \u0142atwa w u\u017cyciu, nawet w\u015br\u00f3d dzieci, kt\u00f3re dopiero zaczynaj\u0105 przygod\u0119 z plastyk\u0105. To niezwykle wci\u0105gaj\u0105ca zabawa. A efekt jest niesamowity, co sprawi dzieciom wielk\u0105 frajd\u0119. Na koniec prac\u0119 mo\u017cna powiesi\u0107 na \u015bcianie w pokoju dziecka, poniewa\u017c karty s\u0105 bardzo sztywne. Doskona\u0142y pomys\u0142 na prezent dla ma\u0142ego artysty! Zestaw zawiera 6 kart do wydrapywania oraz patyczek Wymiary opakowania: 18 x 26 cm<\/p>\n<h2>Kidea Wydrapywanka Zdrapywanka Pojazdy 6Arkuszy Derform<\/h2>\n<p>znaczenie imiona dawid, janusz korczak cytaty, zagadki dla dzieci z odpowiedziami, czapka g\u00f3rnika szablon chomikuj, kolorowanki do druku konie, bezpieczne kosmetyki do makija\u017cu dla dzieci, prank na prima aprilis, co kupi\u0107 nastolatce na urodziny, zagadki na logik\u0119, milena, starodawne \u017cyczenia bo\u017conarodzeniowe, kryspinow, opowie\u015bci z narnii lew czarownica i stara szafa quiz, maski do druku kolorowe, zagadki dla dzieci 7-8 lat, jan pawe\u0142 2 rysunek \u0142atwy dla dzieci, kolorowanki konie do druku<\/p>\n<p>yyyyy<\/p>\n<p>&nbsp;<\/p>\n","protected":false},"excerpt":{"rendered":"<p>Wydrapywanka POJAZDY \u2013 to zestaw, a\u017c 6 arkuszy z r\u00f3\u017cnymi ilustracjami. Za pomoc\u0105 bambusowego patyczka, do\u0142\u0105czonego do zestawu, mo\u017cna odkry\u0107 przepi\u0119kne rysunki w intensywnych kolorach, kt\u00f3re kryj\u0105 si\u0119 pod czarn\u0105 warstw\u0105. Wydrapywanka jest niezwykle \u0142atwa w u\u017cyciu, nawet w\u015br\u00f3d dzieci, kt\u00f3re dopiero zaczynaj\u0105 przygod\u0119 z plastyk\u0105. To niezwykle wci\u0105gaj\u0105ca zabawa. A efekt jest niesamowity, co [&hellip;]<\/p>\n","protected":false},"featured_media":10170,"comment_status":"closed","ping_status":"open","template":"","meta":[],"product_cat":[1021,21],"product_tag":[645,729,614,842,627,736,799],"class_list":["post-10169","product","type-product","status-publish","has-post-thumbnail","hentry","product_cat-derform","product_cat-zabawki-plastyczne","product_tag-latwe-zagadki","product_tag-madre-bajki-dla-dzieci-do-czytania","product_tag-pia","product_tag-plac-zabaw-poznan","product_tag-quiz-dzieci-z-bullerbyn","product_tag-zabawki-na-roczek","product_tag-zagadka-logiczna"],"_links":{"self":[{"href":"http:\/\/klubmamgdynia.pl\/index.php\/wp-json\/wp\/v2\/product\/10169","targetHints":{"allow":["GET"]}}],"collection":[{"href":"http:\/\/klubmamgdynia.pl\/index.php\/wp-json\/wp\/v2\/product"}],"about":[{"href":"http:\/\/klubmamgdynia.pl\/index.php\/wp-json\/wp\/v2\/types\/product"}],"replies":[{"embeddable":true,"href":"http:\/\/klubmamgdynia.pl\/index.php\/wp-json\/wp\/v2\/comments?post=10169"}],"wp:featuredmedia":[{"embeddable":true,"href":"http:\/\/klubmamgdynia.pl\/index.php\/wp-json\/wp\/v2\/media\/10170"}],"wp:attachment":[{"href":"http:\/\/klubmamgdynia.pl\/index.php\/wp-json\/wp\/v2\/media?parent=10169"}],"wp:term":[{"taxonomy":"product_cat","embeddable":true,"href":"http:\/\/klubmamgdynia.pl\/index.php\/wp-json\/wp\/v2\/product_cat?post=10169"},{"taxonomy":"product_tag","embeddable":true,"href":"http:\/\/klubmamgdynia.pl\/index.php\/wp-json\/wp\/v2\/product_tag?post=10169"}],"curies":[{"name":"wp","href":"https:\/\/api.w.org\/{rel}","templated":true}]}}