{"id":10195,"date":"2021-09-22T19:32:37","date_gmt":"2021-09-22T17:32:37","guid":{"rendered":"http:\/\/klubmamgdynia.pl\/index.php\/produkt\/by-depesche-tatuaze-brokatowe-11572-miss-melody\/"},"modified":"2026-04-30T04:25:00","modified_gmt":"2026-04-30T02:25:00","slug":"by-depesche-tatuaze-brokatowe-11572-miss-melody","status":"publish","type":"product","link":"http:\/\/klubmamgdynia.pl\/index.php\/produkt\/by-depesche-tatuaze-brokatowe-11572-miss-melody\/","title":{"rendered":"By Depesche Tatua\u017ce Brokatowe 11572 Miss Melody"},"content":{"rendered":"<p>&#8221; ZESTAW TATUA\u017bY BROKATOWYCH TOP MODEL &#8211; MISS MELODY&#8221;Producent: DepescheKod Producenta: 11572Aformat: 140 x 155 x 20 mmWiek: +4Zestaw brokatowych tatua\u017cy z serii Top Model Miss Melody.Brokatowe tatua\u017ce Miss Melody.W zestawie bia\u0142y, z\u0142oty i srebrny sypki brokat, p\u0119dzel i szablony do robienia wzork\u00f3w &#8211; tatua\u017cy na sk\u00f3rze i instrukcj\u0119 obs\u0142ugiZestaw w niezwykle dziewcz\u0119cych pastelowych odcieniach fioletu z wizerunkiem koni Miss Melody, pi\u0119knie opakowany &#8211; idealny na prezent<\/p>\n<h2>By Depesche Tatua\u017ce Brokatowe 11572 Miss Melody Depesche<\/h2>\n<p>m\u0105dre \u017cyczenia \u015bwi\u0105teczne, czerwony kapturek kolorowanka, prezent dla nastolatki, proste zagadki, zaproszenie do druku, nauka zegara do druku pdf, prezent roczek, jak namalowa\u0107 kota, kolorowanka pieski, karty pracy dla dzieci z ukrainy do druku, co kupi\u0107 ch\u0142opcu na roczek, warszawa atrakcje dla dzieci, karolcia test z lektury, maurycy, kolorowanka piesek, kolorowanki do druku lol, kolorowanki \u015bwi\u0119to niepodleg\u0142o\u015bci do druku, zagadki na logik\u0119<\/p>\n<p>yyyyy<\/p>\n<p>&nbsp;<\/p>\n","protected":false},"excerpt":{"rendered":"<p>&#8221; ZESTAW TATUA\u017bY BROKATOWYCH TOP MODEL &#8211; MISS MELODY&#8221;Producent: DepescheKod Producenta: 11572Aformat: 140 x 155 x 20 mmWiek: +4Zestaw brokatowych tatua\u017cy z serii Top Model Miss Melody.Brokatowe tatua\u017ce Miss Melody.W zestawie bia\u0142y, z\u0142oty i srebrny sypki brokat, p\u0119dzel i szablony do robienia wzork\u00f3w &#8211; tatua\u017cy na sk\u00f3rze i instrukcj\u0119 obs\u0142ugiZestaw w niezwykle dziewcz\u0119cych pastelowych odcieniach [&hellip;]<\/p>\n","protected":false},"featured_media":10196,"comment_status":"closed","ping_status":"open","template":"","meta":[],"product_cat":[1826,21],"product_tag":[603,705,736,698,788,615],"class_list":["post-10195","product","type-product","status-publish","has-post-thumbnail","hentry","product_cat-depesche","product_cat-zabawki-plastyczne","product_tag-bajki-do-czytania","product_tag-prezent-na-roczek-dla-chlopca","product_tag-zabawki-na-roczek","product_tag-zagadki-dla-przedszkolakow","product_tag-zagadki-krotkie","product_tag-znane-misie-z-filmow-animowanych"],"_links":{"self":[{"href":"http:\/\/klubmamgdynia.pl\/index.php\/wp-json\/wp\/v2\/product\/10195","targetHints":{"allow":["GET"]}}],"collection":[{"href":"http:\/\/klubmamgdynia.pl\/index.php\/wp-json\/wp\/v2\/product"}],"about":[{"href":"http:\/\/klubmamgdynia.pl\/index.php\/wp-json\/wp\/v2\/types\/product"}],"replies":[{"embeddable":true,"href":"http:\/\/klubmamgdynia.pl\/index.php\/wp-json\/wp\/v2\/comments?post=10195"}],"wp:featuredmedia":[{"embeddable":true,"href":"http:\/\/klubmamgdynia.pl\/index.php\/wp-json\/wp\/v2\/media\/10196"}],"wp:attachment":[{"href":"http:\/\/klubmamgdynia.pl\/index.php\/wp-json\/wp\/v2\/media?parent=10195"}],"wp:term":[{"taxonomy":"product_cat","embeddable":true,"href":"http:\/\/klubmamgdynia.pl\/index.php\/wp-json\/wp\/v2\/product_cat?post=10195"},{"taxonomy":"product_tag","embeddable":true,"href":"http:\/\/klubmamgdynia.pl\/index.php\/wp-json\/wp\/v2\/product_tag?post=10195"}],"curies":[{"name":"wp","href":"https:\/\/api.w.org\/{rel}","templated":true}]}}