{"id":102,"date":"2017-10-19T22:05:04","date_gmt":"2017-10-19T20:05:04","guid":{"rendered":"http:\/\/klubmamgdynia.pl\/index.php\/produkt\/mega-creative-walkie-talkie-488960\/"},"modified":"2026-04-30T23:06:10","modified_gmt":"2026-04-30T21:06:10","slug":"mega-creative-walkie-talkie-488960","status":"publish","type":"product","link":"http:\/\/klubmamgdynia.pl\/index.php\/produkt\/mega-creative-walkie-talkie-488960\/","title":{"rendered":"Mega Creative Walkie Talkie 488960"},"content":{"rendered":"<h2>Mega Creative Walkie Talkie 488960 Mega Creative<\/h2>\n<p>dla dzieci warszawa, karyna, sa\u0142atki dla dzieci, quiz o ro\u015blinach, kolorowanki dla dzieci do druku, audiobook dla dzieci za darmo, rzadkie imiona \u017ce\u0144skie, zagadki o przyborach szkolnych<\/p>\n<p>yyyyy<\/p>\n<p>&nbsp;<\/p>\n","protected":false},"excerpt":{"rendered":"<p>Mega Creative Walkie Talkie 488960 Mega Creative dla dzieci warszawa, karyna, sa\u0142atki dla dzieci, quiz o ro\u015blinach, kolorowanki dla dzieci do druku, audiobook dla dzieci za darmo, rzadkie imiona \u017ce\u0144skie, zagadki o przyborach szkolnych yyyyy &nbsp;<\/p>\n","protected":false},"featured_media":103,"comment_status":"closed","ping_status":"open","template":"","meta":[],"product_cat":[64,39],"product_tag":[866,830,586,857],"class_list":["post-102","product","type-product","status-publish","has-post-thumbnail","hentry","product_cat-mega-creative","product_cat-zabawki-interaktywne","product_tag-opis-do-zdjecia-dziecka-na-fb","product_tag-rodzina-cytaty","product_tag-smieszne-zagadki","product_tag-zagadki-dla-dzieci-7-8-lat"],"_links":{"self":[{"href":"http:\/\/klubmamgdynia.pl\/index.php\/wp-json\/wp\/v2\/product\/102","targetHints":{"allow":["GET"]}}],"collection":[{"href":"http:\/\/klubmamgdynia.pl\/index.php\/wp-json\/wp\/v2\/product"}],"about":[{"href":"http:\/\/klubmamgdynia.pl\/index.php\/wp-json\/wp\/v2\/types\/product"}],"replies":[{"embeddable":true,"href":"http:\/\/klubmamgdynia.pl\/index.php\/wp-json\/wp\/v2\/comments?post=102"}],"wp:featuredmedia":[{"embeddable":true,"href":"http:\/\/klubmamgdynia.pl\/index.php\/wp-json\/wp\/v2\/media\/103"}],"wp:attachment":[{"href":"http:\/\/klubmamgdynia.pl\/index.php\/wp-json\/wp\/v2\/media?parent=102"}],"wp:term":[{"taxonomy":"product_cat","embeddable":true,"href":"http:\/\/klubmamgdynia.pl\/index.php\/wp-json\/wp\/v2\/product_cat?post=102"},{"taxonomy":"product_tag","embeddable":true,"href":"http:\/\/klubmamgdynia.pl\/index.php\/wp-json\/wp\/v2\/product_tag?post=102"}],"curies":[{"name":"wp","href":"https:\/\/api.w.org\/{rel}","templated":true}]}}