{"id":10219,"date":"2015-08-18T00:00:25","date_gmt":"2015-08-17T22:00:25","guid":{"rendered":"http:\/\/klubmamgdynia.pl\/index.php\/produkt\/panta-plast-teczka-na-gumke-a4-kartonowa-czerwona\/"},"modified":"2026-05-03T11:12:24","modified_gmt":"2026-05-03T09:12:24","slug":"panta-plast-teczka-na-gumke-a4-kartonowa-czerwona","status":"publish","type":"product","link":"http:\/\/klubmamgdynia.pl\/index.php\/produkt\/panta-plast-teczka-na-gumke-a4-kartonowa-czerwona\/","title":{"rendered":"Panta Plast Teczka Na Gumk\u0119 A4 Kartonowa Czerwona"},"content":{"rendered":"<p>Teczka wykonana z tektury o gramaturze 350 g\/m2, w formacie A4.Zamykana na gumk\u0119 w kolorze teczkiPosiada trzy wewn\u0119trzne klapki zabezpieczaj\u0105ce dokumenty przed wypadni\u0119ciem.Mie\u015bci do 300 kartekEAN: 4030969916094<\/p>\n<h2>Panta Plast Teczka Na Gumk\u0119 A4 Kartonowa Czerwona Panta Plast<\/h2>\n<p>piosenki na dobranoc tekst, zagadka matematyczna dla dzieci, aurelia, testy na znaki drogowe, gaja imi\u0119, bajki na dobranoc do czytania, test wiedzy z lektury przygody tomka sawyera z odpowiedziami, quizy miko\u0142ajek, pomys\u0142y na prezent na roczek, prezent na roczek dla ch\u0142opca, znaczenie imiona alan, prezenty na roczek dla dziewczynki, niespotykane imiona \u017ce\u0144skie, kolorowanka ksi\u0119\u017cniczka, samolot kolorowanka, zaj\u0105czek z jajka ugotowanego, sk\u0142adniki do pizzy kolorowanka, audiobook dla dzieci za darmo, flagi do druku<\/p>\n<p>yyyyy<\/p>\n<p>&nbsp;<\/p>\n","protected":false},"excerpt":{"rendered":"<p>Teczka wykonana z tektury o gramaturze 350 g\/m2, w formacie A4.Zamykana na gumk\u0119 w kolorze teczkiPosiada trzy wewn\u0119trzne klapki zabezpieczaj\u0105ce dokumenty przed wypadni\u0119ciem.Mie\u015bci do 300 kartekEAN: 4030969916094 Panta Plast Teczka Na Gumk\u0119 A4 Kartonowa Czerwona Panta Plast piosenki na dobranoc tekst, zagadka matematyczna dla dzieci, aurelia, testy na znaki drogowe, gaja imi\u0119, bajki na dobranoc [&hellip;]<\/p>\n","protected":false},"featured_media":10220,"comment_status":"closed","ping_status":"open","template":"","meta":[],"product_cat":[1896,325],"product_tag":[772,580,689,872,698],"class_list":["post-10219","product","type-product","status-publish","has-post-thumbnail","hentry","product_cat-panta-plast","product_cat-szkolne-artykuly-papiernicze","product_tag-45-panstw-europy-i-ich-stolice-quiz","product_tag-janusz","product_tag-linda","product_tag-zagadki-dla-dzieci-6-lat","product_tag-zagadki-dla-przedszkolakow"],"_links":{"self":[{"href":"http:\/\/klubmamgdynia.pl\/index.php\/wp-json\/wp\/v2\/product\/10219","targetHints":{"allow":["GET"]}}],"collection":[{"href":"http:\/\/klubmamgdynia.pl\/index.php\/wp-json\/wp\/v2\/product"}],"about":[{"href":"http:\/\/klubmamgdynia.pl\/index.php\/wp-json\/wp\/v2\/types\/product"}],"replies":[{"embeddable":true,"href":"http:\/\/klubmamgdynia.pl\/index.php\/wp-json\/wp\/v2\/comments?post=10219"}],"wp:featuredmedia":[{"embeddable":true,"href":"http:\/\/klubmamgdynia.pl\/index.php\/wp-json\/wp\/v2\/media\/10220"}],"wp:attachment":[{"href":"http:\/\/klubmamgdynia.pl\/index.php\/wp-json\/wp\/v2\/media?parent=10219"}],"wp:term":[{"taxonomy":"product_cat","embeddable":true,"href":"http:\/\/klubmamgdynia.pl\/index.php\/wp-json\/wp\/v2\/product_cat?post=10219"},{"taxonomy":"product_tag","embeddable":true,"href":"http:\/\/klubmamgdynia.pl\/index.php\/wp-json\/wp\/v2\/product_tag?post=10219"}],"curies":[{"name":"wp","href":"https:\/\/api.w.org\/{rel}","templated":true}]}}