{"id":10221,"date":"2019-02-22T15:18:28","date_gmt":"2019-02-22T14:18:28","guid":{"rendered":"http:\/\/klubmamgdynia.pl\/index.php\/produkt\/depesche-zestaw-stworz-swoj-pamietnik-jednorozec-ylvi-11250a\/"},"modified":"2026-04-06T21:13:06","modified_gmt":"2026-04-06T19:13:06","slug":"depesche-zestaw-stworz-swoj-pamietnik-jednorozec-ylvi-11250a","status":"publish","type":"product","link":"http:\/\/klubmamgdynia.pl\/index.php\/produkt\/depesche-zestaw-stworz-swoj-pamietnik-jednorozec-ylvi-11250a\/","title":{"rendered":"Depesche Zestaw Stw\u00f3rz Sw\u00f3j Pami\u0119tnik Jednoro\u017cec Ylvi 11250A"},"content":{"rendered":"<p>Ten czaruj\u0105cy zestaw pami\u0119tnik\u00f3w \u201eYlvi &amp; the Minimoomis Stw\u00f3rz sw\u00f3j dziennik\u201d od Depesche to r\u0119kodzie\u0142o i pami\u0119tnik z pi\u0119knymi historiami i sekretami, kt\u00f3ry zawiera wiele czaruj\u0105cych opcji projektowania. Ksi\u0105\u017ck\u0119 i poszczeg\u00f3lne strony mo\u017cna kreatywnie projektowa\u0107 za pomoc\u0105 r\u00f3\u017cnych ta\u015bm samoprzylepnych i wielu naklejek. W zestawie znajduj\u0105 si\u0119 r\u00f3wnie\u017c praktyczne zszywki z pomponami oraz o\u0142\u00f3wek do robienia notatek. Kreatywna zabawa rzemie\u015blnicza dla ka\u017cdego, kto chcia\u0142by zaprojektowa\u0107 w\u0142asny notatnik lub pami\u0119tnik.Cechy produktu:- \u201eYlvi &amp; the Minimoomis diary set Stw\u00f3rz sw\u00f3j dziennik\u201d autorstwa Depesche- Zawiera 4 rolki ta\u015bmy klej\u0105cej o r\u00f3\u017cnych wzorach- praktyczny dozownik- Zszywki z aplikacjami bobble- o\u0142\u00f3wek z gwiazdk\u0105- Wyb\u00f3r naklejek do zaprojektowania ksi\u0105\u017cki<\/p>\n<h2>Depesche Zestaw Stw\u00f3rz Sw\u00f3j Pami\u0119tnik Jednoro\u017cec Ylvi 11250A Depesche<\/h2>\n<p>zagadki dla 7 latk\u00f3w, co kupic dziewczynce na roczek, kolorowanki \u015bwi\u0105teczne do druku pdf, z\u0142ote my\u015bli kubu\u015b puchatek cytaty, test z lektury opowie\u015bci z narnii lew czarownica i stara szafa z odpowiedziami, kolorowanka flamingi, aaa kotki dwa tekst, znaczenie imiona alan<\/p>\n<p>yyyyy<\/p>\n<p>&nbsp;<\/p>\n","protected":false},"excerpt":{"rendered":"<p>Ten czaruj\u0105cy zestaw pami\u0119tnik\u00f3w \u201eYlvi &amp; the Minimoomis Stw\u00f3rz sw\u00f3j dziennik\u201d od Depesche to r\u0119kodzie\u0142o i pami\u0119tnik z pi\u0119knymi historiami i sekretami, kt\u00f3ry zawiera wiele czaruj\u0105cych opcji projektowania. Ksi\u0105\u017ck\u0119 i poszczeg\u00f3lne strony mo\u017cna kreatywnie projektowa\u0107 za pomoc\u0105 r\u00f3\u017cnych ta\u015bm samoprzylepnych i wielu naklejek. W zestawie znajduj\u0105 si\u0119 r\u00f3wnie\u017c praktyczne zszywki z pomponami oraz o\u0142\u00f3wek do [&hellip;]<\/p>\n","protected":false},"featured_media":10222,"comment_status":"closed","ping_status":"open","template":"","meta":[],"product_cat":[1826,21],"product_tag":[739,769,804,647],"class_list":["post-10221","product","type-product","status-publish","has-post-thumbnail","hentry","product_cat-depesche","product_cat-zabawki-plastyczne","product_tag-prima-aprilis-w-szkole","product_tag-psi-patrol-do-czytania","product_tag-ryz-z-owocami","product_tag-warszawa-z-dzieckiem"],"_links":{"self":[{"href":"http:\/\/klubmamgdynia.pl\/index.php\/wp-json\/wp\/v2\/product\/10221","targetHints":{"allow":["GET"]}}],"collection":[{"href":"http:\/\/klubmamgdynia.pl\/index.php\/wp-json\/wp\/v2\/product"}],"about":[{"href":"http:\/\/klubmamgdynia.pl\/index.php\/wp-json\/wp\/v2\/types\/product"}],"replies":[{"embeddable":true,"href":"http:\/\/klubmamgdynia.pl\/index.php\/wp-json\/wp\/v2\/comments?post=10221"}],"wp:featuredmedia":[{"embeddable":true,"href":"http:\/\/klubmamgdynia.pl\/index.php\/wp-json\/wp\/v2\/media\/10222"}],"wp:attachment":[{"href":"http:\/\/klubmamgdynia.pl\/index.php\/wp-json\/wp\/v2\/media?parent=10221"}],"wp:term":[{"taxonomy":"product_cat","embeddable":true,"href":"http:\/\/klubmamgdynia.pl\/index.php\/wp-json\/wp\/v2\/product_cat?post=10221"},{"taxonomy":"product_tag","embeddable":true,"href":"http:\/\/klubmamgdynia.pl\/index.php\/wp-json\/wp\/v2\/product_tag?post=10221"}],"curies":[{"name":"wp","href":"https:\/\/api.w.org\/{rel}","templated":true}]}}