{"id":10223,"date":"2016-05-11T22:38:43","date_gmt":"2016-05-11T20:38:43","guid":{"rendered":"http:\/\/klubmamgdynia.pl\/index.php\/produkt\/depesche-zestaw-do-kaligrafii-top-model-z-zestawem-pismienniczym-11340a\/"},"modified":"2026-04-25T10:43:40","modified_gmt":"2026-04-25T08:43:40","slug":"depesche-zestaw-do-kaligrafii-top-model-z-zestawem-pismienniczym-11340a","status":"publish","type":"product","link":"http:\/\/klubmamgdynia.pl\/index.php\/produkt\/depesche-zestaw-do-kaligrafii-top-model-z-zestawem-pismienniczym-11340a\/","title":{"rendered":"Depesche Zestaw Do Kaligrafii Top Model Z Zestawem Pi\u015bmienniczym 11340A"},"content":{"rendered":"<p>Zestaw do kaligrafii Top Model, ok 100 stron do \u0107wicze\u0144 eleganckiego pisma. W zestawie o\u0142\u00f3wek HB, cienkopis, flamaster ze \u015bci\u0119t\u0105 ko\u0144c\u00f3wka i flamaster z klasyczn\u0105 ko\u0144c\u00f3wka, wszystkie z czarnym wk\u0142adem&#8230;.<\/p>\n<h2>Depesche Zestaw Do Kaligrafii Top Model Z Zestawem Pi\u015bmienniczym 11340A Depesche<\/h2>\n<p>imie iwo, kolorowanki super zings, nietypowe atrakcje dla dzieci, tupu tup po \u015bniegu tekst, warszawa dla dzieci, niech \u017cyj\u0105 wakacje, kartka walentynkowa zrobiona przez dzieci, atrakcje dla dzieci warszawa i okolice, \u015bw przemys\u0142aw, dzie\u0144 \u015bw patryka symbole do druku, bajka dla niemowlaka, szlaczki literopodobne do wydruku, \u015bmieszne zagadki z odpowiedziami, kolorowanki konie z je\u017ad\u017acem, lato lato lato czeka tekst, kolorowanki do druku, quiz stolice europy<\/p>\n<p>yyyyy<\/p>\n<p>&nbsp;<\/p>\n","protected":false},"excerpt":{"rendered":"<p>Zestaw do kaligrafii Top Model, ok 100 stron do \u0107wicze\u0144 eleganckiego pisma. W zestawie o\u0142\u00f3wek HB, cienkopis, flamaster ze \u015bci\u0119t\u0105 ko\u0144c\u00f3wka i flamaster z klasyczn\u0105 ko\u0144c\u00f3wka, wszystkie z czarnym wk\u0142adem&#8230;. Depesche Zestaw Do Kaligrafii Top Model Z Zestawem Pi\u015bmienniczym 11340A Depesche imie iwo, kolorowanki super zings, nietypowe atrakcje dla dzieci, tupu tup po \u015bniegu tekst, [&hellip;]<\/p>\n","protected":false},"featured_media":10224,"comment_status":"closed","ping_status":"open","template":"","meta":[],"product_cat":[1826,21],"product_tag":[871,829,586],"class_list":["post-10223","product","type-product","status-publish","has-post-thumbnail","hentry","product_cat-depesche","product_cat-zabawki-plastyczne","product_tag-bajka-o-smoku-wawelskim","product_tag-bajki-do-czytania-na-dobranoc","product_tag-smieszne-zagadki"],"_links":{"self":[{"href":"http:\/\/klubmamgdynia.pl\/index.php\/wp-json\/wp\/v2\/product\/10223","targetHints":{"allow":["GET"]}}],"collection":[{"href":"http:\/\/klubmamgdynia.pl\/index.php\/wp-json\/wp\/v2\/product"}],"about":[{"href":"http:\/\/klubmamgdynia.pl\/index.php\/wp-json\/wp\/v2\/types\/product"}],"replies":[{"embeddable":true,"href":"http:\/\/klubmamgdynia.pl\/index.php\/wp-json\/wp\/v2\/comments?post=10223"}],"wp:featuredmedia":[{"embeddable":true,"href":"http:\/\/klubmamgdynia.pl\/index.php\/wp-json\/wp\/v2\/media\/10224"}],"wp:attachment":[{"href":"http:\/\/klubmamgdynia.pl\/index.php\/wp-json\/wp\/v2\/media?parent=10223"}],"wp:term":[{"taxonomy":"product_cat","embeddable":true,"href":"http:\/\/klubmamgdynia.pl\/index.php\/wp-json\/wp\/v2\/product_cat?post=10223"},{"taxonomy":"product_tag","embeddable":true,"href":"http:\/\/klubmamgdynia.pl\/index.php\/wp-json\/wp\/v2\/product_tag?post=10223"}],"curies":[{"name":"wp","href":"https:\/\/api.w.org\/{rel}","templated":true}]}}