{"id":10227,"date":"2017-02-27T08:44:14","date_gmt":"2017-02-27T07:44:14","guid":{"rendered":"http:\/\/klubmamgdynia.pl\/index.php\/produkt\/depesche-zestaw-z-naklejkami-dino-zoo-11400a\/"},"modified":"2026-04-19T07:39:25","modified_gmt":"2026-04-19T05:39:25","slug":"depesche-zestaw-z-naklejkami-dino-zoo-11400a","status":"publish","type":"product","link":"http:\/\/klubmamgdynia.pl\/index.php\/produkt\/depesche-zestaw-z-naklejkami-dino-zoo-11400a\/","title":{"rendered":"Depesche Zestaw Z Naklejkami Dino Zoo 11400A"},"content":{"rendered":"<p>Zestaw kreatywny z naklejkami Dino ZOO, 24 strony + 4 strony ekstra naklejek, stw\u00f3rz w\u0142asne wymarzone Dino zoo!Wiek: +4&#8230;<\/p>\n<h2>Depesche Zestaw Z Naklejkami Dino Zoo 11400A Depesche<\/h2>\n<p>smok wawelski kolorowanka, zimowe zagadki dla dzieci, na wyspach bergamutach, co oznacza jordan, quiz o miko\u0142ajku, warsztaty dla dzieci warszawa, oryginalny prezent na roczek, zgadywanki, proste dekoracje bo\u017conarodzeniowe dla dzieci, lody kolorowanka, bycie mam\u0105 cytaty, fajne prezenty dla nastolatk\u00f3w, quiz o stolicach europy, co robi\u0107 z dzieckiem w warszawie, szablony do wyklejania plastelin\u0105, prezenty na roczek dla ch\u0142opca, bursztynek, kolorowanki<\/p>\n<p>yyyyy<\/p>\n<p>&nbsp;<\/p>\n","protected":false},"excerpt":{"rendered":"<p>Zestaw kreatywny z naklejkami Dino ZOO, 24 strony + 4 strony ekstra naklejek, stw\u00f3rz w\u0142asne wymarzone Dino zoo!Wiek: +4&#8230; Depesche Zestaw Z Naklejkami Dino Zoo 11400A Depesche smok wawelski kolorowanka, zimowe zagadki dla dzieci, na wyspach bergamutach, co oznacza jordan, quiz o miko\u0142ajku, warsztaty dla dzieci warszawa, oryginalny prezent na roczek, zgadywanki, proste dekoracje bo\u017conarodzeniowe [&hellip;]<\/p>\n","protected":false},"featured_media":10228,"comment_status":"closed","ping_status":"open","template":"","meta":[],"product_cat":[1826,21],"product_tag":[852,669,586],"class_list":["post-10227","product","type-product","status-publish","has-post-thumbnail","hentry","product_cat-depesche","product_cat-zabawki-plastyczne","product_tag-jak-zrobic-samolot-z-papieru","product_tag-kolorowanki","product_tag-smieszne-zagadki"],"_links":{"self":[{"href":"http:\/\/klubmamgdynia.pl\/index.php\/wp-json\/wp\/v2\/product\/10227","targetHints":{"allow":["GET"]}}],"collection":[{"href":"http:\/\/klubmamgdynia.pl\/index.php\/wp-json\/wp\/v2\/product"}],"about":[{"href":"http:\/\/klubmamgdynia.pl\/index.php\/wp-json\/wp\/v2\/types\/product"}],"replies":[{"embeddable":true,"href":"http:\/\/klubmamgdynia.pl\/index.php\/wp-json\/wp\/v2\/comments?post=10227"}],"wp:featuredmedia":[{"embeddable":true,"href":"http:\/\/klubmamgdynia.pl\/index.php\/wp-json\/wp\/v2\/media\/10228"}],"wp:attachment":[{"href":"http:\/\/klubmamgdynia.pl\/index.php\/wp-json\/wp\/v2\/media?parent=10227"}],"wp:term":[{"taxonomy":"product_cat","embeddable":true,"href":"http:\/\/klubmamgdynia.pl\/index.php\/wp-json\/wp\/v2\/product_cat?post=10227"},{"taxonomy":"product_tag","embeddable":true,"href":"http:\/\/klubmamgdynia.pl\/index.php\/wp-json\/wp\/v2\/product_tag?post=10227"}],"curies":[{"name":"wp","href":"https:\/\/api.w.org\/{rel}","templated":true}]}}