{"id":10239,"date":"2025-04-28T01:04:21","date_gmt":"2025-04-27T23:04:21","guid":{"rendered":"http:\/\/klubmamgdynia.pl\/?post_type=product&#038;p=10239"},"modified":"2026-04-03T20:31:22","modified_gmt":"2026-04-03T18:31:22","slug":"depesche-tatuaze-top-model-10227a","status":"publish","type":"product","link":"http:\/\/klubmamgdynia.pl\/index.php\/produkt\/depesche-tatuaze-top-model-10227a\/","title":{"rendered":"Depesche Tatua\u017ce Top Model 10227A"},"content":{"rendered":"<p>Kolorowe metaliczne Tatua\u017ce dla dzieci Top Model Zestaw Metalicznych tatua\u017cy Top Model. Kolorowe tatua\u017ce Top Model przeznaczone dla dzieci, s\u0105: bezpieczne dla sk\u00f3ry, zmywalne w wodzie, maj\u0105 modne wzory i metaliczny po\u0142ysk. Tatua\u017ce s\u0105 tymczasowe, ca\u0142kowicie schodz\u0105 ze sk\u00f3ry, nie powoduj\u0105c podra\u017cnie\u0144. Wiek 6+ Wymiary: 21,5&#215;14,5&#215;0.2cm<\/p>\n<h2>Depesche Tatua\u017ce Top Model 10227A Depesche<\/h2>\n<p>ahmed, felix net i nika oraz gang niewidzialnych ludzi pytania i odpowiedzi, zagadki dla dzieci 10 lat, kolorowanki lol, rozalia imi\u0119, zagadki wielkanocne przedszkole, gad\u017cety dla nastolatka, psi patrol do czytania, karty pracy dla dzieci z ukrainy do druku, prezenty dla nastolatk\u00f3w, aforyzmy o dzieciach, przek\u0105ski na urodziny dziecka, kolorowanka prezent, opisy o dzieciach, ko\u0142ysanka tekst, najlepsze zagadki, traktor z przyczep\u0105 kolorowanka<\/p>\n<p>yyyyy<\/p>\n<p>&nbsp;<\/p>\n","protected":false},"excerpt":{"rendered":"<p>Kolorowe metaliczne Tatua\u017ce dla dzieci Top Model Zestaw Metalicznych tatua\u017cy Top Model. Kolorowe tatua\u017ce Top Model przeznaczone dla dzieci, s\u0105: bezpieczne dla sk\u00f3ry, zmywalne w wodzie, maj\u0105 modne wzory i metaliczny po\u0142ysk. Tatua\u017ce s\u0105 tymczasowe, ca\u0142kowicie schodz\u0105 ze sk\u00f3ry, nie powoduj\u0105c podra\u017cnie\u0144. Wiek 6+ Wymiary: 21,5&#215;14,5&#215;0.2cm Depesche Tatua\u017ce Top Model 10227A Depesche ahmed, felix net [&hellip;]<\/p>\n","protected":false},"featured_media":10240,"comment_status":"closed","ping_status":"open","template":"","meta":[],"product_cat":[1826,21],"product_tag":[610,744,711],"class_list":["post-10239","product","type-product","status-publish","has-post-thumbnail","hentry","product_cat-depesche","product_cat-zabawki-plastyczne","product_tag-co-na-prezent-dla-nastolatkow","product_tag-kolorowanki-swiateczne-do-wydruku","product_tag-prezenty-dla-nastolatkow"],"_links":{"self":[{"href":"http:\/\/klubmamgdynia.pl\/index.php\/wp-json\/wp\/v2\/product\/10239","targetHints":{"allow":["GET"]}}],"collection":[{"href":"http:\/\/klubmamgdynia.pl\/index.php\/wp-json\/wp\/v2\/product"}],"about":[{"href":"http:\/\/klubmamgdynia.pl\/index.php\/wp-json\/wp\/v2\/types\/product"}],"replies":[{"embeddable":true,"href":"http:\/\/klubmamgdynia.pl\/index.php\/wp-json\/wp\/v2\/comments?post=10239"}],"wp:featuredmedia":[{"embeddable":true,"href":"http:\/\/klubmamgdynia.pl\/index.php\/wp-json\/wp\/v2\/media\/10240"}],"wp:attachment":[{"href":"http:\/\/klubmamgdynia.pl\/index.php\/wp-json\/wp\/v2\/media?parent=10239"}],"wp:term":[{"taxonomy":"product_cat","embeddable":true,"href":"http:\/\/klubmamgdynia.pl\/index.php\/wp-json\/wp\/v2\/product_cat?post=10239"},{"taxonomy":"product_tag","embeddable":true,"href":"http:\/\/klubmamgdynia.pl\/index.php\/wp-json\/wp\/v2\/product_tag?post=10239"}],"curies":[{"name":"wp","href":"https:\/\/api.w.org\/{rel}","templated":true}]}}