{"id":10241,"date":"2021-01-14T05:21:24","date_gmt":"2021-01-14T04:21:24","guid":{"rendered":"http:\/\/klubmamgdynia.pl\/index.php\/produkt\/quercetti-super-saxofon-24el\/"},"modified":"2026-04-24T23:12:00","modified_gmt":"2026-04-24T21:12:00","slug":"quercetti-super-saxofon-24el","status":"publish","type":"product","link":"http:\/\/klubmamgdynia.pl\/index.php\/produkt\/quercetti-super-saxofon-24el\/","title":{"rendered":"Quercetti Super Saxofon 24El."},"content":{"rendered":"<p>Quercetti Super Saxofon 24El.<\/p>\n<p>Quercetti zestaw konstrukcyjny Saxofon Super<br \/>\nZ kolorowych rurek i dodatkowych element\u00f3w zbuduj sw\u00f3j niepowtarzalny<br \/>\ninstrument jak saksofon, flet czy tr\u0105bk\u0119.<br \/>\nW zestawie znajduje si\u0119 24 elementy wykonane z wysokiej jako\u015bci plastiku.<br \/>\nZabawka zosta\u0142a wyprodukowana we W\u0142oszech.<\/p>\n<p>Informacje o produkcie<br \/>\nNr katalogowy<br \/>\n4172<\/p>\n<p>Marka (Zabawki) Brak<br \/>\nObszar (nauka i rozw\u00f3j) Konstrukcyjne<br \/>\nRodzaj (nauka i rozw\u00f3j) Zestawy konstrukcyjne plastikowe<br \/>\nWymagania wiekowe od 3 lat<br \/>\nP\u0142e\u0107 (zabawki) Dziewczynki i ch\u0142opcy<br \/>\nLiczba element\u00f3w 24<br \/>\nPozosta\u0142e parametry<br \/>\nWymiary opakowania: 18 x 9.2 x 29.3 cm<\/p>\n<h2>Quercetti Super Saxofon 24El. Quercetti<\/h2>\n<p>bajka o miko\u0142aju do czytania, \u015bmieszne zagadki dla dzieci, o\u015brodki wczasowe nad morzem dla rodzin z dzie\u0107mi, wiersz o wakacjach, cytaty dzie\u0144 nauczyciela, aurelia imi\u0119, quiz o ro\u015blinach, lato lato lato czeka tekst<\/p>\n<p>yyyyy<\/p>\n<p>&nbsp;<\/p>\n","protected":false},"excerpt":{"rendered":"<p>Quercetti Super Saxofon 24El. Quercetti zestaw konstrukcyjny Saxofon Super Z kolorowych rurek i dodatkowych element\u00f3w zbuduj sw\u00f3j niepowtarzalny instrument jak saksofon, flet czy tr\u0105bk\u0119. W zestawie znajduje si\u0119 24 elementy wykonane z wysokiej jako\u015bci plastiku. Zabawka zosta\u0142a wyprodukowana we W\u0142oszech. Informacje o produkcie Nr katalogowy 4172 Marka (Zabawki) Brak Obszar (nauka i rozw\u00f3j) Konstrukcyjne Rodzaj [&hellip;]<\/p>\n","protected":false},"featured_media":10242,"comment_status":"closed","ping_status":"open","template":"","meta":[],"product_cat":[113,1155],"product_tag":[738,649,746],"class_list":["post-10241","product","type-product","status-publish","has-post-thumbnail","hentry","product_cat-klocki","product_cat-quercetti","product_tag-wroclaw-dla-dzieci","product_tag-zagadki-dla-nastolatkow","product_tag-zagadki-typu-co-to-jest"],"_links":{"self":[{"href":"http:\/\/klubmamgdynia.pl\/index.php\/wp-json\/wp\/v2\/product\/10241","targetHints":{"allow":["GET"]}}],"collection":[{"href":"http:\/\/klubmamgdynia.pl\/index.php\/wp-json\/wp\/v2\/product"}],"about":[{"href":"http:\/\/klubmamgdynia.pl\/index.php\/wp-json\/wp\/v2\/types\/product"}],"replies":[{"embeddable":true,"href":"http:\/\/klubmamgdynia.pl\/index.php\/wp-json\/wp\/v2\/comments?post=10241"}],"wp:featuredmedia":[{"embeddable":true,"href":"http:\/\/klubmamgdynia.pl\/index.php\/wp-json\/wp\/v2\/media\/10242"}],"wp:attachment":[{"href":"http:\/\/klubmamgdynia.pl\/index.php\/wp-json\/wp\/v2\/media?parent=10241"}],"wp:term":[{"taxonomy":"product_cat","embeddable":true,"href":"http:\/\/klubmamgdynia.pl\/index.php\/wp-json\/wp\/v2\/product_cat?post=10241"},{"taxonomy":"product_tag","embeddable":true,"href":"http:\/\/klubmamgdynia.pl\/index.php\/wp-json\/wp\/v2\/product_tag?post=10241"}],"curies":[{"name":"wp","href":"https:\/\/api.w.org\/{rel}","templated":true}]}}