{"id":10251,"date":"2011-08-22T10:54:11","date_gmt":"2011-08-22T08:54:11","guid":{"rendered":"http:\/\/klubmamgdynia.pl\/index.php\/produkt\/petit-collage-skarpetki-dzieciece-samochod-z-lodami\/"},"modified":"2026-04-07T10:35:11","modified_gmt":"2026-04-07T08:35:11","slug":"petit-collage-skarpetki-dzieciece-samochod-z-lodami","status":"publish","type":"product","link":"http:\/\/klubmamgdynia.pl\/index.php\/produkt\/petit-collage-skarpetki-dzieciece-samochod-z-lodami\/","title":{"rendered":"Petit Collage Skarpetki Dzieci\u0119ce Samoch\u00f3d Z Lodami"},"content":{"rendered":"<p>Petit Collage Skarpetki dzieci\u0119ce Samoch\u00f3d z lodami Pi\u0119kne skarpetki wykonane z bawe\u0142ny organicznej, dzi\u0119ki czemu s\u0105 niesamowicie mi\u0119kkie i przyjemne w dotyku, jak r\u00f3wnie\u017c przyjazne dla \u015brodowiska. Wz\u00f3r na skarpetkach to ci\u0119\u017car\u00f3wka z lodami! Opakowanie zosta\u0142o stworzone bez plastikowych element\u00f3w, dzi\u0119ki czemu nadaje si\u0119 do recyklingu. \u015awietnie sprawdzi si\u0119 jako element wyprawki i b\u0119dzie idealnym prezentem na babyshower! Wiek: od 12 do 18 miesi\u0105ca \u017cycia Sk\u0142ad: 75% bawe\u0142na organiczna, 20% poliester i 5% lycra Wymiary opakowania: 8 x 9 x 3 cm Petit Collage to firma powsta\u0142a w 2006 roku. Jej najwi\u0119ksz\u0105 zalet\u0105 jest tworzenie produkt\u00f3w z my\u015bl\u0105 o zdrowiu dzieci oraz o naszej planecie. Wszystkie materia\u0142y w produktach marki Petit Collage s\u0105 starannie dobierane oraz spe\u0142niaj\u0105 najwy\u017csze standardy bezpiecze\u0144stwa.<\/p>\n<h2>Petit Collage Skarpetki Dzieci\u0119ce Samoch\u00f3d Z Lodami Petit Collage<\/h2>\n<p>wakacyjne kolorowanki, zagadki o zwierz\u0119tach wiejskich, bajka o \u017cabie, bajki dla dzieci do czytania, zaproszenia urodzinowe do wydruku chomikuj, super zings do druku, marianna, izabella imi\u0119, dobrej nocy i sza, aurora imi\u0119, szablon zaproszenia na urodziny do wydruku czarno bia\u0142e, prezenty roczek<\/p>\n<p>yyyyy<\/p>\n<p>&nbsp;<\/p>\n","protected":false},"excerpt":{"rendered":"<p>Petit Collage Skarpetki dzieci\u0119ce Samoch\u00f3d z lodami Pi\u0119kne skarpetki wykonane z bawe\u0142ny organicznej, dzi\u0119ki czemu s\u0105 niesamowicie mi\u0119kkie i przyjemne w dotyku, jak r\u00f3wnie\u017c przyjazne dla \u015brodowiska. Wz\u00f3r na skarpetkach to ci\u0119\u017car\u00f3wka z lodami! Opakowanie zosta\u0142o stworzone bez plastikowych element\u00f3w, dzi\u0119ki czemu nadaje si\u0119 do recyklingu. \u015awietnie sprawdzi si\u0119 jako element wyprawki i b\u0119dzie idealnym [&hellip;]<\/p>\n","protected":false},"featured_media":10252,"comment_status":"closed","ping_status":"open","template":"","meta":[],"product_cat":[926,1886],"product_tag":[852,642,840,708],"class_list":["post-10251","product","type-product","status-publish","has-post-thumbnail","hentry","product_cat-bielizna-dziecieca","product_cat-petit-collage","product_tag-jak-zrobic-samolot-z-papieru","product_tag-mia-imie","product_tag-stare-bajki","product_tag-zabawy-ruchowe-dla-dzieci"],"_links":{"self":[{"href":"http:\/\/klubmamgdynia.pl\/index.php\/wp-json\/wp\/v2\/product\/10251","targetHints":{"allow":["GET"]}}],"collection":[{"href":"http:\/\/klubmamgdynia.pl\/index.php\/wp-json\/wp\/v2\/product"}],"about":[{"href":"http:\/\/klubmamgdynia.pl\/index.php\/wp-json\/wp\/v2\/types\/product"}],"replies":[{"embeddable":true,"href":"http:\/\/klubmamgdynia.pl\/index.php\/wp-json\/wp\/v2\/comments?post=10251"}],"wp:featuredmedia":[{"embeddable":true,"href":"http:\/\/klubmamgdynia.pl\/index.php\/wp-json\/wp\/v2\/media\/10252"}],"wp:attachment":[{"href":"http:\/\/klubmamgdynia.pl\/index.php\/wp-json\/wp\/v2\/media?parent=10251"}],"wp:term":[{"taxonomy":"product_cat","embeddable":true,"href":"http:\/\/klubmamgdynia.pl\/index.php\/wp-json\/wp\/v2\/product_cat?post=10251"},{"taxonomy":"product_tag","embeddable":true,"href":"http:\/\/klubmamgdynia.pl\/index.php\/wp-json\/wp\/v2\/product_tag?post=10251"}],"curies":[{"name":"wp","href":"https:\/\/api.w.org\/{rel}","templated":true}]}}