{"id":10267,"date":"2017-06-09T20:16:12","date_gmt":"2017-06-09T18:16:12","guid":{"rendered":"http:\/\/klubmamgdynia.pl\/index.php\/produkt\/simba-piornik-strazak-sam-und\/"},"modified":"2026-05-17T23:07:18","modified_gmt":"2026-05-17T21:07:18","slug":"simba-piornik-strazak-sam-und","status":"publish","type":"product","link":"http:\/\/klubmamgdynia.pl\/index.php\/produkt\/simba-piornik-strazak-sam-und\/","title":{"rendered":"Simba Pi\u00f3rnik Stra\u017cak Sam Und"},"content":{"rendered":"<p>SUPER CENA &#8211; TANIA DOSTAWA ! &#8211; Pi\u00f3rnik Stra\u017cak Sam UND Simba &#8211; PACZKOMAT, POCZTA, KURIER<\/p>\n<h2>Simba Pi\u00f3rnik Stra\u017cak Sam Und Simba<\/h2>\n<p>ignacy znaczenie imienia, prezenty dla rocznego dziecka, cytat matka, cytaty z ma\u0142ego ksi\u0119cia<\/p>\n<p>yyyyy<\/p>\n<p>&nbsp;<\/p>\n","protected":false},"excerpt":{"rendered":"<p>SUPER CENA &#8211; TANIA DOSTAWA ! &#8211; Pi\u00f3rnik Stra\u017cak Sam UND Simba &#8211; PACZKOMAT, POCZTA, KURIER Simba Pi\u00f3rnik Stra\u017cak Sam Und Simba ignacy znaczenie imienia, prezenty dla rocznego dziecka, cytat matka, cytaty z ma\u0142ego ksi\u0119cia yyyyy &nbsp;<\/p>\n","protected":false},"featured_media":10268,"comment_status":"closed","ping_status":"open","template":"","meta":[],"product_cat":[976,279],"product_tag":[865,680,747,692,627,712],"class_list":["post-10267","product","type-product","status-publish","has-post-thumbnail","hentry","product_cat-piorniki","product_cat-simba","product_tag-cytaty-o-dzieciach","product_tag-cytaty-z-malego-ksiecia","product_tag-malowanki-do-druku","product_tag-prezenty-na-roczek","product_tag-quiz-dzieci-z-bullerbyn","product_tag-zagadki-o-zwierzetach"],"_links":{"self":[{"href":"http:\/\/klubmamgdynia.pl\/index.php\/wp-json\/wp\/v2\/product\/10267","targetHints":{"allow":["GET"]}}],"collection":[{"href":"http:\/\/klubmamgdynia.pl\/index.php\/wp-json\/wp\/v2\/product"}],"about":[{"href":"http:\/\/klubmamgdynia.pl\/index.php\/wp-json\/wp\/v2\/types\/product"}],"replies":[{"embeddable":true,"href":"http:\/\/klubmamgdynia.pl\/index.php\/wp-json\/wp\/v2\/comments?post=10267"}],"wp:featuredmedia":[{"embeddable":true,"href":"http:\/\/klubmamgdynia.pl\/index.php\/wp-json\/wp\/v2\/media\/10268"}],"wp:attachment":[{"href":"http:\/\/klubmamgdynia.pl\/index.php\/wp-json\/wp\/v2\/media?parent=10267"}],"wp:term":[{"taxonomy":"product_cat","embeddable":true,"href":"http:\/\/klubmamgdynia.pl\/index.php\/wp-json\/wp\/v2\/product_cat?post=10267"},{"taxonomy":"product_tag","embeddable":true,"href":"http:\/\/klubmamgdynia.pl\/index.php\/wp-json\/wp\/v2\/product_tag?post=10267"}],"curies":[{"name":"wp","href":"https:\/\/api.w.org\/{rel}","templated":true}]}}