{"id":1032,"date":"2011-01-01T13:35:22","date_gmt":"2011-01-01T12:35:22","guid":{"rendered":"http:\/\/klubmamgdynia.pl\/index.php\/produkt\/icom-poland-pilka-do-kopania-na-sznurku-eb046358\/"},"modified":"2026-04-30T14:04:46","modified_gmt":"2026-04-30T12:04:46","slug":"icom-poland-pilka-do-kopania-na-sznurku-eb046358","status":"publish","type":"product","link":"http:\/\/klubmamgdynia.pl\/index.php\/produkt\/icom-poland-pilka-do-kopania-na-sznurku-eb046358\/","title":{"rendered":"Icom Poland Pi\u0142ka Do Kopania Na Sznurku (EB046358)"},"content":{"rendered":"<p>PI\u0141KA DO KOPANIA NA SZNURKU<\/p>\n<h2>Icom Poland Pi\u0142ka Do Kopania Na Sznurku (EB046358) Icom Poland<\/h2>\n<p>quizy znaki drogowe, kolorowanki dla dziewczyn, \u015bwi\u0105teczny film dla dzieci, pomys\u0142 na prezent dla 7 latki, atrakcje dla dzieci pozna\u0144 2021, malgorzata znaczenie imienia, atrakcje dla dzieci tr\u00f3jmiasto<\/p>\n<p>yyyyy<\/p>\n<p>&nbsp;<\/p>\n","protected":false},"excerpt":{"rendered":"<p>PI\u0141KA DO KOPANIA NA SZNURKU Icom Poland Pi\u0142ka Do Kopania Na Sznurku (EB046358) Icom Poland quizy znaki drogowe, kolorowanki dla dziewczyn, \u015bwi\u0105teczny film dla dzieci, pomys\u0142 na prezent dla 7 latki, atrakcje dla dzieci pozna\u0144 2021, malgorzata znaczenie imienia, atrakcje dla dzieci tr\u00f3jmiasto yyyyy &nbsp;<\/p>\n","protected":false},"featured_media":1033,"comment_status":"closed","ping_status":"open","template":"","meta":[],"product_cat":[332,120],"product_tag":[727,787,757,693],"class_list":["post-1032","product","type-product","status-publish","has-post-thumbnail","hentry","product_cat-icom-poland","product_cat-zabawki-i-gry-sportowe","product_tag-godlo-polski-do-druku","product_tag-nauka-pisania-wyrazow-dla-dzieci-do-druku-pdf","product_tag-test-z-lektury-ania-z-zielonego-wzgorza-klasa-6-z-odpowiedziami","product_tag-zagadki-dla-doroslych"],"_links":{"self":[{"href":"http:\/\/klubmamgdynia.pl\/index.php\/wp-json\/wp\/v2\/product\/1032","targetHints":{"allow":["GET"]}}],"collection":[{"href":"http:\/\/klubmamgdynia.pl\/index.php\/wp-json\/wp\/v2\/product"}],"about":[{"href":"http:\/\/klubmamgdynia.pl\/index.php\/wp-json\/wp\/v2\/types\/product"}],"replies":[{"embeddable":true,"href":"http:\/\/klubmamgdynia.pl\/index.php\/wp-json\/wp\/v2\/comments?post=1032"}],"wp:featuredmedia":[{"embeddable":true,"href":"http:\/\/klubmamgdynia.pl\/index.php\/wp-json\/wp\/v2\/media\/1033"}],"wp:attachment":[{"href":"http:\/\/klubmamgdynia.pl\/index.php\/wp-json\/wp\/v2\/media?parent=1032"}],"wp:term":[{"taxonomy":"product_cat","embeddable":true,"href":"http:\/\/klubmamgdynia.pl\/index.php\/wp-json\/wp\/v2\/product_cat?post=1032"},{"taxonomy":"product_tag","embeddable":true,"href":"http:\/\/klubmamgdynia.pl\/index.php\/wp-json\/wp\/v2\/product_tag?post=1032"}],"curies":[{"name":"wp","href":"https:\/\/api.w.org\/{rel}","templated":true}]}}