{"id":10321,"date":"2014-03-12T14:43:46","date_gmt":"2014-03-12T13:43:46","guid":{"rendered":"http:\/\/klubmamgdynia.pl\/index.php\/produkt\/mushie-3-gryzaki-silikonowe-bransoletki-flower-dried-thyme-berry-natural\/"},"modified":"2026-04-29T20:18:43","modified_gmt":"2026-04-29T18:18:43","slug":"mushie-3-gryzaki-silikonowe-bransoletki-flower-dried-thyme-berry-natural","status":"publish","type":"product","link":"http:\/\/klubmamgdynia.pl\/index.php\/produkt\/mushie-3-gryzaki-silikonowe-bransoletki-flower-dried-thyme-berry-natural\/","title":{"rendered":"Mushie 3 Gryzaki Silikonowe Bransoletki Flower Dried Thyme &amp; Berry Natural"},"content":{"rendered":"<p>Designerskie i bardzo por\u0119czne silikonowe gryzaczki bransoletkowe marki Mushie.\u0141atwo\u015b\u0107 chwytania formy, delikatna faktura gryzaczka oraz ciekawa kolorystyka powoduj\u0105 \u017ce Maluszek od razu b\u0119dzie zaciekawiony gryzakiem aby poznawa\u0107 go ustami.Mamy kochaj\u0105 mark\u0119 Mushie ze wzgl\u0119du na jej design czerpi\u0105cy z natury.Produkt tonuj\u0105cy i uspokajaj\u0105cy.Zestaw 3 gryzak\u00f3w.Gryzaczki ameryka\u0144skiej marki Mushie wykonane s\u0105 z wysokiej jako\u015bci silikonu spo\u017cywczego przeznaczonego do kontaktu z \u017cywno\u015bci\u0105 i nie zawieraj\u0105 BPA ani ftalan\u00f3w.W\u0142a\u015bciwo\u015bci produkt\u00f3w silikonowych Mushie100% bezpieczne100% biokompatybilneDu\u017ca odporno\u015b\u0107 termicznaPasywno\u015b\u0107 reakcyjna z \u017cywno\u015bci\u0105BezzapachowePoniewa\u017c gryzaki Mushie wykonane s\u0105 z silikonu nie zawieraj\u0105 szkodliwych substancji zawartych w plastikach ropopochodnych.Maj\u0105c \u015bwiadomo\u015b\u0107, \u017ce gryzaki oparte na raktyfikatach ropy naftowej nie s\u0105 w 100% oboj\u0119tne dla zdrowia Niemowl\u0105t, a mowa o wszystkich plastikach ropopochodnych stosowanych w chwili obecnej na rynku, nawet tych dopuszczonych z oznakowaniem BPA Free, produkty Mushie zosta\u0142y oparte na silikonie spo\u017cywczym charakteryzuj\u0105cym si\u0119 biokompatybilno\u015bci\u0105 a co za tym idzie hipoalergicznymi w\u0142a\u015bciwo\u015bciami.Dodatkowo materia\u0142 z kt\u00f3rego wykonane s\u0105 gryzaczki Mushie jest eco przyjazny.Dlaczego warto wybiera\u0107 produkty z silikonu spo\u017cywczego ?Silikon spo\u017cywczy jest w 100% biokompatybilny, nietoksyczny i nie powoduje alergii. Wa\u017cn\u0105 jego cech\u0105 jest doskonale tolerowany przez organizm ludzki, dlatego stanowi baz\u0119 oddychaj\u0105cych soczewek kontaktowych [5 razy bezpieczniejszych od standardowych soczewek].INFORMACJEProdukt wykonany jest z biokompatybilnego oddychaj\u0105cego silikonu spo\u017cywczego Grade AAA.Produkt nie zawiera ropopochodnych toksyn w tym plastyfikator\u00f3w np. BPA. Spe\u0142nia wymogi europejskie (EU) No. 321\/2011.Produkt mo\u017cna wyparza\u0107Produkt mo\u017cna sterylizowa\u0107Produkt mo\u017cna zamra\u017ca\u0107INSTRUKCJA U\u017bYTKOWANIAPrzed pierwszym u\u017cyciem nale\u017cy umy\u0107 produkt a nast\u0119pnie pozostawi\u0107 w gotuj\u0105cej si\u0119 wodzie na 5 min. i pozostawi\u0107 do wystudzenia.Przed ka\u017cdym u\u017cyciem nale\u017cy umy\u0107 produkt w wodzie z myd\u0142em i pozostawi\u0107 do wyschni\u0119cia.Produkt nadaje si\u0119 do mycia w zmywarce.Produkt mo\u017ce odbarwia\u0107 si\u0119 pod wp\u0142ywem d\u0142ugotrwa\u0142ego kontaktu z intensywnymi barwnikami ro\u015blinnymi jak np. karotenoidy z marchewki czy buraka czerwonego.Odbarwienie nie jest podstaw\u0105 do reklamacji.OSTRZE\u017bENIEDLA BEZPIECZE\u0143STWA I ZDROW[&#8230;]<\/p>\n<h2>Mushie 3 Gryzaki Silikonowe Bransoletki Flower Dried Thyme &amp; Berry Natural Mushie<\/h2>\n<p>prezent dla 14 latki, gad\u017cety dla m\u0142odzie\u017cy 2020, wroc\u0142aw atrakcje dla m\u0142odzie\u017cy, proste dekoracje \u015bwi\u0105teczne dla dzieci, krzy\u017c\u00f3wki dla dzieci do druku, oliwier, \u015bwinka peppa kolorowanka do druku, pomys\u0142y na prezent dla nastolatk\u00f3w, atrakcje dla dzieci warszawa i okolice, niespotykane imiona \u017ce\u0144skie, opowie\u015bci z narni lew czarownica i stara szafa test, czytanki na dobranoc, peppa kolorowanka do druku, choinka kolorowanka szablon, ma\u0142y ksi\u0105\u017ce cytaty o przyja\u017ani<\/p>\n<p>yyyyy<\/p>\n<p>&nbsp;<\/p>\n","protected":false},"excerpt":{"rendered":"<p>Designerskie i bardzo por\u0119czne silikonowe gryzaczki bransoletkowe marki Mushie.\u0141atwo\u015b\u0107 chwytania formy, delikatna faktura gryzaczka oraz ciekawa kolorystyka powoduj\u0105 \u017ce Maluszek od razu b\u0119dzie zaciekawiony gryzakiem aby poznawa\u0107 go ustami.Mamy kochaj\u0105 mark\u0119 Mushie ze wzgl\u0119du na jej design czerpi\u0105cy z natury.Produkt tonuj\u0105cy i uspokajaj\u0105cy.Zestaw 3 gryzak\u00f3w.Gryzaczki ameryka\u0144skiej marki Mushie wykonane s\u0105 z wysokiej jako\u015bci silikonu spo\u017cywczego [&hellip;]<\/p>\n","protected":false},"featured_media":10322,"comment_status":"closed","ping_status":"open","template":"","meta":[],"product_cat":[63,132],"product_tag":[819,720,803,698],"class_list":["post-10321","product","type-product","status-publish","has-post-thumbnail","hentry","product_cat-grzechotki-i-gryzaki","product_cat-mushie","product_tag-co-kupic-nastolatce-na-swieta","product_tag-malowanki","product_tag-szlaczki-do-druku","product_tag-zagadki-dla-przedszkolakow"],"_links":{"self":[{"href":"http:\/\/klubmamgdynia.pl\/index.php\/wp-json\/wp\/v2\/product\/10321","targetHints":{"allow":["GET"]}}],"collection":[{"href":"http:\/\/klubmamgdynia.pl\/index.php\/wp-json\/wp\/v2\/product"}],"about":[{"href":"http:\/\/klubmamgdynia.pl\/index.php\/wp-json\/wp\/v2\/types\/product"}],"replies":[{"embeddable":true,"href":"http:\/\/klubmamgdynia.pl\/index.php\/wp-json\/wp\/v2\/comments?post=10321"}],"wp:featuredmedia":[{"embeddable":true,"href":"http:\/\/klubmamgdynia.pl\/index.php\/wp-json\/wp\/v2\/media\/10322"}],"wp:attachment":[{"href":"http:\/\/klubmamgdynia.pl\/index.php\/wp-json\/wp\/v2\/media?parent=10321"}],"wp:term":[{"taxonomy":"product_cat","embeddable":true,"href":"http:\/\/klubmamgdynia.pl\/index.php\/wp-json\/wp\/v2\/product_cat?post=10321"},{"taxonomy":"product_tag","embeddable":true,"href":"http:\/\/klubmamgdynia.pl\/index.php\/wp-json\/wp\/v2\/product_tag?post=10321"}],"curies":[{"name":"wp","href":"https:\/\/api.w.org\/{rel}","templated":true}]}}