{"id":10335,"date":"2013-10-27T18:33:46","date_gmt":"2013-10-27T17:33:46","guid":{"rendered":"http:\/\/klubmamgdynia.pl\/index.php\/produkt\/bino-wtykane-drewniane-zegary\/"},"modified":"2026-04-06T01:12:01","modified_gmt":"2026-04-05T23:12:01","slug":"bino-wtykane-drewniane-zegary","status":"publish","type":"product","link":"http:\/\/klubmamgdynia.pl\/index.php\/produkt\/bino-wtykane-drewniane-zegary\/","title":{"rendered":"Bino Wtykane Drewniane Zegary"},"content":{"rendered":"<p>Wysokiej jako\u015bci drewniana zabawka edukacyjna w postaci budzika z kolorow\u0105 tarcz\u0105 i numerami. dzieci ucz\u0105 si\u0119 w zabawny spos\u00f3b poznawania kszta\u0142t\u00f3w, kolor\u00f3w, liczb i zegar\u00f3w. Dzi\u0119ki przemy\u015blanemu projektowi i wszechstronnemu zastosowaniu zabawki dzieci naucz\u0105 si\u0119 rozpoznawa\u0107 podstawowe kszta\u0142ty, kolory i liczby.<\/p>\n<h2>Bino Wtykane Drewniane Zegary BINO<\/h2>\n<p>fajne \u017carty na prima aprilis, liwia imi\u0119, quiz o psie kt\u00f3ry je\u017adzi\u0142 kolej\u0105, sonia imi\u0119, wierszyki na lany poniedzia\u0142ek, \u0142amig\u0142\u00f3wki dla dzieci, zabawy dla 6 latk\u00f3w, kolorowanki dla dziewczynek do druku, zagadki rymowanki dla dzieci, miastodzieci, dzie\u0144 misia 2021, najrzadsze imiona dla dziewczynek, halszka, zagadki z odpowiedziami, jacek, \u017carty na prima aprilis w domu, ch\u0142opcy z placu broni &#8211; test z odpowiedziami, zaczarowana zagroda &#8211; test<\/p>\n<p>yyyyy<\/p>\n<p>&nbsp;<\/p>\n","protected":false},"excerpt":{"rendered":"<p>Wysokiej jako\u015bci drewniana zabawka edukacyjna w postaci budzika z kolorow\u0105 tarcz\u0105 i numerami. dzieci ucz\u0105 si\u0119 w zabawny spos\u00f3b poznawania kszta\u0142t\u00f3w, kolor\u00f3w, liczb i zegar\u00f3w. Dzi\u0119ki przemy\u015blanemu projektowi i wszechstronnemu zastosowaniu zabawki dzieci naucz\u0105 si\u0119 rozpoznawa\u0107 podstawowe kszta\u0142ty, kolory i liczby. Bino Wtykane Drewniane Zegary BINO fajne \u017carty na prima aprilis, liwia imi\u0119, quiz o [&hellip;]<\/p>\n","protected":false},"featured_media":10336,"comment_status":"closed","ping_status":"open","template":"","meta":[],"product_cat":[322,963],"product_tag":[618,735,711],"class_list":["post-10335","product","type-product","status-publish","has-post-thumbnail","hentry","product_cat-bino","product_cat-pozostale-zabawki-dla-niemowlat","product_tag-lato-lato-lato-czeka-tekst","product_tag-prezent-na-roczek-dziewczynka","product_tag-prezenty-dla-nastolatkow"],"_links":{"self":[{"href":"http:\/\/klubmamgdynia.pl\/index.php\/wp-json\/wp\/v2\/product\/10335","targetHints":{"allow":["GET"]}}],"collection":[{"href":"http:\/\/klubmamgdynia.pl\/index.php\/wp-json\/wp\/v2\/product"}],"about":[{"href":"http:\/\/klubmamgdynia.pl\/index.php\/wp-json\/wp\/v2\/types\/product"}],"replies":[{"embeddable":true,"href":"http:\/\/klubmamgdynia.pl\/index.php\/wp-json\/wp\/v2\/comments?post=10335"}],"wp:featuredmedia":[{"embeddable":true,"href":"http:\/\/klubmamgdynia.pl\/index.php\/wp-json\/wp\/v2\/media\/10336"}],"wp:attachment":[{"href":"http:\/\/klubmamgdynia.pl\/index.php\/wp-json\/wp\/v2\/media?parent=10335"}],"wp:term":[{"taxonomy":"product_cat","embeddable":true,"href":"http:\/\/klubmamgdynia.pl\/index.php\/wp-json\/wp\/v2\/product_cat?post=10335"},{"taxonomy":"product_tag","embeddable":true,"href":"http:\/\/klubmamgdynia.pl\/index.php\/wp-json\/wp\/v2\/product_tag?post=10335"}],"curies":[{"name":"wp","href":"https:\/\/api.w.org\/{rel}","templated":true}]}}