{"id":10363,"date":"2023-03-18T05:05:26","date_gmt":"2023-03-18T04:05:26","guid":{"rendered":"http:\/\/klubmamgdynia.pl\/?post_type=product&#038;p=10363"},"modified":"2026-04-07T10:50:36","modified_gmt":"2026-04-07T08:50:36","slug":"mudpuppy-koty-i-psy-puzzle-magnetyczne-40el","status":"publish","type":"product","link":"http:\/\/klubmamgdynia.pl\/index.php\/produkt\/mudpuppy-koty-i-psy-puzzle-magnetyczne-40el\/","title":{"rendered":"Mudpuppy Koty I Psy Puzzle Magnetyczne 40El."},"content":{"rendered":"<p>Mudpuppy Koty I Psy Puzzle Magnetyczne 40El.                            <\/p>\n<p>Puzzle magnetyczne Koty i psy ameryka\u0144skiej marki MUDPUPPY nadaj\u0105 uk\u0142adaniu puzzli nowy wymiar \u2013 na samym z\u0142o\u017ceniu obrazka zabawa si\u0119 bowiem nie ko\u0144czy. W sk\u0142ad zestawu wchodz\u0105 2 uk\u0142adanki po 20 element\u00f3w ka\u017cda, przedstawiaj\u0105ce r\u00f3\u017cne gatunki ps\u00f3w (jeden obrazek) oraz kot\u00f3w (drugi obrazek), pokazanych w zabawny spos\u00f3b, cz\u0119sto w \u015bmiesznych strojach. Puzzle s\u0105 jednocze\u015bnie magnesami, kt\u00f3re uk\u0142ada si\u0119 na sk\u0142adanej podk\u0142adce-p\u0142ytce, pe\u0142ni\u0105cej tak\u017ce funkcj\u0119 opakowania. P\u0142ytka posiada dodatkowe miejsce, by mo\u017cna by\u0142o umieszcza\u0107 na niej r\u00f3wnie\u017c elementy jeszcze nie dopasowane. Idealnie nadaj\u0105 si\u0119 na podr\u00f3\u017c, bo ryzyko zgubienia ich w drodze jest niewielkie. Autork\u0105 ilustracji jest mieszkaj\u0105ca w Australii angielska graficzka Rebecca Jones. \u0141adny design i przyjazne barwy dodatkowo zach\u0119caj\u0105 malca do zabawy. Zestaw idealnie nadaje si\u0119 na prezent.                            <\/p>\n<p>a                            <\/p>\n<p>Uk\u0142adanie puzzli stymuluje pami\u0119\u0107, koncentracj\u0119 i sprawno\u015b\u0107 manualn\u0105 ju\u017c od najm\u0142odszych lat. MUDPUPPY dba te\u017c o to, by uk\u0142adanki dostarcza\u0142y dzieciom dodatkowych wra\u017ce\u0144 empirycznych. Zabawki magnetyczne to interesuj\u0105cy pomys\u0142 na pobudzanie dzieci\u0119cej wyobra\u017ani i rozw\u00f3j jego sprawno\u015bci manualnej. Wielko\u015b\u0107 magnes\u00f3w jest odpowiednia dla wieku dziecka, a zestawy \u2013 kompaktowe i o ciekawej tematyce.kategoria: puzzlewiek: 4+liczba element\u00f3w: 40 puzzli-magnes\u00f3w i magnetyczna podk\u0142adkamateria\u0142: karton, magnes, foliawymiary opakowania: 17 x 17 x 1 cm                            <\/p>\n<p>a                            <\/p>\n<p>a                            <\/p>\n<p>Ameryka\u0144ska marka zabawek edukacyjnych MUDPUPPY powsta\u0142a w 1992 roku. Dzi\u015b jest znana na ca\u0142ym \u015bwiecie i cieszy si\u0119 powszechnym zaufaniem rodzic\u00f3w. Skupia si\u0119 na tworzeniu produkt\u00f3w, zach\u0119caj\u0105cych dzieci do tw\u00f3rczej aktywno\u015bci, a przy tym wspieraj\u0105cych ich rozw\u00f3j i stymuluj\u0105cych wyobra\u017ani\u0119. Oferta marki to g\u0142\u00f3wnie puzzle, gry, uk\u0142adanki oraz zestawy kreatywne, w tym tematyczne komplety magnes\u00f3w czy naklejek.Projekty MUDPUPPY inspirowane s\u0105 sztuk\u0105, m. in. ilustracj\u0105 dla dzieci. Marka stale wsp\u00f3\u0142pracuje ze wsp\u00f3\u0142czesnymi artystami, a jej produkty s\u0105 wci\u0105\u017c nagradzane za kreatywno\u015b\u0107, u\u017cyteczno\u015b\u0107 i innowacyjno\u015b\u0107.<\/p>\n<h2>Mudpuppy Koty I Psy Puzzle Magnetyczne 40El. Mudpuppy<\/h2>\n<p>marcelina imi\u0119, quiz o stolicach europy, szablon zaproszenia na urodziny do wydruku czarno bia\u0142e, zimowe zagadki, test szatan z si\u00f3dmej klasy, el\u017cbieta imi\u0119, quiz o wio\u015bnie, kolorowanki minionki, zagadki dla przedszkolak\u00f3w, rado\u015b\u0107 dziecka cytaty, mariola, \u017cyczenia wielkanocne dla dzieci kr\u00f3tkie, test z narnii lew czarownica i stara szafa, jakie prezenty na roczek<\/p>\n<p>yyyyy<\/p>\n<p>&nbsp;<\/p>\n","protected":false},"excerpt":{"rendered":"<p>Mudpuppy Koty I Psy Puzzle Magnetyczne 40El. Puzzle magnetyczne Koty i psy ameryka\u0144skiej marki MUDPUPPY nadaj\u0105 uk\u0142adaniu puzzli nowy wymiar \u2013 na samym z\u0142o\u017ceniu obrazka zabawa si\u0119 bowiem nie ko\u0144czy. W sk\u0142ad zestawu wchodz\u0105 2 uk\u0142adanki po 20 element\u00f3w ka\u017cda, przedstawiaj\u0105ce r\u00f3\u017cne gatunki ps\u00f3w (jeden obrazek) oraz kot\u00f3w (drugi obrazek), pokazanych w zabawny spos\u00f3b, cz\u0119sto [&hellip;]<\/p>\n","protected":false},"featured_media":10364,"comment_status":"closed","ping_status":"open","template":"","meta":[],"product_cat":[1344,90],"product_tag":[626,657,665,872],"class_list":["post-10363","product","type-product","status-publish","has-post-thumbnail","hentry","product_cat-mudpuppy","product_cat-puzzle","product_tag-jacek","product_tag-lol-kolorowanka","product_tag-proste-zagadki","product_tag-zagadki-dla-dzieci-6-lat"],"_links":{"self":[{"href":"http:\/\/klubmamgdynia.pl\/index.php\/wp-json\/wp\/v2\/product\/10363","targetHints":{"allow":["GET"]}}],"collection":[{"href":"http:\/\/klubmamgdynia.pl\/index.php\/wp-json\/wp\/v2\/product"}],"about":[{"href":"http:\/\/klubmamgdynia.pl\/index.php\/wp-json\/wp\/v2\/types\/product"}],"replies":[{"embeddable":true,"href":"http:\/\/klubmamgdynia.pl\/index.php\/wp-json\/wp\/v2\/comments?post=10363"}],"wp:featuredmedia":[{"embeddable":true,"href":"http:\/\/klubmamgdynia.pl\/index.php\/wp-json\/wp\/v2\/media\/10364"}],"wp:attachment":[{"href":"http:\/\/klubmamgdynia.pl\/index.php\/wp-json\/wp\/v2\/media?parent=10363"}],"wp:term":[{"taxonomy":"product_cat","embeddable":true,"href":"http:\/\/klubmamgdynia.pl\/index.php\/wp-json\/wp\/v2\/product_cat?post=10363"},{"taxonomy":"product_tag","embeddable":true,"href":"http:\/\/klubmamgdynia.pl\/index.php\/wp-json\/wp\/v2\/product_tag?post=10363"}],"curies":[{"name":"wp","href":"https:\/\/api.w.org\/{rel}","templated":true}]}}