{"id":10379,"date":"2012-01-29T15:07:40","date_gmt":"2012-01-29T14:07:40","guid":{"rendered":"http:\/\/klubmamgdynia.pl\/index.php\/produkt\/alex-mapsensor-czujnik-cisnienia-lpg-optima-4-pin\/"},"modified":"2026-04-30T16:46:56","modified_gmt":"2026-04-30T14:46:56","slug":"alex-mapsensor-czujnik-cisnienia-lpg-optima-4-pin","status":"publish","type":"product","link":"http:\/\/klubmamgdynia.pl\/index.php\/produkt\/alex-mapsensor-czujnik-cisnienia-lpg-optima-4-pin\/","title":{"rendered":"Alex Mapsensor Czujnik Ci\u015bnienia Lpg Optima 4 Pin"},"content":{"rendered":"<p>MAPSENSOR CZUJNIK CI\u015aNIENIA PODCI\u015aNIENIA GAZU OPTIMAKOD PRODUKTU PCB-14-00003MAPSENSOR (czujnik podci\u015bnienia) jest elementem, kt\u00f3ry odpowiada za pomiar ci\u015bnienia gazu podawanego do wtryskiwaczy. Czujnik mierzy tak\u017ce podci\u015bnienie generowane w uk\u0142adzie dolotowym.Wed\u0142ug wskazania mapsensora program w centrali steruj\u0105cej (ECU) koryguje oraz dobiera odpowiednie czasy wtrysku gazu. Element dedykowany jest do instalacji OPTIMA firmy ALEX.<\/p>\n<h2>Alex Mapsensor Czujnik Ci\u015bnienia Lpg Optima 4 Pin Alex<\/h2>\n<p>ma\u0142y ksi\u0105\u017c\u0119 &#8211; test z odpowiedziami, kotek kolorowanka, daria imie, pokemon kolorowanki do druku, malowanie kamieni, zagadki logiczne, zagadki matematyczne dla dzieci 7 lat, prezent na 1 urodziny dla ch\u0142opca, cytaty na dzien dziecka, kolorowanki lol, kolorowanki do druku dla dziewczynek, zagadki dla dzieci 7 lat o zwierz\u0119tach, bajka o kreciku, misie z film\u00f3w animowanych, filmy rodzinne na halloween, julian znaczenie<\/p>\n<p>yyyyy<\/p>\n<p>&nbsp;<\/p>\n","protected":false},"excerpt":{"rendered":"<p>MAPSENSOR CZUJNIK CI\u015aNIENIA PODCI\u015aNIENIA GAZU OPTIMAKOD PRODUKTU PCB-14-00003MAPSENSOR (czujnik podci\u015bnienia) jest elementem, kt\u00f3ry odpowiada za pomiar ci\u015bnienia gazu podawanego do wtryskiwaczy. Czujnik mierzy tak\u017ce podci\u015bnienie generowane w uk\u0142adzie dolotowym.Wed\u0142ug wskazania mapsensora program w centrali steruj\u0105cej (ECU) koryguje oraz dobiera odpowiednie czasy wtrysku gazu. Element dedykowany jest do instalacji OPTIMA firmy ALEX. Alex Mapsensor Czujnik Ci\u015bnienia [&hellip;]<\/p>\n","protected":false},"featured_media":10380,"comment_status":"closed","ping_status":"open","template":"","meta":[],"product_cat":[1905,1907],"product_tag":[784,798,710,820],"class_list":["post-10379","product","type-product","status-publish","has-post-thumbnail","hentry","product_cat-alex","product_cat-lpg","product_tag-hymn-gorniczy","product_tag-prezenty-dla-nastolatki","product_tag-zagadki-dla-dzieci-10-12-lat","product_tag-ziemia-wyspa-zielona-tekst"],"_links":{"self":[{"href":"http:\/\/klubmamgdynia.pl\/index.php\/wp-json\/wp\/v2\/product\/10379","targetHints":{"allow":["GET"]}}],"collection":[{"href":"http:\/\/klubmamgdynia.pl\/index.php\/wp-json\/wp\/v2\/product"}],"about":[{"href":"http:\/\/klubmamgdynia.pl\/index.php\/wp-json\/wp\/v2\/types\/product"}],"replies":[{"embeddable":true,"href":"http:\/\/klubmamgdynia.pl\/index.php\/wp-json\/wp\/v2\/comments?post=10379"}],"wp:featuredmedia":[{"embeddable":true,"href":"http:\/\/klubmamgdynia.pl\/index.php\/wp-json\/wp\/v2\/media\/10380"}],"wp:attachment":[{"href":"http:\/\/klubmamgdynia.pl\/index.php\/wp-json\/wp\/v2\/media?parent=10379"}],"wp:term":[{"taxonomy":"product_cat","embeddable":true,"href":"http:\/\/klubmamgdynia.pl\/index.php\/wp-json\/wp\/v2\/product_cat?post=10379"},{"taxonomy":"product_tag","embeddable":true,"href":"http:\/\/klubmamgdynia.pl\/index.php\/wp-json\/wp\/v2\/product_tag?post=10379"}],"curies":[{"name":"wp","href":"https:\/\/api.w.org\/{rel}","templated":true}]}}