{"id":10385,"date":"2025-08-11T09:52:10","date_gmt":"2025-08-11T07:52:10","guid":{"rendered":"http:\/\/klubmamgdynia.pl\/?post_type=product&#038;p=10385"},"modified":"2026-04-29T00:29:43","modified_gmt":"2026-04-28T22:29:43","slug":"ses-creative-moje-pierwsze-malowanie-woda-14421","status":"publish","type":"product","link":"http:\/\/klubmamgdynia.pl\/index.php\/produkt\/ses-creative-moje-pierwsze-malowanie-woda-14421\/","title":{"rendered":"SES Creative Moje pierwsze malowanie Wod\u0105 14421"},"content":{"rendered":"<p>1x Moje pierwsze malowanie z wod\u0105 SES Creative 14421 A co powiecie na kolorowe malowanie bez chlapania farb\u0105? Wystarczy tylko czysta woda!Zestaw zawiera 5 element\u00f3w, w tym:4 szablonyp\u0119dzelekCechy produktu:kod produktu: 14421kategoria wiekowa: od 12 miesi\u0119cywymiary opakowania: 30 x 20 x 4 cmOPISW prezentowanym zestawie znajdziemy 4 wyj\u0105tkowe szablony, kt\u00f3re przestawiaj\u0105 zwierz\u0119ce motywy: pieska i kotka, konika, delfina, rybk\u0119, kraba i konika morskiego oraz 2 zabawne motyle. Szablony przed pomalowaniem s\u0105 czarno bia\u0142e, ale gdy dziecko przy\u0142o\u017cy do nich p\u0119dzelek nas\u0105czony wy\u0142\u0105cznie wod\u0105, magicznie o\u017cywaj\u0105, robi\u0105c si\u0119 szalenie kolorowe! Zabawa mo\u017ce trwa\u0107 bez ko\u0144ca, poniewa\u017c po 5 minutach, gdy szablon wysycha, znowu zrobi si\u0119 monochromatyczny. Za\u0142\u0105czony p\u0119dzel jest ca\u0142kowicie bezpieczny dla najm\u0142odszych dzieci.<\/p>\n<h2>SES Creative Moje pierwsze malowanie Wod\u0105 14421 Ses Creative<\/h2>\n<p>zagadki rymowane, malowanki \u015bwi\u0105teczne, zaproszenie na urodziny do druku pdf, prezent dla jedenastolatka, kolorowanki kotki, zagadki z odpowiedziami, tekst kolysanek, dynie pozna\u0144, labirynt psi patrol, test z dzieci z bullerbyn, opis do zdj\u0119cia z dzieckiem, trudne zagadki logiczne z odpowiedziami, cytat z kubusia puchatka o mi\u0142o\u015bci, opis o dziecku, alan imie<\/p>\n<p>yyyyy<\/p>\n<p>&nbsp;<\/p>\n","protected":false},"excerpt":{"rendered":"<p>1x Moje pierwsze malowanie z wod\u0105 SES Creative 14421 A co powiecie na kolorowe malowanie bez chlapania farb\u0105? Wystarczy tylko czysta woda!Zestaw zawiera 5 element\u00f3w, w tym:4 szablonyp\u0119dzelekCechy produktu:kod produktu: 14421kategoria wiekowa: od 12 miesi\u0119cywymiary opakowania: 30 x 20 x 4 cmOPISW prezentowanym zestawie znajdziemy 4 wyj\u0105tkowe szablony, kt\u00f3re przestawiaj\u0105 zwierz\u0119ce motywy: pieska i kotka, [&hellip;]<\/p>\n","protected":false},"featured_media":10386,"comment_status":"closed","ping_status":"open","template":"","meta":[],"product_cat":[1072,21],"product_tag":[666,753,674,651,822],"class_list":["post-10385","product","type-product","status-publish","has-post-thumbnail","hentry","product_cat-ses-creative","product_cat-zabawki-plastyczne","product_tag-afrykanskie-imiona","product_tag-kamila","product_tag-miasto-dzieci","product_tag-quizy-online","product_tag-wierszyki-o-wakacjach-krotkie"],"_links":{"self":[{"href":"http:\/\/klubmamgdynia.pl\/index.php\/wp-json\/wp\/v2\/product\/10385","targetHints":{"allow":["GET"]}}],"collection":[{"href":"http:\/\/klubmamgdynia.pl\/index.php\/wp-json\/wp\/v2\/product"}],"about":[{"href":"http:\/\/klubmamgdynia.pl\/index.php\/wp-json\/wp\/v2\/types\/product"}],"replies":[{"embeddable":true,"href":"http:\/\/klubmamgdynia.pl\/index.php\/wp-json\/wp\/v2\/comments?post=10385"}],"wp:featuredmedia":[{"embeddable":true,"href":"http:\/\/klubmamgdynia.pl\/index.php\/wp-json\/wp\/v2\/media\/10386"}],"wp:attachment":[{"href":"http:\/\/klubmamgdynia.pl\/index.php\/wp-json\/wp\/v2\/media?parent=10385"}],"wp:term":[{"taxonomy":"product_cat","embeddable":true,"href":"http:\/\/klubmamgdynia.pl\/index.php\/wp-json\/wp\/v2\/product_cat?post=10385"},{"taxonomy":"product_tag","embeddable":true,"href":"http:\/\/klubmamgdynia.pl\/index.php\/wp-json\/wp\/v2\/product_tag?post=10385"}],"curies":[{"name":"wp","href":"https:\/\/api.w.org\/{rel}","templated":true}]}}