{"id":10401,"date":"2012-06-09T17:41:14","date_gmt":"2012-06-09T15:41:14","guid":{"rendered":"http:\/\/klubmamgdynia.pl\/index.php\/produkt\/janod-racing-klocki-dla-dzieci-jnd02828\/"},"modified":"2026-05-02T18:38:37","modified_gmt":"2026-05-02T16:38:37","slug":"janod-racing-klocki-dla-dzieci-jnd02828","status":"publish","type":"product","link":"http:\/\/klubmamgdynia.pl\/index.php\/produkt\/janod-racing-klocki-dla-dzieci-jnd02828\/","title":{"rendered":"Janod Racing Klocki Dla Dzieci Jnd02828"},"content":{"rendered":"<p>Piramida to zabawka zaprojektowana przez francusk\u0105 mark\u0119 Janod. Sk\u0142ada si\u0119 ona z 10 klock\u00f3w wykonanych z kartonu o wysokiej jako\u015bci. Na \u015bciankach ka\u017cdego z klock\u00f3w znajduj\u0105 si\u0119 ilustracje toru wy\u015bcigowego, po kt\u00f3rym je\u017cd\u017c\u0105 zwierz\u0105tka w r\u00f3\u017cnych pojazdach. Piramida na pewno przypadnie do gustu ka\u017cdemu wielbicielowi motoryzacji! Zabawka jest doskona\u0142a dla rocznych dzieci, kt\u00f3re z rado\u015bci\u0105 nie tylko zbuduj\u0105 piramid\u0119, ale tak\u017ce j\u0105 zburz\u0105. Uk\u0142adanie piramidy to \u015bwietne wsparcie dla rozwoju zdolno\u015bci manualnych i koordynacji ruchowej. To r\u00f3wnie\u017c nauka cierpliwo\u015bci i precyzji po\u0142\u0105czona z doskona\u0142\u0105 zabaw\u0105.Klocki zapakowane s\u0105 w elegancki kartonik, idealnie sprawdz\u0105 si\u0119 jako prezent.Wymiary najwi\u0119kszego klocka: 13,5 x 13,5 x 13,5 cm Ca\u0142kowita wysoko\u015b\u0107 wie\u017cy: 87cmJanod to francuska firma, kt\u00f3ra od 1970 roku projektuje edukacyjne zabawki dla dzieci. Produkty firmy wyr\u00f3\u017cniaj\u0105 si\u0119 innowacyjno\u015bci\u0105, wysok\u0105 jako\u015bci\u0105 wykonania i dopracowanym designem a przy tym pomagaj\u0105 rozwija\u0107 zmys\u0142y wzroku, s\u0142uchu, dotyku i r\u00f3wnowagi.kategoria: zabawki edukacyjneseria: -indeks: J02828producent: Janodwiek: 12m +liczba element\u00f3w: 10materia\u0142: twardy kartondesign: Francjawymiary produktu: 13,5 x 13,5 x 88 cmwaga produktu: 0,54 kgwymiary opakowania: 14,5 x 14,5 x 14,5 cmbezpiecze\u0144stwo i jako\u015b\u0107: EN71-1; EN71-2, EN71-3; REACH<\/p>\n<h2>Janod Racing Klocki Dla Dzieci Jnd02828 Janod<\/h2>\n<p>kiedy dzieci chodz\u0105 na halloween, flagi europy quiz, darmowe quizy, pi\u0119kne cytaty o synku, kr\u00f3tkie zagadki, kolorowanki bajki, farma dyni poznan, ilona, piosenka przyjed\u017a do nas miko\u0142aju, ja\u015bmina, skalne miasto<\/p>\n<p>yyyyy<\/p>\n<p>&nbsp;<\/p>\n","protected":false},"excerpt":{"rendered":"<p>Piramida to zabawka zaprojektowana przez francusk\u0105 mark\u0119 Janod. Sk\u0142ada si\u0119 ona z 10 klock\u00f3w wykonanych z kartonu o wysokiej jako\u015bci. Na \u015bciankach ka\u017cdego z klock\u00f3w znajduj\u0105 si\u0119 ilustracje toru wy\u015bcigowego, po kt\u00f3rym je\u017cd\u017c\u0105 zwierz\u0105tka w r\u00f3\u017cnych pojazdach. Piramida na pewno przypadnie do gustu ka\u017cdemu wielbicielowi motoryzacji! Zabawka jest doskona\u0142a dla rocznych dzieci, kt\u00f3re z rado\u015bci\u0105 [&hellip;]<\/p>\n","protected":false},"featured_media":10402,"comment_status":"closed","ping_status":"open","template":"","meta":[],"product_cat":[557,537],"product_tag":[706,775,847,675,824,767],"class_list":["post-10401","product","type-product","status-publish","has-post-thumbnail","hentry","product_cat-janod","product_cat-pozostale-zabawki-edukacyjne","product_tag-imie-kuba","product_tag-kolorowanki-do-druku-pokemon","product_tag-kolorowanki-pokemon","product_tag-test-z-lektury-kajko-i-kokosz-szkola-latania","product_tag-warszawa-atrakcje-dla-dzieci","product_tag-zaproszenia-urodzinowe-do-druku"],"_links":{"self":[{"href":"http:\/\/klubmamgdynia.pl\/index.php\/wp-json\/wp\/v2\/product\/10401","targetHints":{"allow":["GET"]}}],"collection":[{"href":"http:\/\/klubmamgdynia.pl\/index.php\/wp-json\/wp\/v2\/product"}],"about":[{"href":"http:\/\/klubmamgdynia.pl\/index.php\/wp-json\/wp\/v2\/types\/product"}],"replies":[{"embeddable":true,"href":"http:\/\/klubmamgdynia.pl\/index.php\/wp-json\/wp\/v2\/comments?post=10401"}],"wp:featuredmedia":[{"embeddable":true,"href":"http:\/\/klubmamgdynia.pl\/index.php\/wp-json\/wp\/v2\/media\/10402"}],"wp:attachment":[{"href":"http:\/\/klubmamgdynia.pl\/index.php\/wp-json\/wp\/v2\/media?parent=10401"}],"wp:term":[{"taxonomy":"product_cat","embeddable":true,"href":"http:\/\/klubmamgdynia.pl\/index.php\/wp-json\/wp\/v2\/product_cat?post=10401"},{"taxonomy":"product_tag","embeddable":true,"href":"http:\/\/klubmamgdynia.pl\/index.php\/wp-json\/wp\/v2\/product_tag?post=10401"}],"curies":[{"name":"wp","href":"https:\/\/api.w.org\/{rel}","templated":true}]}}