{"id":10419,"date":"2015-01-18T17:25:17","date_gmt":"2015-01-18T16:25:17","guid":{"rendered":"http:\/\/klubmamgdynia.pl\/index.php\/produkt\/zuzu-toys-wstep-tylko-dla-dzieci-kreatywna-tasma\/"},"modified":"2026-05-01T16:06:28","modified_gmt":"2026-05-01T14:06:28","slug":"zuzu-toys-wstep-tylko-dla-dzieci-kreatywna-tasma","status":"publish","type":"product","link":"http:\/\/klubmamgdynia.pl\/index.php\/produkt\/zuzu-toys-wstep-tylko-dla-dzieci-kreatywna-tasma\/","title":{"rendered":"Zuzu Toys Wst\u0119p Tylko Dla Dzieci Kreatywna Ta\u015bma"},"content":{"rendered":"<p>Kreatywna ta\u015bma &#8222;Wst\u0119p tylko dla dzieci&#8221; ma za zadanie odgradza\u0107 przestrze\u0144 przeznaczon\u0105 tylko dla dzieci.Ta\u015bma &#8222;Wst\u0119p tylko dla dzieci&#8221; doskona\u0142a sprawdza si\u0119 na urodzinowym party w domu i ogrodzie a tak\u017ce do zabawy na co dzie\u0144. Mo\u017ce by\u0107 pomocna przy budowaniu domku z krzese\u0142 i koc\u00f3w.Spe\u0142nia dzieci\u0119ce marzenia. Doro\u015bli ci\u0105gle czego\u015b dzieciom zakazuj\u0105 a tym razem b\u0119dzie odwrotnie. Zakaz wst\u0119pu b\u0119dzie dotyczy\u0107 doros\u0142ych!ZUZU TOYS to polska firma, kt\u00f3rej ambicj\u0105 jest tworzenie zabawek wyr\u00f3\u017cniaj\u0105cych si\u0119 ciekawym pomys\u0142em, pi\u0119knym wzornictwem i wysok\u0105 jako\u015bci\u0105. Wszystkie zabawki produkowane s\u0105 w Polsce z u\u017cyciem najlepszych materia\u0142\u00f3w. Wype\u0142nienie zabawek posiada certyfikat ekologiczny Oeko-Tex Standard 100. Dzi\u0119ki pi\u0119knym opakowaniom oraz t\u0142umaczeniu na j\u0119zyk angielski zabawki Zuzu Toys cz\u0119sto wybierane s\u0105 jako ciekawy i edukacyjny prezent z Polski.&#8221;Wszystkie nasze pomys\u0142y przechodz\u0105 najtrudniejszy test &#8211; naszych w\u0142asnych dzieci&#8221; &#8211; m\u00f3wi\u0105 projektanci z Zuzu Toys.<\/p>\n<h2>Zuzu Toys Wst\u0119p Tylko Dla Dzieci Kreatywna Ta\u015bma Zuzu Toys<\/h2>\n<p>fajne rzeczy dla nastolatk\u00f3w, cytaty o dzieciach, wakacyjne kolorowanki, kotek kolorowanka, pokemon kolorowanka, zagadki s\u0142owne, prezent dla nastolatk\u00f3w na \u015bwi\u0119ta, rodzina cytaty<\/p>\n<p>yyyyy<\/p>\n<p>&nbsp;<\/p>\n","protected":false},"excerpt":{"rendered":"<p>Kreatywna ta\u015bma &#8222;Wst\u0119p tylko dla dzieci&#8221; ma za zadanie odgradza\u0107 przestrze\u0144 przeznaczon\u0105 tylko dla dzieci.Ta\u015bma &#8222;Wst\u0119p tylko dla dzieci&#8221; doskona\u0142a sprawdza si\u0119 na urodzinowym party w domu i ogrodzie a tak\u017ce do zabawy na co dzie\u0144. Mo\u017ce by\u0107 pomocna przy budowaniu domku z krzese\u0142 i koc\u00f3w.Spe\u0142nia dzieci\u0119ce marzenia. Doro\u015bli ci\u0105gle czego\u015b dzieciom zakazuj\u0105 a tym [&hellip;]<\/p>\n","protected":false},"featured_media":10420,"comment_status":"closed","ping_status":"open","template":"","meta":[],"product_cat":[555,1910],"product_tag":[789,689,821,576],"class_list":["post-10419","product","type-product","status-publish","has-post-thumbnail","hentry","product_cat-dzieciece-akcesoria-dekoracyjne","product_cat-zuzu-toys","product_tag-kaczuszka","product_tag-linda","product_tag-marianna","product_tag-trudne-zagadki"],"_links":{"self":[{"href":"http:\/\/klubmamgdynia.pl\/index.php\/wp-json\/wp\/v2\/product\/10419","targetHints":{"allow":["GET"]}}],"collection":[{"href":"http:\/\/klubmamgdynia.pl\/index.php\/wp-json\/wp\/v2\/product"}],"about":[{"href":"http:\/\/klubmamgdynia.pl\/index.php\/wp-json\/wp\/v2\/types\/product"}],"replies":[{"embeddable":true,"href":"http:\/\/klubmamgdynia.pl\/index.php\/wp-json\/wp\/v2\/comments?post=10419"}],"wp:featuredmedia":[{"embeddable":true,"href":"http:\/\/klubmamgdynia.pl\/index.php\/wp-json\/wp\/v2\/media\/10420"}],"wp:attachment":[{"href":"http:\/\/klubmamgdynia.pl\/index.php\/wp-json\/wp\/v2\/media?parent=10419"}],"wp:term":[{"taxonomy":"product_cat","embeddable":true,"href":"http:\/\/klubmamgdynia.pl\/index.php\/wp-json\/wp\/v2\/product_cat?post=10419"},{"taxonomy":"product_tag","embeddable":true,"href":"http:\/\/klubmamgdynia.pl\/index.php\/wp-json\/wp\/v2\/product_tag?post=10419"}],"curies":[{"name":"wp","href":"https:\/\/api.w.org\/{rel}","templated":true}]}}