{"id":10425,"date":"2013-08-04T17:41:07","date_gmt":"2013-08-04T15:41:07","guid":{"rendered":"http:\/\/klubmamgdynia.pl\/index.php\/produkt\/ses-creative-creativ-e-farba-plakatowa-brokat\/"},"modified":"2026-05-17T22:57:21","modified_gmt":"2026-05-17T20:57:21","slug":"ses-creative-creativ-e-farba-plakatowa-brokat","status":"publish","type":"product","link":"http:\/\/klubmamgdynia.pl\/index.php\/produkt\/ses-creative-creativ-e-farba-plakatowa-brokat\/","title":{"rendered":"Ses Creative Creativ E\u00ae Farba Plakatowa Brokat"},"content":{"rendered":"<p>Stw\u00f3rz pi\u0119kne brokatowe dzie\u0142a sztuki za pomoc\u0105 tej farby plakatowej SES. Ten zestaw zawiera sze\u015b\u0107 jaskrawych kolor\u00f3w brokatu. Oznacza to, \u017ce masz niebieski brokat, zielony brokat, czerwony brokat itd. Brokat w lakierze sprawia, \u017ce wszystkie Twoje kreacje s\u0105 jeszcze pi\u0119kniejsze! Farba plakatowa SES mo\u017ce by\u0107 \u0142atwo wyp\u0142ukana z wi\u0119kszo\u015bci tekstyli\u00f3w. Szczeg\u00f3\u0142y produktu: Fioletowa farba plakatowa z brokatem, \u017c\u00f3\u0142ta farba plakatowa z brokatem, czerwona farba plakatowa z brokatem, zielona farba plakatowa z brokatem, niebieska farba plakatowa z brokatem, orange ne farba plakatowa z brokatem Mocne kolory Puszki wielokrotnego u\u017cytku i nadaj\u0105ce si\u0119 do recyklingu Wymiary: (d\u0142ugo\u015b\u0107 x szeroko\u015b\u0107 x wysoko\u015b\u0107) 20 x 20 x 5 cm Wiek: od 3 lat Uwaga Nieodpowiednie dla dzieci poni\u017cej trzech lat. Zawiera ma\u0142e cz\u0119\u015bci, kt\u00f3re mog\u0105 zosta\u0107 po\u0142kni\u0119te. Niebezpiecze\u0144stwo uduszenia! Wyb\u00f3r modelu nie jest niestety mo\u017cliwy!<\/p>\n<h2>Ses Creative Creativ E\u00ae Farba Plakatowa Brokat Ses Creative<\/h2>\n<p>upominek dla nastolatk\u00f3w, kolorowanki patriotyczne symbole narodowe kolorowanka, co oznacza nazwa jordan, otto, jesienne zagadki, lol kolorowanka, wierszyki na \u015bmigus dyngus, opisy do zdj\u0119\u0107 z dzieckiem, poczytaj mi wiersz, \u017carty prima aprilis, piesek do kolorowania, prezent dla rocznego ch\u0142opca, gad\u017cety dla m\u0142odzie\u017cy 2020, proste zagadki logiczne, warszawa atrakcje dla m\u0142odzie\u017cy, quizy \u015bwi\u0105teczne bo\u017ce narodzenie, zyczenia walentynkowe dla dzieci, praktyczny prezent dla rocznego dziecka, wielkanocne zagadki, psi patrol kolorowanka do druku<\/p>\n<p>yyyyy<\/p>\n<p>&nbsp;<\/p>\n","protected":false},"excerpt":{"rendered":"<p>Stw\u00f3rz pi\u0119kne brokatowe dzie\u0142a sztuki za pomoc\u0105 tej farby plakatowej SES. Ten zestaw zawiera sze\u015b\u0107 jaskrawych kolor\u00f3w brokatu. Oznacza to, \u017ce masz niebieski brokat, zielony brokat, czerwony brokat itd. Brokat w lakierze sprawia, \u017ce wszystkie Twoje kreacje s\u0105 jeszcze pi\u0119kniejsze! Farba plakatowa SES mo\u017ce by\u0107 \u0142atwo wyp\u0142ukana z wi\u0119kszo\u015bci tekstyli\u00f3w. Szczeg\u00f3\u0142y produktu: Fioletowa farba plakatowa [&hellip;]<\/p>\n","protected":false},"featured_media":10426,"comment_status":"closed","ping_status":"open","template":"","meta":[],"product_cat":[1072,297],"product_tag":[731,821,638,714,860,793],"class_list":["post-10425","product","type-product","status-publish","has-post-thumbnail","hentry","product_cat-ses-creative","product_cat-szkolne-artykuly-plastyczne","product_tag-maly-ksiaze-cytaty","product_tag-marianna","product_tag-miastodzieci","product_tag-zagadki-logiczne","product_tag-zagadki-logiczne-dla-doroslych","product_tag-zagadki-smieszne-podchwytliwe"],"_links":{"self":[{"href":"http:\/\/klubmamgdynia.pl\/index.php\/wp-json\/wp\/v2\/product\/10425","targetHints":{"allow":["GET"]}}],"collection":[{"href":"http:\/\/klubmamgdynia.pl\/index.php\/wp-json\/wp\/v2\/product"}],"about":[{"href":"http:\/\/klubmamgdynia.pl\/index.php\/wp-json\/wp\/v2\/types\/product"}],"replies":[{"embeddable":true,"href":"http:\/\/klubmamgdynia.pl\/index.php\/wp-json\/wp\/v2\/comments?post=10425"}],"wp:featuredmedia":[{"embeddable":true,"href":"http:\/\/klubmamgdynia.pl\/index.php\/wp-json\/wp\/v2\/media\/10426"}],"wp:attachment":[{"href":"http:\/\/klubmamgdynia.pl\/index.php\/wp-json\/wp\/v2\/media?parent=10425"}],"wp:term":[{"taxonomy":"product_cat","embeddable":true,"href":"http:\/\/klubmamgdynia.pl\/index.php\/wp-json\/wp\/v2\/product_cat?post=10425"},{"taxonomy":"product_tag","embeddable":true,"href":"http:\/\/klubmamgdynia.pl\/index.php\/wp-json\/wp\/v2\/product_tag?post=10425"}],"curies":[{"name":"wp","href":"https:\/\/api.w.org\/{rel}","templated":true}]}}