{"id":10429,"date":"2011-09-10T22:37:04","date_gmt":"2011-09-10T20:37:04","guid":{"rendered":"http:\/\/klubmamgdynia.pl\/index.php\/produkt\/aladine-stempelki-stampominos-dinozaury-85123\/"},"modified":"2026-04-04T14:28:38","modified_gmt":"2026-04-04T12:28:38","slug":"aladine-stempelki-stampominos-dinozaury-85123","status":"publish","type":"product","link":"http:\/\/klubmamgdynia.pl\/index.php\/produkt\/aladine-stempelki-stampominos-dinozaury-85123\/","title":{"rendered":"Aladine Stempelki Stampominos Dinozaury 85123"},"content":{"rendered":"<p>Aladine to francuska firma kt\u00f3ra od lat specjalizuje si\u0119 w produkcji artyku\u0142\u00f3w do scrapbooking\u2019u, artyku\u0142\u00f3w do kaligrafii, stempli do dekoracji \u015bciennych oraz r\u00f3\u017cnych innych stempli dekoracyjnych.STEMPLE STAMPINOS DINOZAURYZestaw Stampinos Dinozaury zawiera 10 piecz\u0105tek i poduszk\u0119 z czarnym tuszem kt\u00f3re, umo\u017cliwi\u0105 najm\u0142odszym dzieciom tworzenie wspania\u0142ych obrazk\u00f3w. Zastosowanie ciemnego tuszu u\u0142atwia uzyskanie wyra\u017anych kontur\u00f3w co u\u0142atwia kolorowanie wykonanych obrazk\u00f3wKa\u017cdy stempelek posiada nadruk wzoru, jaki uzyska dziecko po jego wykonaniu.Du\u017ce i proste wzory stempelk\u00f3w przedstawiaj\u0105cych dinozaury sprawi\u0105 dzieciom wiele rado\u015bci i zainspiruj\u0105 r\u00f3wnie\u017c rodzic\u00f3w do wymy\u015blania ciekawych zabaw z wykorzystaniem stempli Stampinos.Stemple Stampinos Dinozaury mo\u017cna bardzo \u0142atwo zmy\u0107 wod\u0105 i s\u0105 bardzo bezpieczne dla dzieci. Poduszka z tuszem posiada podwy\u017cszony brzeg i po odwr\u00f3ceniu jej do g\u00f3ry nogami nie pobrudzi kartek i sto\u0142u.Stemple posiadaj\u0105 \u0142adne opakowanie i doskonale nadaj\u0105 si\u0119 na prezent.Producent: ALADINENumer katalogowy: A85123Wymiary opakowania ( cm ): 11,5 x 11,5 x 11Kategoria wiekowa: 3+<\/p>\n<h2>Aladine Stempelki Stampominos Dinozaury 85123 Aladine<\/h2>\n<p>kontynenty do druku, cookie dough przepis, zagadki i odpowiedzi, nauka zegara, jedzie poci\u0105g z daleka tekst, bardzo trudne zagadki, opowie\u015bci z narni lew czarownica i stara szafa test, wroc\u0142aw dla dzieci<\/p>\n<p>yyyyy<\/p>\n<p>&nbsp;<\/p>\n","protected":false},"excerpt":{"rendered":"<p>Aladine to francuska firma kt\u00f3ra od lat specjalizuje si\u0119 w produkcji artyku\u0142\u00f3w do scrapbooking\u2019u, artyku\u0142\u00f3w do kaligrafii, stempli do dekoracji \u015bciennych oraz r\u00f3\u017cnych innych stempli dekoracyjnych.STEMPLE STAMPINOS DINOZAURYZestaw Stampinos Dinozaury zawiera 10 piecz\u0105tek i poduszk\u0119 z czarnym tuszem kt\u00f3re, umo\u017cliwi\u0105 najm\u0142odszym dzieciom tworzenie wspania\u0142ych obrazk\u00f3w. Zastosowanie ciemnego tuszu u\u0142atwia uzyskanie wyra\u017anych kontur\u00f3w co u\u0142atwia kolorowanie [&hellip;]<\/p>\n","protected":false},"featured_media":10430,"comment_status":"closed","ping_status":"open","template":"","meta":[],"product_cat":[1880,21],"product_tag":[669,585,631,724],"class_list":["post-10429","product","type-product","status-publish","has-post-thumbnail","hentry","product_cat-aladine","product_cat-zabawki-plastyczne","product_tag-kolorowanki","product_tag-kolorowanki-dla-chlopcow","product_tag-prezent-na-roczek","product_tag-zagadki-podchwytliwe"],"_links":{"self":[{"href":"http:\/\/klubmamgdynia.pl\/index.php\/wp-json\/wp\/v2\/product\/10429","targetHints":{"allow":["GET"]}}],"collection":[{"href":"http:\/\/klubmamgdynia.pl\/index.php\/wp-json\/wp\/v2\/product"}],"about":[{"href":"http:\/\/klubmamgdynia.pl\/index.php\/wp-json\/wp\/v2\/types\/product"}],"replies":[{"embeddable":true,"href":"http:\/\/klubmamgdynia.pl\/index.php\/wp-json\/wp\/v2\/comments?post=10429"}],"wp:featuredmedia":[{"embeddable":true,"href":"http:\/\/klubmamgdynia.pl\/index.php\/wp-json\/wp\/v2\/media\/10430"}],"wp:attachment":[{"href":"http:\/\/klubmamgdynia.pl\/index.php\/wp-json\/wp\/v2\/media?parent=10429"}],"wp:term":[{"taxonomy":"product_cat","embeddable":true,"href":"http:\/\/klubmamgdynia.pl\/index.php\/wp-json\/wp\/v2\/product_cat?post=10429"},{"taxonomy":"product_tag","embeddable":true,"href":"http:\/\/klubmamgdynia.pl\/index.php\/wp-json\/wp\/v2\/product_tag?post=10429"}],"curies":[{"name":"wp","href":"https:\/\/api.w.org\/{rel}","templated":true}]}}