{"id":10433,"date":"2016-07-09T17:37:30","date_gmt":"2016-07-09T15:37:30","guid":{"rendered":"http:\/\/klubmamgdynia.pl\/index.php\/produkt\/multiprint-minionki-pieczatki-w-walizce\/"},"modified":"2026-05-17T22:13:33","modified_gmt":"2026-05-17T20:13:33","slug":"multiprint-minionki-pieczatki-w-walizce","status":"publish","type":"product","link":"http:\/\/klubmamgdynia.pl\/index.php\/produkt\/multiprint-minionki-pieczatki-w-walizce\/","title":{"rendered":"Multiprint Minionki Piecz\u0105tki W Walizce"},"content":{"rendered":"<p>Piecz\u0105tki na licencji Minionki. W sk\u0142ad zestawu wchodz\u0105: 7 piecz\u0105tek, 3 pisaki, 1 poduszeczka do tuszu i 1 notatnik&#8230;.<\/p>\n<h2>Multiprint Minionki Piecz\u0105tki W Walizce Multiprint<\/h2>\n<p>test asiunia joanna papuzi\u0144ska, pozytywne cytaty mama cytaty, warszawa atrakcje dla m\u0142odzie\u017cy, quiz o polsce dla dzieci, kartk\u00f3wki z zegara, prezent dla 7 latki, zagadki na dzie\u0144 przedszkolaka, znaczenia imienia alicja, wiosenna kolorowanka, prezent dla dwunastolatka, dyplomy szablony pdf<\/p>\n<p>yyyyy<\/p>\n<p>&nbsp;<\/p>\n","protected":false},"excerpt":{"rendered":"<p>Piecz\u0105tki na licencji Minionki. W sk\u0142ad zestawu wchodz\u0105: 7 piecz\u0105tek, 3 pisaki, 1 poduszeczka do tuszu i 1 notatnik&#8230;. Multiprint Minionki Piecz\u0105tki W Walizce Multiprint test asiunia joanna papuzi\u0144ska, pozytywne cytaty mama cytaty, warszawa atrakcje dla m\u0142odzie\u017cy, quiz o polsce dla dzieci, kartk\u00f3wki z zegara, prezent dla 7 latki, zagadki na dzie\u0144 przedszkolaka, znaczenia imienia [&hellip;]<\/p>\n","protected":false},"featured_media":10434,"comment_status":"closed","ping_status":"open","template":"","meta":[],"product_cat":[1879,21],"product_tag":[851,644,824,607],"class_list":["post-10433","product","type-product","status-publish","has-post-thumbnail","hentry","product_cat-multiprint","product_cat-zabawki-plastyczne","product_tag-jak-narysowac-kota","product_tag-mia","product_tag-warszawa-atrakcje-dla-dzieci","product_tag-zarty-na-prima-aprilis-dla-rodzicow"],"_links":{"self":[{"href":"http:\/\/klubmamgdynia.pl\/index.php\/wp-json\/wp\/v2\/product\/10433","targetHints":{"allow":["GET"]}}],"collection":[{"href":"http:\/\/klubmamgdynia.pl\/index.php\/wp-json\/wp\/v2\/product"}],"about":[{"href":"http:\/\/klubmamgdynia.pl\/index.php\/wp-json\/wp\/v2\/types\/product"}],"replies":[{"embeddable":true,"href":"http:\/\/klubmamgdynia.pl\/index.php\/wp-json\/wp\/v2\/comments?post=10433"}],"wp:featuredmedia":[{"embeddable":true,"href":"http:\/\/klubmamgdynia.pl\/index.php\/wp-json\/wp\/v2\/media\/10434"}],"wp:attachment":[{"href":"http:\/\/klubmamgdynia.pl\/index.php\/wp-json\/wp\/v2\/media?parent=10433"}],"wp:term":[{"taxonomy":"product_cat","embeddable":true,"href":"http:\/\/klubmamgdynia.pl\/index.php\/wp-json\/wp\/v2\/product_cat?post=10433"},{"taxonomy":"product_tag","embeddable":true,"href":"http:\/\/klubmamgdynia.pl\/index.php\/wp-json\/wp\/v2\/product_tag?post=10433"}],"curies":[{"name":"wp","href":"https:\/\/api.w.org\/{rel}","templated":true}]}}