{"id":10437,"date":"2019-02-09T03:26:46","date_gmt":"2019-02-09T02:26:46","guid":{"rendered":"http:\/\/klubmamgdynia.pl\/index.php\/produkt\/grafix-rms-grafix-zestaw-do-malowania-twarzy-make-up-wampir\/"},"modified":"2026-05-02T17:31:07","modified_gmt":"2026-05-02T15:31:07","slug":"grafix-rms-grafix-zestaw-do-malowania-twarzy-make-up-wampir","status":"publish","type":"product","link":"http:\/\/klubmamgdynia.pl\/index.php\/produkt\/grafix-rms-grafix-zestaw-do-malowania-twarzy-make-up-wampir\/","title":{"rendered":"Grafix\/Rms Grafix Zestaw Do Malowania Twarzy Make Up Wampir"},"content":{"rendered":"<p>&#8211; zestaw do makija\u017cu, Wampir- zawiera: cztery farby do twarzy, tubk\u0119 neonowej farby, sztuczne z\u0119by, aplikator- pakowane na blistrze<\/p>\n<h2>Grafix\/Rms Grafix Zestaw Do Malowania Twarzy Make Up Wampir Grafix<\/h2>\n<p>prezent dla 15 latka, zagadki na bal karnawa\u0142owy w przedszkolu, quizy dla dzieci o zwierz\u0119tach, stare piosenki, wyci\u0119cia szablon korony do druku, kolorowanka do malowania farbami, mdk aleksandr\u00f3w \u0142\u00f3dzki, marianna, lato lato lato czeka, \u017carty na prima aprilis dla rodzic\u00f3w, test z lektury felix net i nika oraz gang niewidzialnych ludzi, anio\u0142ki do druku, piesek kolorowanka, pytania o \u015bwi\u0119ta dla dzieci, przys\u0142owia o rodzinie, zagadki dla 4 latka do druku<\/p>\n<p>yyyyy<\/p>\n<p>&nbsp;<\/p>\n","protected":false},"excerpt":{"rendered":"<p>&#8211; zestaw do makija\u017cu, Wampir- zawiera: cztery farby do twarzy, tubk\u0119 neonowej farby, sztuczne z\u0119by, aplikator- pakowane na blistrze Grafix\/Rms Grafix Zestaw Do Malowania Twarzy Make Up Wampir Grafix prezent dla 15 latka, zagadki na bal karnawa\u0142owy w przedszkolu, quizy dla dzieci o zwierz\u0119tach, stare piosenki, wyci\u0119cia szablon korony do druku, kolorowanka do malowania farbami, [&hellip;]<\/p>\n","protected":false},"featured_media":10438,"comment_status":"closed","ping_status":"open","template":"","meta":[],"product_cat":[1912,21],"product_tag":[683,747,636,576],"class_list":["post-10437","product","type-product","status-publish","has-post-thumbnail","hentry","product_cat-grafix","product_cat-zabawki-plastyczne","product_tag-karaluchy-pod-poduchy","product_tag-malowanki-do-druku","product_tag-teksty-kolysanek","product_tag-trudne-zagadki"],"_links":{"self":[{"href":"http:\/\/klubmamgdynia.pl\/index.php\/wp-json\/wp\/v2\/product\/10437","targetHints":{"allow":["GET"]}}],"collection":[{"href":"http:\/\/klubmamgdynia.pl\/index.php\/wp-json\/wp\/v2\/product"}],"about":[{"href":"http:\/\/klubmamgdynia.pl\/index.php\/wp-json\/wp\/v2\/types\/product"}],"replies":[{"embeddable":true,"href":"http:\/\/klubmamgdynia.pl\/index.php\/wp-json\/wp\/v2\/comments?post=10437"}],"wp:featuredmedia":[{"embeddable":true,"href":"http:\/\/klubmamgdynia.pl\/index.php\/wp-json\/wp\/v2\/media\/10438"}],"wp:attachment":[{"href":"http:\/\/klubmamgdynia.pl\/index.php\/wp-json\/wp\/v2\/media?parent=10437"}],"wp:term":[{"taxonomy":"product_cat","embeddable":true,"href":"http:\/\/klubmamgdynia.pl\/index.php\/wp-json\/wp\/v2\/product_cat?post=10437"},{"taxonomy":"product_tag","embeddable":true,"href":"http:\/\/klubmamgdynia.pl\/index.php\/wp-json\/wp\/v2\/product_tag?post=10437"}],"curies":[{"name":"wp","href":"https:\/\/api.w.org\/{rel}","templated":true}]}}