{"id":10459,"date":"2024-09-16T04:23:27","date_gmt":"2024-09-16T02:23:27","guid":{"rendered":"http:\/\/klubmamgdynia.pl\/?post_type=product&#038;p=10459"},"modified":"2026-04-19T03:54:09","modified_gmt":"2026-04-19T01:54:09","slug":"quercetti-tor-kulkowy-migogael-evator-6576","status":"publish","type":"product","link":"http:\/\/klubmamgdynia.pl\/index.php\/produkt\/quercetti-tor-kulkowy-migogael-evator-6576\/","title":{"rendered":"Quercetti Tor kulkowy Migogael.evator (6576)"},"content":{"rendered":"<p>Kreatywne my\u015blenie, rozumowanie przestrzenne i zdolno\u015bci manualne to cechy bardzo przydatne w \u017cyciu, trzeba jednak je \u0107wiczy\u0107 od ma\u0142ego, by potrafi\u0107 ich u\u017cywa\u0107. Tory kulkowe od \u201eQuercetti\u201d to spos\u00f3b na po\u0142\u0105czenie przyjemnego z po\u017cytecznym. Dzieci mog\u0105 jednocze\u015bnie bawi\u0107 si\u0119 i uczy\u0107.Ten konkretnie zestaw oferuje opr\u00f3cz standardowych element\u00f3w specjaln\u0105 wind\u0119. Ta za pomoc\u0105 \u0142a\u0144cuch\u00f3w i korbki pozwalaj\u0105 wys\u0142a\u0107 kulki na g\u00f3r\u0119, kt\u00f3re wcze\u015bniej dzi\u0119ki starej, dobrej grawitacji zje\u017cd\u017caj\u0105 na d\u00f3\u0142. Naturalnie nie jest to jedyna opcja zabawy. Po za u\u0142o\u017ceniem zobrazowanej na opakowaniu konstrukcji ka\u017cdy mo\u017ce projektowa\u0107 i budowa\u0107 swoje w\u0142asne tory, ograniczenia s\u0105 w ko\u0144cu tylko w naszej g\u0142owie! U\u017cywaj\u0105c szeregu r\u00f3\u017cnych rodzaju element\u00f3w, takich jak zje\u017cd\u017calnie, mosty, ko\u0142owrotki, spirale i kominy, mo\u017cna \u0142\u0105czy\u0107 poszczeg\u00f3lne kolumny na wiele sposob\u00f3w. Ciekaw\u0105 opcj\u0105 jest r\u00f3wnie\u017c scalenie zestawu z innymi, co w efekcie daje mo\u017cliwo\u015b\u0107 stworzenia zadziwiaj\u0105co wr\u0119cz ciekawych i z\u0142o\u017conych machin.Jest to idealny pomys\u0142 na prezent dla dziecka, poniewa\u017c mo\u017cna go u\u017cywa\u0107 na wiele sposob\u00f3w; sk\u0142ada\u0107, rozk\u0142ada\u0107 z powrotem na cz\u0119\u015bci i sk\u0142ada\u0107 ponownie, przez co nie staje si\u0119 on nudny i monotonny, a ilo\u015b\u0107 element\u00f3w i kulek pozwalaj\u0105 na zabaw\u0119 wi\u0119kszej liczbie os\u00f3b.Zestaw zawiera 150 gi\u0119tkich, nie\u0142amliwych cz\u0119\u015bci; wliczone w to s\u0105 plastikowe kulki u\u017cywane na torach, o \u015brednicy 0.4cm.Polecany wiek rozci\u0105ga si\u0119 od 4 do 10 lat (ze wzgl\u0119du na drobne cz\u0119\u015bci).Rozmiar opakowania: 45cm szeroko\u015bci, 9cm g\u0142\u0119boko\u015bci i 38cm wysoko\u015bci.Kraj produkcji: W\u0142ochy.Gwarancja najwy\u017cszej jako\u015bci i bezpiecze\u0144stwa.<\/p>\n<h2>Quercetti Tor kulkowy Migogael.evator (6576) Quercetti<\/h2>\n<p>zagadki o zimie, najrzadsze imiona w polsce, urodziny dziecka pomys\u0142y, serce kolorowanka, kolorowanka kotek do druku, imi\u0119 kuba, liwia znaczenie imienia, cytaty z ma\u0142ego ksi\u0119cia, julian, cytaty o mi\u0142o\u015bci kubu\u015b puchatek, kuku\u0142eczka kuka tekst<\/p>\n<p>yyyyy<\/p>\n<p>&nbsp;<\/p>\n","protected":false},"excerpt":{"rendered":"<p>Kreatywne my\u015blenie, rozumowanie przestrzenne i zdolno\u015bci manualne to cechy bardzo przydatne w \u017cyciu, trzeba jednak je \u0107wiczy\u0107 od ma\u0142ego, by potrafi\u0107 ich u\u017cywa\u0107. Tory kulkowe od \u201eQuercetti\u201d to spos\u00f3b na po\u0142\u0105czenie przyjemnego z po\u017cytecznym. Dzieci mog\u0105 jednocze\u015bnie bawi\u0107 si\u0119 i uczy\u0107.Ten konkretnie zestaw oferuje opr\u00f3cz standardowych element\u00f3w specjaln\u0105 wind\u0119. Ta za pomoc\u0105 \u0142a\u0144cuch\u00f3w i korbki [&hellip;]<\/p>\n","protected":false},"featured_media":10460,"comment_status":"closed","ping_status":"open","template":"","meta":[],"product_cat":[537,1155],"product_tag":[763,594,717,803,850],"class_list":["post-10459","product","type-product","status-publish","has-post-thumbnail","hentry","product_cat-pozostale-zabawki-edukacyjne","product_cat-quercetti","product_tag-fabian","product_tag-podchwytliwe-zagadki-dla-dzieci","product_tag-prezent-roczek","product_tag-szlaczki-do-druku","product_tag-wroclaw-atrakcje-dla-dzieci"],"_links":{"self":[{"href":"http:\/\/klubmamgdynia.pl\/index.php\/wp-json\/wp\/v2\/product\/10459","targetHints":{"allow":["GET"]}}],"collection":[{"href":"http:\/\/klubmamgdynia.pl\/index.php\/wp-json\/wp\/v2\/product"}],"about":[{"href":"http:\/\/klubmamgdynia.pl\/index.php\/wp-json\/wp\/v2\/types\/product"}],"replies":[{"embeddable":true,"href":"http:\/\/klubmamgdynia.pl\/index.php\/wp-json\/wp\/v2\/comments?post=10459"}],"wp:featuredmedia":[{"embeddable":true,"href":"http:\/\/klubmamgdynia.pl\/index.php\/wp-json\/wp\/v2\/media\/10460"}],"wp:attachment":[{"href":"http:\/\/klubmamgdynia.pl\/index.php\/wp-json\/wp\/v2\/media?parent=10459"}],"wp:term":[{"taxonomy":"product_cat","embeddable":true,"href":"http:\/\/klubmamgdynia.pl\/index.php\/wp-json\/wp\/v2\/product_cat?post=10459"},{"taxonomy":"product_tag","embeddable":true,"href":"http:\/\/klubmamgdynia.pl\/index.php\/wp-json\/wp\/v2\/product_tag?post=10459"}],"curies":[{"name":"wp","href":"https:\/\/api.w.org\/{rel}","templated":true}]}}