{"id":10477,"date":"2014-03-25T05:45:28","date_gmt":"2014-03-25T04:45:28","guid":{"rendered":"http:\/\/klubmamgdynia.pl\/index.php\/produkt\/dodo-puzzle-53el-ramkowe-australia-dopr300179\/"},"modified":"2026-04-07T15:53:14","modified_gmt":"2026-04-07T13:53:14","slug":"dodo-puzzle-53el-ramkowe-australia-dopr300179","status":"publish","type":"product","link":"http:\/\/klubmamgdynia.pl\/index.php\/produkt\/dodo-puzzle-53el-ramkowe-australia-dopr300179\/","title":{"rendered":"Dodo Puzzle 53El. Ramkowe Australia Dopr300179"},"content":{"rendered":"<p>Pobud\u017a wyobra\u017ani\u0119 swojego dziecka z puzzlami DODO!Puzzle DODO powsta\u0142y specjalnie z my\u015bl\u0105 o najm\u0142odszych.Mog\u0105 cieszy\u0107 si\u0119 nimi zar\u00f3wno kilkulatki, jak i kilkunastomiesi\u0119czne maluchy.Bogactwo wzor\u00f3w i kolor\u00f3w wprawia w zachwyt. Znajdziemy w\u015br\u00f3d nich motywy takie jak: zwierz\u0119ta, pory roku, droga mleczna itp., przygotowane w formie kolorowych ilustracji.Zestawy r\u00f3\u017cni\u0105 si\u0119 liczb\u0105 element\u00f3w oraz ich wielko\u015bci\u0105,co daje mo\u017cliwo\u015b\u0107 szerokiego wyboru dostosowanego do wieku dziecka.Puzzle ramkowe 53 element\u00f3w- to doskona\u0142e po\u0142\u0105czenie zabawy z edukacj\u0105. Uk\u0142adanie ich jest niezwyk\u0142e!Puzzle maj\u0105 nieregularny kszta\u0142t, dzi\u0119ki czemu dziecko \u0107wiczy nie tylko koncentracj\u0119,ale tak\u017ce trenuje sw\u00f3j m\u00f3zg. Tematyka obrazk\u00f3w jest bogata w informacje,kt\u00f3re w przyjazny i mi\u0142y spos\u00f3b przyswajaj\u0105 dzieci. Na planszy znajduje si\u0119 obrys element\u00f3w,kt\u00f3ry u\u0142atwia ich u\u0142o\u017cenie. W serii znajduj\u0105 si\u0119 puzzle o tematyce: kontynent\u00f3w na kt\u00f3rych zamieszkuj\u0105 r\u00f3\u017cne zwierz\u0119ta, (Australia, Ameryka Po\u0142udniowa, Ameryka P\u00f3\u0142nocna, Antarktyda, Afryka, Euroazja) oraz serie puzzli zwierz\u0105t (koty, psy i dinozaury).Wiek: 5+Jako\u015b\u0107Kreatywne ilustracje przyci\u0105gn\u0105 malca na d\u0142ugie godziny,a wysoka jako\u015b\u0107 materia\u0142\u00f3w pozwoli korzysta\u0107 z puzzliprzez d\u0142ugi czas nie nara\u017caj\u0105c ich na zniszczenie.Bezpiecze\u0144stwoW trosce o najm\u0142odszych producent zadba\u0142 o zachowanienajwy\u017cszych standard\u00f3w bezpiecze\u0144stwa.Dzi\u0119ki zgodno\u015bci z normami CE,puzzle gwarantuj\u0105 bezpieczn\u0105 i warto\u015bciow\u0105 zabaw\u0119.Wygl\u0105dDzi\u0119ki puzzlom DODO Twoje dziecko w atrakcyjny spos\u00f3bpozna otaczaj\u0105cy go \u015bwiat. Doskona\u0142a jako\u015b\u0107 i znakomicieoddane szczeg\u00f3\u0142y sprawi\u0105, \u017ce jego oczom uka\u017c\u0105 si\u0119 pi\u0119kne,kolorowe ilustracje, kt\u00f3re rozbawi\u0105 i pobudz\u0105 jego wyobra\u017ani\u0119.<\/p>\n<h2>Dodo Puzzle 53El. Ramkowe Australia Dopr300179 TM Toys<\/h2>\n<p>babciu droga babciu tekst, kolorowanka spiderman, dzieci z bullerbyn quiz, prezent na urodziny dla nastolatk\u00f3w, malgorzata znaczenie imienia, asiunia &#8211; test z lektury pdf, sonia imi\u0119, urodziny dziecka pomys\u0142y, prezent dla jedenastolatki, anio\u0142ki w niebie pisz\u0105, aurora imi\u0119, gdzie strumyk p\u0142ynie z wolna, prezent na roczek nie zabawka, kolorowanki minionki, litera y do druku, zagadki \u015bmieszne podchwytliwe, zagadki dla dzieci 6 lat, kolorowanka lato, celina, plac zamkowy, kotki dwa tekst<\/p>\n<p>yyyyy<\/p>\n<p>&nbsp;<\/p>\n","protected":false},"excerpt":{"rendered":"<p>Pobud\u017a wyobra\u017ani\u0119 swojego dziecka z puzzlami DODO!Puzzle DODO powsta\u0142y specjalnie z my\u015bl\u0105 o najm\u0142odszych.Mog\u0105 cieszy\u0107 si\u0119 nimi zar\u00f3wno kilkulatki, jak i kilkunastomiesi\u0119czne maluchy.Bogactwo wzor\u00f3w i kolor\u00f3w wprawia w zachwyt. Znajdziemy w\u015br\u00f3d nich motywy takie jak: zwierz\u0119ta, pory roku, droga mleczna itp., przygotowane w formie kolorowych ilustracji.Zestawy r\u00f3\u017cni\u0105 si\u0119 liczb\u0105 element\u00f3w oraz ich wielko\u015bci\u0105,co daje mo\u017cliwo\u015b\u0107 [&hellip;]<\/p>\n","protected":false},"featured_media":10478,"comment_status":"closed","ping_status":"open","template":"","meta":[],"product_cat":[90,145],"product_tag":[706,621,860],"class_list":["post-10477","product","type-product","status-publish","has-post-thumbnail","hentry","product_cat-puzzle","product_cat-tm-toys","product_tag-imie-kuba","product_tag-prezenty-roczek","product_tag-zagadki-logiczne-dla-doroslych"],"_links":{"self":[{"href":"http:\/\/klubmamgdynia.pl\/index.php\/wp-json\/wp\/v2\/product\/10477","targetHints":{"allow":["GET"]}}],"collection":[{"href":"http:\/\/klubmamgdynia.pl\/index.php\/wp-json\/wp\/v2\/product"}],"about":[{"href":"http:\/\/klubmamgdynia.pl\/index.php\/wp-json\/wp\/v2\/types\/product"}],"replies":[{"embeddable":true,"href":"http:\/\/klubmamgdynia.pl\/index.php\/wp-json\/wp\/v2\/comments?post=10477"}],"wp:featuredmedia":[{"embeddable":true,"href":"http:\/\/klubmamgdynia.pl\/index.php\/wp-json\/wp\/v2\/media\/10478"}],"wp:attachment":[{"href":"http:\/\/klubmamgdynia.pl\/index.php\/wp-json\/wp\/v2\/media?parent=10477"}],"wp:term":[{"taxonomy":"product_cat","embeddable":true,"href":"http:\/\/klubmamgdynia.pl\/index.php\/wp-json\/wp\/v2\/product_cat?post=10477"},{"taxonomy":"product_tag","embeddable":true,"href":"http:\/\/klubmamgdynia.pl\/index.php\/wp-json\/wp\/v2\/product_tag?post=10477"}],"curies":[{"name":"wp","href":"https:\/\/api.w.org\/{rel}","templated":true}]}}