{"id":10479,"date":"2012-11-03T21:53:35","date_gmt":"2012-11-03T20:53:35","guid":{"rendered":"http:\/\/klubmamgdynia.pl\/index.php\/produkt\/aladine-szablon-do-pasty-3d-8x8cm-lapacz-snow\/"},"modified":"2026-05-17T22:38:21","modified_gmt":"2026-05-17T20:38:21","slug":"aladine-szablon-do-pasty-3d-8x8cm-lapacz-snow","status":"publish","type":"product","link":"http:\/\/klubmamgdynia.pl\/index.php\/produkt\/aladine-szablon-do-pasty-3d-8x8cm-lapacz-snow\/","title":{"rendered":"Aladine Szablon Do Pasty 3D 8X8Cm \u0141apacz Sn\u00f3w"},"content":{"rendered":"<p>Szablon z grubszego plastiku. Zewn\u0119trzne wymiary: 8&#215;8 cm. Niesamoprzylepny. Mo\u017cna na nim stosowa\u0107 klej do szablon\u00f3w.<\/p>\n<h2>Aladine Szablon Do Pasty 3D 8X8Cm \u0141apacz Sn\u00f3w Aladine<\/h2>\n<p>bajka dla dzieci do czytania, dzieci cytaty, prezent dla dziecka na roczek, zabawy na dworze dla 10 latk\u00f3w, wroc\u0142aw i okolice atrakcje, u\u015bmiech dziecka wiersz, prezenty dla nastolatka, myszka miki kolorowanka, quizy za darmo, cytaty o dzieciach, prezent dla 7 latka na urodziny, opisy do zdj\u0119\u0107 z dzieckiem, prezent na dzie\u0144 dziecka dla nastolatk\u00f3w, kaczuszka, kolorowanka wakacje<\/p>\n<p>yyyyy<\/p>\n<p>&nbsp;<\/p>\n","protected":false},"excerpt":{"rendered":"<p>Szablon z grubszego plastiku. Zewn\u0119trzne wymiary: 8&#215;8 cm. Niesamoprzylepny. Mo\u017cna na nim stosowa\u0107 klej do szablon\u00f3w. Aladine Szablon Do Pasty 3D 8X8Cm \u0141apacz Sn\u00f3w Aladine bajka dla dzieci do czytania, dzieci cytaty, prezent dla dziecka na roczek, zabawy na dworze dla 10 latk\u00f3w, wroc\u0142aw i okolice atrakcje, u\u015bmiech dziecka wiersz, prezenty dla nastolatka, myszka miki [&hellip;]<\/p>\n","protected":false},"featured_media":10480,"comment_status":"closed","ping_status":"open","template":"","meta":[],"product_cat":[1880,21],"product_tag":[865,642,858],"class_list":["post-10479","product","type-product","status-publish","has-post-thumbnail","hentry","product_cat-aladine","product_cat-zabawki-plastyczne","product_tag-cytaty-o-dzieciach","product_tag-mia-imie","product_tag-podchwytliwe-zagadki"],"_links":{"self":[{"href":"http:\/\/klubmamgdynia.pl\/index.php\/wp-json\/wp\/v2\/product\/10479","targetHints":{"allow":["GET"]}}],"collection":[{"href":"http:\/\/klubmamgdynia.pl\/index.php\/wp-json\/wp\/v2\/product"}],"about":[{"href":"http:\/\/klubmamgdynia.pl\/index.php\/wp-json\/wp\/v2\/types\/product"}],"replies":[{"embeddable":true,"href":"http:\/\/klubmamgdynia.pl\/index.php\/wp-json\/wp\/v2\/comments?post=10479"}],"wp:featuredmedia":[{"embeddable":true,"href":"http:\/\/klubmamgdynia.pl\/index.php\/wp-json\/wp\/v2\/media\/10480"}],"wp:attachment":[{"href":"http:\/\/klubmamgdynia.pl\/index.php\/wp-json\/wp\/v2\/media?parent=10479"}],"wp:term":[{"taxonomy":"product_cat","embeddable":true,"href":"http:\/\/klubmamgdynia.pl\/index.php\/wp-json\/wp\/v2\/product_cat?post=10479"},{"taxonomy":"product_tag","embeddable":true,"href":"http:\/\/klubmamgdynia.pl\/index.php\/wp-json\/wp\/v2\/product_tag?post=10479"}],"curies":[{"name":"wp","href":"https:\/\/api.w.org\/{rel}","templated":true}]}}