{"id":10481,"date":"2024-12-02T07:30:03","date_gmt":"2024-12-02T06:30:03","guid":{"rendered":"http:\/\/klubmamgdynia.pl\/?post_type=product&#038;p=10481"},"modified":"2026-05-17T22:31:15","modified_gmt":"2026-05-17T20:31:15","slug":"nobo-kids-projektor-rzutnik-do-rysowania-32-slajdy-fioletowy","status":"publish","type":"product","link":"http:\/\/klubmamgdynia.pl\/index.php\/produkt\/nobo-kids-projektor-rzutnik-do-rysowania-32-slajdy-fioletowy\/","title":{"rendered":"Nobo Kids Projektor Rzutnik Do Rysowania 32 Slajdy Fioletowy"},"content":{"rendered":"<p>Idealna propozycja dla malucha lubi\u0105cego malowa\u0107 oraz rysowa\u0107. Tablica z rzutnikiem razem z 32 wzorami do wy\u015bwietlania, zainteresuje ka\u017cdego ma\u0142ego artyst\u0119.W zestawie znajduj\u0105 si\u0119:- projektor z regulowan\u0105 wysoko\u015bci\u0105- 4 wymienne dyski do rzutnika na ka\u017cdym po 8 wzor\u00f3w podzielone tematycznie: zwierz\u0105tka, zwierz\u0105tka morskie, pojazdy, owoce- zeszyt do malowania- 12 mazak\u00f3wOdpowiedni wiek: 3 lata+Wymiary zabawki: 30,5 x 18,5 x 26 cmWysoko\u015b\u0107 projektora: od 26 do 35 cmZasilanie: 3 baterie AA (LR6) 1,5V (brak w zestawie)Wymiary opakowania: 39 x 24 x 9 cmInformacja od producenta: Nie nadaje si\u0119 dla dzieci w wieku poni\u017cej 36 miesi\u0119cy. Zawiera ma\u0142e cz\u0119\u015bci, kt\u00f3re \u0142atwo po\u0142kn\u0105\u0107 lub kt\u00f3re mog\u0105 si\u0119 dosta\u0107 do dr\u00f3g oddechowych. Niebezpiecze\u0144stwo uduszenia.<\/p>\n<h2>Nobo Kids Projektor Rzutnik Do Rysowania 32 Slajdy Fioletowy Noname<\/h2>\n<p>gry dla m\u0142odzie\u017cy, zagadki dla dzieci 7 lat o zwierz\u0119tach, zaproszenie na urodziny do druku pdf, krecik bajka, dla dzieci warszawa, kanapki dla dzieci, zagadki na bal karnawa\u0142owy w przedszkolu, prezent dla dziecka 1 rok, jasmin imi\u0119, kubu\u015b puchatek cytaty, rysunki krok po kroku, zagadki o bajkach, o b\u0142\u0119dne dyktando<\/p>\n<p>yyyyy<\/p>\n<p>&nbsp;<\/p>\n","protected":false},"excerpt":{"rendered":"<p>Idealna propozycja dla malucha lubi\u0105cego malowa\u0107 oraz rysowa\u0107. Tablica z rzutnikiem razem z 32 wzorami do wy\u015bwietlania, zainteresuje ka\u017cdego ma\u0142ego artyst\u0119.W zestawie znajduj\u0105 si\u0119:- projektor z regulowan\u0105 wysoko\u015bci\u0105- 4 wymienne dyski do rzutnika na ka\u017cdym po 8 wzor\u00f3w podzielone tematycznie: zwierz\u0105tka, zwierz\u0105tka morskie, pojazdy, owoce- zeszyt do malowania- 12 mazak\u00f3wOdpowiedni wiek: 3 lata+Wymiary zabawki: 30,5 [&hellip;]<\/p>\n","protected":false},"featured_media":10482,"comment_status":"closed","ping_status":"open","template":"","meta":[],"product_cat":[1117,21],"product_tag":[676,621,595,600],"class_list":["post-10481","product","type-product","status-publish","has-post-thumbnail","hentry","product_cat-noname","product_cat-zabawki-plastyczne","product_tag-bursztynek","product_tag-prezenty-roczek","product_tag-zagadki-dla-6-latka","product_tag-zaproszenia-na-urodziny-do-druku"],"_links":{"self":[{"href":"http:\/\/klubmamgdynia.pl\/index.php\/wp-json\/wp\/v2\/product\/10481","targetHints":{"allow":["GET"]}}],"collection":[{"href":"http:\/\/klubmamgdynia.pl\/index.php\/wp-json\/wp\/v2\/product"}],"about":[{"href":"http:\/\/klubmamgdynia.pl\/index.php\/wp-json\/wp\/v2\/types\/product"}],"replies":[{"embeddable":true,"href":"http:\/\/klubmamgdynia.pl\/index.php\/wp-json\/wp\/v2\/comments?post=10481"}],"wp:featuredmedia":[{"embeddable":true,"href":"http:\/\/klubmamgdynia.pl\/index.php\/wp-json\/wp\/v2\/media\/10482"}],"wp:attachment":[{"href":"http:\/\/klubmamgdynia.pl\/index.php\/wp-json\/wp\/v2\/media?parent=10481"}],"wp:term":[{"taxonomy":"product_cat","embeddable":true,"href":"http:\/\/klubmamgdynia.pl\/index.php\/wp-json\/wp\/v2\/product_cat?post=10481"},{"taxonomy":"product_tag","embeddable":true,"href":"http:\/\/klubmamgdynia.pl\/index.php\/wp-json\/wp\/v2\/product_tag?post=10481"}],"curies":[{"name":"wp","href":"https:\/\/api.w.org\/{rel}","templated":true}]}}