{"id":10511,"date":"2023-08-08T07:53:10","date_gmt":"2023-08-08T05:53:10","guid":{"rendered":"http:\/\/klubmamgdynia.pl\/?post_type=product&#038;p=10511"},"modified":"2026-05-17T22:23:24","modified_gmt":"2026-05-17T20:23:24","slug":"learning-resources-koraliki-do-tworzenia-breloczkow","status":"publish","type":"product","link":"http:\/\/klubmamgdynia.pl\/index.php\/produkt\/learning-resources-koraliki-do-tworzenia-breloczkow\/","title":{"rendered":"Learning Resources Koraliki Do Tworzenia Breloczk\u00f3w"},"content":{"rendered":"<p>Koraliki do Tworzenia Breloczk\u00f3w, Naprasowanki, Nauka ProgramowaniaNauka przez zabaw\u0119!Learning Resources to producent bezpiecznych, edukacyjnych i innowacyjnych zabawek, kt\u00f3rym zaufali rodzice i nauczyciele na ca\u0142ym \u015bwiecie. Zabawki Learning Resources s\u0105 zaprojektowane tak, aby pom\u00f3c dzieciom w zdobywaniu kluczowych umiej\u0119tno\u015bci edukacyjnych i przygotowaniu si\u0119 na podb\u00f3j \u015bwiata!Poznaj Coding Charms od Learning Resources, zestawy, kt\u00f3re s\u0105 niesamowitymi pomocnikami w nauce programowania bez u\u017cycia komputera. To wspania\u0142a zabawa do poznawania tajnik\u00f3w programowania.Zestaw zawiera \u0107wiczenia do kszta\u0142cenia wa\u017cnych umiej\u0119tno\u015bci \u017cyciowych, takich jak rozwi\u0105zywanie problem\u00f3w i krytyczne my\u015blenie. Zach\u0119ca dzieci do kreatywnego my\u015blenia i odkrywania poprzez r\u00f3\u017cne eksperymenty. Dowiedz si\u0119 wi\u0119cej o kodowaniu bez u\u017cycia komputera. Odkryj ciekawostki z nauk \u015bcis\u0142ych, technologii, in\u017cynierii, sztuki i matematyki. Zyskaj kontakt z zaawansowanymi tematami programowania podczas zabawy i tworzenia uroczych zawieszek.Ilustrowany przewodnik w j\u0119zyku angielskim, krok po kroku pozwala uk\u0142ada\u0107 koraliki wed\u0142ug kodu. Dzieci mog\u0105 wybiera\u0107 spo\u015br\u00f3d 18 wzor\u00f3w i programowa\u0107 15 breloczk\u00f3w za pomoc\u0105 koralik\u00f3w. Aby uzyska\u0107 wybrany wz\u00f3r uk\u0142adaj koraliki zgodnie ze wskazaniami na tablicach, gdzie oznakowano je kolorami i literkami. Mo\u017cesz te\u017c wymy\u015bli\u0107 sw\u00f3j unikalny wz\u00f3r. Tylko wyobra\u017ania wyznacza tu granice.Po u\u0142o\u017ceniu koralik\u00f3w wed\u0142ug wybranego wzoru, umie\u015b\u0107 podk\u0142adk\u0119 z koralikami na powierzchni bezpiecznej dla ciep\u0142a, najlepiej na desce do prasowania. Ustaw \u017celazko na \u015bredni\u0105 moc, pozostaw \u017celazko do nagrzania. Po\u0142\u00f3\u017c stopk\u0119 \u017celazka na koralikach. U\u017cyj arkusza do prasowania. Nie naciskaj, powoli przesuwaj \u017celazko po okr\u0119gu ok. 30-60 sekund, odstaw \u017celazko, sprawd\u017a, czy koraliki si\u0119 po\u0142\u0105czy\u0142y i wyr\u00f3wna\u0142y. Je\u015bli nie, powt\u00f3rz prasowanie jeszcze raz. Koraliki powinny mie\u0107 nadal otwarty \u015brodek. Pozostaw koraliki do ostygni\u0119cia. Nast\u0119pnie powoli i ostro\u017cnie zdejmij je z podk\u0142adki. Kiedy zdejmiesz sw\u00f3j breloczek, mo\u017ce on wygl\u0105da\u0107 inaczej ni\u017c na podk\u0142adce. dzieje si\u0119 tak, poniewa\u017c prasujesz ty\u0142. Breloczek b\u0119dzie wygl\u0105da\u0142 na odwr\u00f3cony. Teraz dodaj tylko haczyk i breloczek gotowy. Zestaw zawiera 44-stronicowy zeszyt \u0107wicze\u0144, 2000 koralik\u00f3w, 1 podk\u0142adk\u0119 do uk\u0142adania, 1 p\u0119set\u0119, 2 arkusze do prasowania wielokrotnego u\u017cytku, 15 klips\u00f3w do breloczk\u00f3w, 15 owalnych haczyk\u00f3w, Wymiary opakowania: 20 cm x 25,5 cm x 5,5 cm. Kategoria wiekowa: 8+ Uwaga: Zestaw zawiera ma\u0142e elementy &#8211; nieodpowiednie dla dzieci poni\u017cej 4 lat. Ryzyko zad\u0142awienia! Uwaga: U\u017cywa\u0107 tylko pod nadzorem osoby doros\u0142ej!<\/p>\n<h2>Learning Resources Koraliki Do Tworzenia Breloczk\u00f3w Learning Resources<\/h2>\n<p>nauczyciel cytaty, darmowe quizy, quizy dla dzieci 10 lat, zagadki dla dzieci 6-7 lat, oryginalny prezent dla nastolatk\u00f3w, 20 pytania do lektury ma\u0142y ksi\u0105\u017c\u0119, bardzo trudne zagadki, imie gaja, znaki drogowe quizy, prank na prima aprilis<\/p>\n<p>yyyyy<\/p>\n<p>&nbsp;<\/p>\n","protected":false},"excerpt":{"rendered":"<p>Koraliki do Tworzenia Breloczk\u00f3w, Naprasowanki, Nauka ProgramowaniaNauka przez zabaw\u0119!Learning Resources to producent bezpiecznych, edukacyjnych i innowacyjnych zabawek, kt\u00f3rym zaufali rodzice i nauczyciele na ca\u0142ym \u015bwiecie. Zabawki Learning Resources s\u0105 zaprojektowane tak, aby pom\u00f3c dzieciom w zdobywaniu kluczowych umiej\u0119tno\u015bci edukacyjnych i przygotowaniu si\u0119 na podb\u00f3j \u015bwiata!Poznaj Coding Charms od Learning Resources, zestawy, kt\u00f3re s\u0105 niesamowitymi pomocnikami [&hellip;]<\/p>\n","protected":false},"featured_media":10512,"comment_status":"closed","ping_status":"open","template":"","meta":[],"product_cat":[1070,21],"product_tag":[854,770,771,714],"class_list":["post-10511","product","type-product","status-publish","has-post-thumbnail","hentry","product_cat-learning-resources","product_cat-zabawki-plastyczne","product_tag-cytaty-rodzina","product_tag-samolot-z-papieru","product_tag-stolice-europy-quiz","product_tag-zagadki-logiczne"],"_links":{"self":[{"href":"http:\/\/klubmamgdynia.pl\/index.php\/wp-json\/wp\/v2\/product\/10511","targetHints":{"allow":["GET"]}}],"collection":[{"href":"http:\/\/klubmamgdynia.pl\/index.php\/wp-json\/wp\/v2\/product"}],"about":[{"href":"http:\/\/klubmamgdynia.pl\/index.php\/wp-json\/wp\/v2\/types\/product"}],"replies":[{"embeddable":true,"href":"http:\/\/klubmamgdynia.pl\/index.php\/wp-json\/wp\/v2\/comments?post=10511"}],"wp:featuredmedia":[{"embeddable":true,"href":"http:\/\/klubmamgdynia.pl\/index.php\/wp-json\/wp\/v2\/media\/10512"}],"wp:attachment":[{"href":"http:\/\/klubmamgdynia.pl\/index.php\/wp-json\/wp\/v2\/media?parent=10511"}],"wp:term":[{"taxonomy":"product_cat","embeddable":true,"href":"http:\/\/klubmamgdynia.pl\/index.php\/wp-json\/wp\/v2\/product_cat?post=10511"},{"taxonomy":"product_tag","embeddable":true,"href":"http:\/\/klubmamgdynia.pl\/index.php\/wp-json\/wp\/v2\/product_tag?post=10511"}],"curies":[{"name":"wp","href":"https:\/\/api.w.org\/{rel}","templated":true}]}}