{"id":10517,"date":"2019-08-10T10:42:34","date_gmt":"2019-08-10T08:42:34","guid":{"rendered":"http:\/\/klubmamgdynia.pl\/index.php\/produkt\/meri-swieczka-spadajaca-gwiazda\/"},"modified":"2026-05-17T23:23:07","modified_gmt":"2026-05-17T21:23:07","slug":"meri-swieczka-spadajaca-gwiazda","status":"publish","type":"product","link":"http:\/\/klubmamgdynia.pl\/index.php\/produkt\/meri-swieczka-spadajaca-gwiazda\/","title":{"rendered":"Meri \u015awieczka Spadaj\u0105ca Gwiazda"},"content":{"rendered":"<p>\u015awieczka urodzinowa w kszta\u0142cie spadaj\u0105cej gwiazdy. Wymiary: 13,3 x 11,4 x 1,9 cm.<\/p>\n<h2>Meri \u015awieczka Spadaj\u0105ca Gwiazda Meri Meri<\/h2>\n<p>nadia, \u0142amig\u0142\u00f3wki logiczne, miasto dzieci pl, kolorowanki ninjago, opisy do zdj z dzieckiem, plan lekcji do druku, prezenty dla 7 latka, znaczenie imienia marcel, wr\u00f3\u017cby andrzejkowe online dla dzieci, ba\u015bniowe imiona \u017ce\u0144skie, nauka zegara zegar do druku<\/p>\n<p>yyyyy<\/p>\n<p>&nbsp;<\/p>\n","protected":false},"excerpt":{"rendered":"<p>\u015awieczka urodzinowa w kszta\u0142cie spadaj\u0105cej gwiazdy. Wymiary: 13,3 x 11,4 x 1,9 cm. Meri \u015awieczka Spadaj\u0105ca Gwiazda Meri Meri nadia, \u0142amig\u0142\u00f3wki logiczne, miasto dzieci pl, kolorowanki ninjago, opisy do zdj z dzieckiem, plan lekcji do druku, prezenty dla 7 latka, znaczenie imienia marcel, wr\u00f3\u017cby andrzejkowe online dla dzieci, ba\u015bniowe imiona \u017ce\u0144skie, nauka zegara zegar do [&hellip;]<\/p>\n","protected":false},"featured_media":10518,"comment_status":"closed","ping_status":"open","template":"","meta":[],"product_cat":[1902,1914],"product_tag":[853,689,739,714],"class_list":["post-10517","product","type-product","status-publish","has-post-thumbnail","hentry","product_cat-meri-meri","product_cat-swieczki","product_tag-kolorowanki-do-druku-dla-doroslych","product_tag-linda","product_tag-prima-aprilis-w-szkole","product_tag-zagadki-logiczne"],"_links":{"self":[{"href":"http:\/\/klubmamgdynia.pl\/index.php\/wp-json\/wp\/v2\/product\/10517","targetHints":{"allow":["GET"]}}],"collection":[{"href":"http:\/\/klubmamgdynia.pl\/index.php\/wp-json\/wp\/v2\/product"}],"about":[{"href":"http:\/\/klubmamgdynia.pl\/index.php\/wp-json\/wp\/v2\/types\/product"}],"replies":[{"embeddable":true,"href":"http:\/\/klubmamgdynia.pl\/index.php\/wp-json\/wp\/v2\/comments?post=10517"}],"wp:featuredmedia":[{"embeddable":true,"href":"http:\/\/klubmamgdynia.pl\/index.php\/wp-json\/wp\/v2\/media\/10518"}],"wp:attachment":[{"href":"http:\/\/klubmamgdynia.pl\/index.php\/wp-json\/wp\/v2\/media?parent=10517"}],"wp:term":[{"taxonomy":"product_cat","embeddable":true,"href":"http:\/\/klubmamgdynia.pl\/index.php\/wp-json\/wp\/v2\/product_cat?post=10517"},{"taxonomy":"product_tag","embeddable":true,"href":"http:\/\/klubmamgdynia.pl\/index.php\/wp-json\/wp\/v2\/product_tag?post=10517"}],"curies":[{"name":"wp","href":"https:\/\/api.w.org\/{rel}","templated":true}]}}