{"id":10563,"date":"2014-11-02T07:42:58","date_gmt":"2014-11-02T06:42:58","guid":{"rendered":"http:\/\/klubmamgdynia.pl\/index.php\/produkt\/midex-kolorowy-znikopis-tablica-do-rysowania-edukacyjna\/"},"modified":"2026-05-01T19:15:03","modified_gmt":"2026-05-01T17:15:03","slug":"midex-kolorowy-znikopis-tablica-do-rysowania-edukacyjna","status":"publish","type":"product","link":"http:\/\/klubmamgdynia.pl\/index.php\/produkt\/midex-kolorowy-znikopis-tablica-do-rysowania-edukacyjna\/","title":{"rendered":"Midex Kolorowy Znikopis Tablica Do Rysowania Edukacyjna"},"content":{"rendered":"<p>ZNIKOPIS TABLICA DO RYSOWANIAZnikopis to doskona\u0142y przedmiot dla ka\u017cdego rozwijaj\u0105cego si\u0119 malucha. Umo\u017cliwia \u0107wiczenie pisania oraz rysowania.Dzi\u0119ki u\u017cytkowaniu tablicy dziecko rozwinie swoj\u0105 kreatywno\u015b\u0107 oraz sp\u0119dzi mn\u00f3stwo godzin podczas rozwijaj\u0105cej zabawy.Nasza tablica przyjmie niezliczon\u0105 ilo\u015b\u0107 rysunk\u00f3w &#8211; wystarczy przejecha\u0107 specjalnym suwakiem, a rysunek zniknie i mo\u017cna bra\u0107 si\u0119 za nowy.Wymiary opakowania: 24 x 20 x 2,5cm.<\/p>\n<h2>Midex Kolorowy Znikopis Tablica Do Rysowania Edukacyjna Midex<\/h2>\n<p>paj\u0105czek na rowerze test, kornelia, kolorowanka dla dziewczynki, ch\u0142opcy z placu broni &#8211; test z odpowiedziami, szablon krokus kolorowanka, wzruszajace cytaty o rodzinie, kira, zagadki matematyczne logiczne, jak narysowa\u0107 sanie miko\u0142aja, oryginalny prezent na roczek dla dziewczynki, prezent dla 7 latka na urodziny, pytania wielkanocne, test z opowie\u015bci z narnii, medrcy swiata, Keyword, bruno<\/p>\n<p>yyyyy<\/p>\n<p>&nbsp;<\/p>\n","protected":false},"excerpt":{"rendered":"<p>ZNIKOPIS TABLICA DO RYSOWANIAZnikopis to doskona\u0142y przedmiot dla ka\u017cdego rozwijaj\u0105cego si\u0119 malucha. Umo\u017cliwia \u0107wiczenie pisania oraz rysowania.Dzi\u0119ki u\u017cytkowaniu tablicy dziecko rozwinie swoj\u0105 kreatywno\u015b\u0107 oraz sp\u0119dzi mn\u00f3stwo godzin podczas rozwijaj\u0105cej zabawy.Nasza tablica przyjmie niezliczon\u0105 ilo\u015b\u0107 rysunk\u00f3w &#8211; wystarczy przejecha\u0107 specjalnym suwakiem, a rysunek zniknie i mo\u017cna bra\u0107 si\u0119 za nowy.Wymiary opakowania: 24 x 20 x 2,5cm. [&hellip;]<\/p>\n","protected":false},"featured_media":10564,"comment_status":"closed","ping_status":"open","template":"","meta":[],"product_cat":[1091,21],"product_tag":[583,688,690,703],"class_list":["post-10563","product","type-product","status-publish","has-post-thumbnail","hentry","product_cat-midex","product_cat-zabawki-plastyczne","product_tag-kolysanki-dla-dzieci-tekst","product_tag-kolysanki-tekst","product_tag-pieski-male-dwa-tekst","product_tag-prezent-dla-nastolatki"],"_links":{"self":[{"href":"http:\/\/klubmamgdynia.pl\/index.php\/wp-json\/wp\/v2\/product\/10563","targetHints":{"allow":["GET"]}}],"collection":[{"href":"http:\/\/klubmamgdynia.pl\/index.php\/wp-json\/wp\/v2\/product"}],"about":[{"href":"http:\/\/klubmamgdynia.pl\/index.php\/wp-json\/wp\/v2\/types\/product"}],"replies":[{"embeddable":true,"href":"http:\/\/klubmamgdynia.pl\/index.php\/wp-json\/wp\/v2\/comments?post=10563"}],"wp:featuredmedia":[{"embeddable":true,"href":"http:\/\/klubmamgdynia.pl\/index.php\/wp-json\/wp\/v2\/media\/10564"}],"wp:attachment":[{"href":"http:\/\/klubmamgdynia.pl\/index.php\/wp-json\/wp\/v2\/media?parent=10563"}],"wp:term":[{"taxonomy":"product_cat","embeddable":true,"href":"http:\/\/klubmamgdynia.pl\/index.php\/wp-json\/wp\/v2\/product_cat?post=10563"},{"taxonomy":"product_tag","embeddable":true,"href":"http:\/\/klubmamgdynia.pl\/index.php\/wp-json\/wp\/v2\/product_tag?post=10563"}],"curies":[{"name":"wp","href":"https:\/\/api.w.org\/{rel}","templated":true}]}}