{"id":10567,"date":"2024-04-14T06:17:57","date_gmt":"2024-04-14T04:17:57","guid":{"rendered":"http:\/\/klubmamgdynia.pl\/?post_type=product&#038;p=10567"},"modified":"2026-04-12T04:36:19","modified_gmt":"2026-04-12T02:36:19","slug":"meri-kalendarz-adwentowy-dziadek-do-orzechow-teatr","status":"publish","type":"product","link":"http:\/\/klubmamgdynia.pl\/index.php\/produkt\/meri-kalendarz-adwentowy-dziadek-do-orzechow-teatr\/","title":{"rendered":"Meri Kalendarz Adwentowy Dziadek Do Orzech\u00f3w Teatr"},"content":{"rendered":"<p>Kalendarz adwentowy w postaci sceny teatralnej zawieraj\u0105cej tekturowe elementy wystroju oraz postacie. Ka\u017cdego dnia odkrywane s\u0105 nowe fragmenty historii &#8222;Dziadek do orzech\u00f3w&#8221;. W zestawie znajduje si\u0119 r\u00f3wnie\u017c \u015bwi\u0105teczna bransoletka, kt\u00f3r\u0105 odkrywany ostatniego dnia. Eco brokat. Wymiary opakowania: 39,4 x 45,7 x 6,4 cm.<\/p>\n<h2>Meri Kalendarz Adwentowy Dziadek Do Orzech\u00f3w Teatr Meri Meri<\/h2>\n<p>janusz korczak cytaty, proste przepisy dla dzieci, nietypowe imiona, origami dla dzieci, kolorowanki, wiosenna kolorowanka<\/p>\n<p>yyyyy<\/p>\n<p>&nbsp;<\/p>\n","protected":false},"excerpt":{"rendered":"<p>Kalendarz adwentowy w postaci sceny teatralnej zawieraj\u0105cej tekturowe elementy wystroju oraz postacie. Ka\u017cdego dnia odkrywane s\u0105 nowe fragmenty historii &#8222;Dziadek do orzech\u00f3w&#8221;. W zestawie znajduje si\u0119 r\u00f3wnie\u017c \u015bwi\u0105teczna bransoletka, kt\u00f3r\u0105 odkrywany ostatniego dnia. Eco brokat. Wymiary opakowania: 39,4 x 45,7 x 6,4 cm. Meri Kalendarz Adwentowy Dziadek Do Orzech\u00f3w Teatr Meri Meri janusz korczak cytaty, [&hellip;]<\/p>\n","protected":false},"featured_media":10568,"comment_status":"closed","ping_status":"open","template":"","meta":[],"product_cat":[1902,21],"product_tag":[777,644,661],"class_list":["post-10567","product","type-product","status-publish","has-post-thumbnail","hentry","product_cat-meri-meri","product_cat-zabawki-plastyczne","product_tag-co-na-roczek","product_tag-mia","product_tag-swinka-peppa-kolorowanka"],"_links":{"self":[{"href":"http:\/\/klubmamgdynia.pl\/index.php\/wp-json\/wp\/v2\/product\/10567","targetHints":{"allow":["GET"]}}],"collection":[{"href":"http:\/\/klubmamgdynia.pl\/index.php\/wp-json\/wp\/v2\/product"}],"about":[{"href":"http:\/\/klubmamgdynia.pl\/index.php\/wp-json\/wp\/v2\/types\/product"}],"replies":[{"embeddable":true,"href":"http:\/\/klubmamgdynia.pl\/index.php\/wp-json\/wp\/v2\/comments?post=10567"}],"wp:featuredmedia":[{"embeddable":true,"href":"http:\/\/klubmamgdynia.pl\/index.php\/wp-json\/wp\/v2\/media\/10568"}],"wp:attachment":[{"href":"http:\/\/klubmamgdynia.pl\/index.php\/wp-json\/wp\/v2\/media?parent=10567"}],"wp:term":[{"taxonomy":"product_cat","embeddable":true,"href":"http:\/\/klubmamgdynia.pl\/index.php\/wp-json\/wp\/v2\/product_cat?post=10567"},{"taxonomy":"product_tag","embeddable":true,"href":"http:\/\/klubmamgdynia.pl\/index.php\/wp-json\/wp\/v2\/product_tag?post=10567"}],"curies":[{"name":"wp","href":"https:\/\/api.w.org\/{rel}","templated":true}]}}