{"id":10591,"date":"2012-10-19T22:49:05","date_gmt":"2012-10-19T20:49:05","guid":{"rendered":"http:\/\/klubmamgdynia.pl\/index.php\/produkt\/importstator-rzutnik-projektor-do-nauki-rysowania-y258\/"},"modified":"2026-04-23T13:12:16","modified_gmt":"2026-04-23T11:12:16","slug":"importstator-rzutnik-projektor-do-nauki-rysowania-y258","status":"publish","type":"product","link":"http:\/\/klubmamgdynia.pl\/index.php\/produkt\/importstator-rzutnik-projektor-do-nauki-rysowania-y258\/","title":{"rendered":"Importstator Rzutnik Projektor Do Nauki Rysowania Y258"},"content":{"rendered":"<p>EDUKACYJNY RZUTNIK DO NAUKI RYSOWANIA I MALOWANIA Najwa\u017cniejsze cechy produktu: Projektor, rzutnik do nauki rysowania i malowana dla Twojego dziecka! Regulacja po\u0142o\u017cenia wy\u015bwietlanego obrazka Nauka s\u0142\u00f3wek ka\u017cdy obrazek jest podpisany po angielsku A\u017c 3 wymienne dyski z tematycznymi wzorami: zwierz\u0105tka, pojazdy, owoce \u0141\u0105cznie 21 wzor\u00f3w do narysowania lub namalowania W zestawie 12 kolowych mazak\u00f3w Zabawa zajmuje czas na d\u0142ugo, wycisza i uspokaja Rozwija umiej\u0119tno\u015bci dziecka &#8211; rysowanie i wyobra\u017ani\u0119 Mazaki do\u0142\u0105czone do zestawu Projektor mo\u017ce pe\u0142ni\u0107 funkcj\u0119 lampki Ca\u0142o\u015b\u0107 jest pakowana w kolorowe pude\u0142ko &#8211; idealne na prezent! RZUTNIK DO NAUKI RYSOWANIA I MALOWANIA! Projektor do nauki rysowania i malowania to \u015bwietny spos\u00f3b na nauk\u0119 poprzez zabaw\u0119 dla Twojego dziecka. Edukacyjna zabawka, kt\u00f3ra rozwinie w dziecku zdolno\u015bci plastyczne. Dziecko b\u0119dzie zainteresowane i ch\u0119tne do zabawy, a do\u0142\u0105czone do zestawu 3 wymienne dyski z rysunkami, pozwol\u0105 mu na wykonywanie pi\u0119knych rysunk\u00f3w! Specyfikacja: Wymienne dyski: tak, 3 Dysk: na ka\u017cdym dysku 7 obrazk\u00f3w Regulacja po\u0142o\u017cenia wy\u015bwietlanego obrazka: tak Mazaki: 12 szt Kolor obudowy: przewaga niebieskiego i zielonego Zasilanie: 4 baterie AA (brak w zestawie) Wymiary opakowania: 47,5 \u00d7 27,5 \u00d7 7 cm Wymiary rzutnika: 24,5\u00d718 x 21 cm Waga opakowania: 520 g Waga rzutnika: 220 g Wiek: +3 Certyfikaty: CE A\u017c 21 r\u00f3\u017cne obrazki do odwzorowania! Wszystkie dzieci uwielbiaj\u0105 rysowa\u0107.Ten rzutnik umo\u017cliwia stworzenie pi\u0119knych obrazk\u00f3w za pomoc\u0105 \u015bwiat\u0142a! Do rzutnika do\u0142\u0105czone s\u0105 a\u017c 3 wymienne dyski, a na ka\u017cdym z nich jest po 7 r\u00f3\u017cnych wzor\u00f3w. \u0141\u0105cznie dziecko mo\u017ce nauczy\u0107 si\u0119 rysowa\u0107 a\u017c 21 r\u00f3\u017cne rzeczy lub np. tworzy\u0107 kola\u017ce! REGULACJA PO\u0141O\u017bENIA WY\u015aWIETLANEGO OBRAZKA Dla jeszcze lepszych efekt\u00f3w wykonywanych rysunk\u00f3w, rzutnik zosta\u0142 zaprojektowany tak, aby mo\u017cna by\u0142o regulowa\u0107 po\u0142o\u017cenie wy\u015bwietlanego obrazka! W tym celu nale\u017cy regulowa\u0107 po\u0142o\u017cenie g\u0142\u00f3wk\u0105 od smoka (g\u00f3ra-d\u00f3\u0142) b\u0105d\u017a szyj\u0105 (prawo-lewo) Uwaga- Zaleca si\u0119 ostro\u017cn\u0105 regulacj\u0119 po\u0142o\u017cenia obrazka w szczeg\u00f3lno\u015bci funkcja (g\u00f3ra-d\u00f3\u0142), poniewa\u017c mo\u017ce doj\u015b\u0107 do uszkodzenia zabawki FUNKCJE Aby u\u0142atwi\u0107 prac\u0119 z rzutnikiem i zaprowadzi\u0107 \u0142ad na stanowisku ma\u0142ego artysty, rzutnik zosta\u0142 wyposa\u017cony w regulacj\u0119 ostro\u015bci na pokr\u0119tle pod g\u0142ow\u0105 smoka. W\u0142\u0105cznik i wy\u0142\u0105cznik rzutnika znajduje si\u0119 na g\u0142owie smoka. Do paszczy wk\u0142adamy kr\u0105\u017cki ze slajdami swobodnie mo\u017cemy je obraca\u0107 w celu wyboru obrazka. NAUKA PO\u0141\u0104CZONA Z ZABAW\u0104 Do\u0142\u0105czone do zestawu z projektorem s\u0105 obrazki tematyczne do wy\u015bwietlania, kt\u00f3re s\u0105 podpisane po angielsku. Dlatego podczas zabawy dziecko rozwija pami\u0119\u0107, obrazowe i logiczne my\u015blenie. Zestaw zawiera: Projektor rzutnik 3 wymienne dyski do rzutnika: na ka\u017cdym po 7 wzor\u00f3w 12 Mazak\u00f3w Notes na obrazki E-Instrukcja obs\u0142ugi w j. polskim Oryginalne opakowanie producenta<\/p>\n<h2>Importstator Rzutnik Projektor Do Nauki Rysowania Y258 Malplay<\/h2>\n<p>z\u0142ote my\u015bli pedagogiczne, \u0142atwe laurki, leon imi\u0119, prezent dla dziecka na roczek, zygzak mcqueen kolorowanka, ida swieta wielkanocne ida swieta, pytania logiczne, naj\u0142adniejsze ko\u0142ysanki dla dzieci<\/p>\n<p>yyyyy<\/p>\n<p>&nbsp;<\/p>\n","protected":false},"excerpt":{"rendered":"<p>EDUKACYJNY RZUTNIK DO NAUKI RYSOWANIA I MALOWANIA Najwa\u017cniejsze cechy produktu: Projektor, rzutnik do nauki rysowania i malowana dla Twojego dziecka! Regulacja po\u0142o\u017cenia wy\u015bwietlanego obrazka Nauka s\u0142\u00f3wek ka\u017cdy obrazek jest podpisany po angielsku A\u017c 3 wymienne dyski z tematycznymi wzorami: zwierz\u0105tka, pojazdy, owoce \u0141\u0105cznie 21 wzor\u00f3w do narysowania lub namalowania W zestawie 12 kolowych mazak\u00f3w Zabawa [&hellip;]<\/p>\n","protected":false},"featured_media":10592,"comment_status":"closed","ping_status":"open","template":"","meta":[],"product_cat":[84,21],"product_tag":[658,834,753,856,621],"class_list":["post-10591","product","type-product","status-publish","has-post-thumbnail","hentry","product_cat-malplay","product_cat-zabawki-plastyczne","product_tag-alan-znaczenie-imienia","product_tag-bajka-do-czytania-na-dobranoc","product_tag-kamila","product_tag-prezent-dla-16-latki","product_tag-prezenty-roczek"],"_links":{"self":[{"href":"http:\/\/klubmamgdynia.pl\/index.php\/wp-json\/wp\/v2\/product\/10591","targetHints":{"allow":["GET"]}}],"collection":[{"href":"http:\/\/klubmamgdynia.pl\/index.php\/wp-json\/wp\/v2\/product"}],"about":[{"href":"http:\/\/klubmamgdynia.pl\/index.php\/wp-json\/wp\/v2\/types\/product"}],"replies":[{"embeddable":true,"href":"http:\/\/klubmamgdynia.pl\/index.php\/wp-json\/wp\/v2\/comments?post=10591"}],"wp:featuredmedia":[{"embeddable":true,"href":"http:\/\/klubmamgdynia.pl\/index.php\/wp-json\/wp\/v2\/media\/10592"}],"wp:attachment":[{"href":"http:\/\/klubmamgdynia.pl\/index.php\/wp-json\/wp\/v2\/media?parent=10591"}],"wp:term":[{"taxonomy":"product_cat","embeddable":true,"href":"http:\/\/klubmamgdynia.pl\/index.php\/wp-json\/wp\/v2\/product_cat?post=10591"},{"taxonomy":"product_tag","embeddable":true,"href":"http:\/\/klubmamgdynia.pl\/index.php\/wp-json\/wp\/v2\/product_tag?post=10591"}],"curies":[{"name":"wp","href":"https:\/\/api.w.org\/{rel}","templated":true}]}}