{"id":1062,"date":"2021-04-12T20:15:24","date_gmt":"2021-04-12T18:15:24","guid":{"rendered":"http:\/\/klubmamgdynia.pl\/index.php\/produkt\/tm-toys-skwooshi-zestaw-akcyjny-skw30007\/"},"modified":"2026-04-29T19:42:42","modified_gmt":"2026-04-29T17:42:42","slug":"tm-toys-skwooshi-zestaw-akcyjny-skw30007","status":"publish","type":"product","link":"http:\/\/klubmamgdynia.pl\/index.php\/produkt\/tm-toys-skwooshi-zestaw-akcyjny-skw30007\/","title":{"rendered":"Tm Toys Skwooshi Zestaw Akcyjny Skw30007"},"content":{"rendered":"<p>Skwooshi to wyj\u0105tkowa masa plastyczna, kt\u00f3r\u0105 mo\u017cna ugniata\u0107, rozci\u0105ga\u0107 i formowa\u0107 na wiele r\u00f3\u017cnych sposob\u00f3w.Pod wp\u0142ywem ciep\u0142a zmienia swoja struktur\u0119. Wyst\u0119puje w dziesi\u0119ciu t\u0119czowych kolorach. Nie wysycha, jest antyalergiczna, nie zawiera glutenu, nie brudzi, nie pachnie, pozwala tworzy\u0107 niesamowite kszta\u0142ty.Informacje o produkcieNr katalogowySKW30007Marka (Zabawki) BrakObszar (nauka i rozw\u00f3j) PlastyczneRodzaj (nauka i rozw\u00f3j) PlastelinaWymagania wiekowe od 3 latP\u0142e\u0107 (zabawki) Dziewczynki i ch\u0142opcyPozosta\u0142e parametryWymiary opakowania: 18 x 5 x 23 cm<\/p>\n<h2>Tm Toys Skwooshi Zestaw Akcyjny Skw30007 TM Toys<\/h2>\n<p>kr\u00f3tkie bajki do czytania na dobranoc, nadia, mia\u0142a baba koguta tekst, kolorowanka lego ninjago<\/p>\n<p>yyyyy<\/p>\n<p>&nbsp;<\/p>\n","protected":false},"excerpt":{"rendered":"<p>Skwooshi to wyj\u0105tkowa masa plastyczna, kt\u00f3r\u0105 mo\u017cna ugniata\u0107, rozci\u0105ga\u0107 i formowa\u0107 na wiele r\u00f3\u017cnych sposob\u00f3w.Pod wp\u0142ywem ciep\u0142a zmienia swoja struktur\u0119. Wyst\u0119puje w dziesi\u0119ciu t\u0119czowych kolorach. Nie wysycha, jest antyalergiczna, nie zawiera glutenu, nie brudzi, nie pachnie, pozwala tworzy\u0107 niesamowite kszta\u0142ty.Informacje o produkcieNr katalogowySKW30007Marka (Zabawki) BrakObszar (nauka i rozw\u00f3j) PlastyczneRodzaj (nauka i rozw\u00f3j) PlastelinaWymagania wiekowe od [&hellip;]<\/p>\n","protected":false},"featured_media":1063,"comment_status":"closed","ping_status":"open","template":"","meta":[],"product_cat":[145,21],"product_tag":[687,732,621,830],"class_list":["post-1062","product","type-product","status-publish","has-post-thumbnail","hentry","product_cat-tm-toys","product_cat-zabawki-plastyczne","product_tag-podchwytliwe-zagadki-matematyczne","product_tag-prezent-dla-rocznego-chlopca","product_tag-prezenty-roczek","product_tag-rodzina-cytaty"],"_links":{"self":[{"href":"http:\/\/klubmamgdynia.pl\/index.php\/wp-json\/wp\/v2\/product\/1062","targetHints":{"allow":["GET"]}}],"collection":[{"href":"http:\/\/klubmamgdynia.pl\/index.php\/wp-json\/wp\/v2\/product"}],"about":[{"href":"http:\/\/klubmamgdynia.pl\/index.php\/wp-json\/wp\/v2\/types\/product"}],"replies":[{"embeddable":true,"href":"http:\/\/klubmamgdynia.pl\/index.php\/wp-json\/wp\/v2\/comments?post=1062"}],"wp:featuredmedia":[{"embeddable":true,"href":"http:\/\/klubmamgdynia.pl\/index.php\/wp-json\/wp\/v2\/media\/1063"}],"wp:attachment":[{"href":"http:\/\/klubmamgdynia.pl\/index.php\/wp-json\/wp\/v2\/media?parent=1062"}],"wp:term":[{"taxonomy":"product_cat","embeddable":true,"href":"http:\/\/klubmamgdynia.pl\/index.php\/wp-json\/wp\/v2\/product_cat?post=1062"},{"taxonomy":"product_tag","embeddable":true,"href":"http:\/\/klubmamgdynia.pl\/index.php\/wp-json\/wp\/v2\/product_tag?post=1062"}],"curies":[{"name":"wp","href":"https:\/\/api.w.org\/{rel}","templated":true}]}}