{"id":10637,"date":"2021-10-19T13:14:58","date_gmt":"2021-10-19T11:14:58","guid":{"rendered":"http:\/\/klubmamgdynia.pl\/index.php\/produkt\/tomy-mata-podrozna-do-malowania-woda-t72369\/"},"modified":"2026-05-17T22:29:43","modified_gmt":"2026-05-17T20:29:43","slug":"tomy-mata-podrozna-do-malowania-woda-t72369","status":"publish","type":"product","link":"http:\/\/klubmamgdynia.pl\/index.php\/produkt\/tomy-mata-podrozna-do-malowania-woda-t72369\/","title":{"rendered":"Tomy Mata Podr\u00f3\u017cna Do Malowania Wod\u0105 T72369"},"content":{"rendered":"<p>TOMY Aquadoodle Mata podr\u00f3\u017cna to produkt, kt\u00f3ry sprawi, \u017ce dzieci nie b\u0119d\u0105 nudzi\u0142y si\u0119 podczas monotonnej jazdy autem lub poci\u0105giem. Podczas podr\u00f3\u017cy oddadz\u0105 si\u0119 tw\u00f3rczej pracy i b\u0119d\u0105 tworzy\u0142y fascynuj\u0105ce arcydzie\u0142a.Walizeczka zawiera zestaw do malowania bez u\u017cycia kredek, flamastr\u00f3w czy farb. W \u015brodku znajduje si\u0119 specjalna mata oraz magiczny pisak na wod\u0119. Stworzone rysunki po chwili znikaj\u0105, wi\u0119c mo\u017cna od nowa kreowa\u0107 wspania\u0142e grafiki. Malowanie wod\u0105 to niezwykle czysta forma doskonalenia umiej\u0119tno\u015bci plastycznych. Nie wymaga dodatkowych barwnik\u00f3w, akcesori\u00f3w ani nie brudzi otoczenia. \u0141atwo, wygodnie i bez \u017cadnych ogranicze\u0144 mali arty\u015bci mog\u0105 rysowa\u0107. Niewielkie etui mo\u017cna zabra\u0107 w ka\u017cde miejsce.Zalety:\u2022 Zestaw Aquadoodle sprawi, \u017ce ka\u017cda podr\u00f3\u017c nie b\u0119dzie dla dziecka monotonna i d\u0142uga;\u2022 Magiczny pisak wystarczy nape\u0142ni\u0107 wod\u0105 i mo\u017cna rozpocz\u0105\u0107 tw\u00f3rcza zabaw\u0119\u2019\u2022 Podczas malowania nie ma brudnych r\u0105k, ubra\u0144 czy fotela w samochodzie;\u2022 Malowanie pobudza wyobra\u017ani\u0119 dzieci oraz rozwija ich zdolno\u015bci plastyczne;\u2022 Magiczne obrazki po chwili samoczynnie znikaj\u0105;\u2022 Praktyczna walizeczka jest wygodna i mo\u017cna ja zabra\u0107 w dowolne miejsce;\u2022 Mata Aquadoodle to doskona\u0142y zestaw plastyczny dla dzieci zaczynaj\u0105cych artystyczn\u0105 przygod\u0119;W zestawie:\u2022 1 flamaster Aquadoodle;\u2022 Walizeczka z arkuszem do malowania.Cechy:\u2022 Wiek dziecka; od 18 miesi\u0119cy.<\/p>\n<h2>Tomy Mata Podr\u00f3\u017cna Do Malowania Wod\u0105 T72369 Tomy<\/h2>\n<p>przek\u0105ski na urodziny dziecka, wilga, szlaczki dla dzieci do druku, zagadki dla dzieci 9 10 lat z odpowiedziami, fajne \u017carty na prima aprilis, jak namalowa\u0107 kota, opowie\u015bci z narnii lew czarownica i stara szafa quiz, lamiglowki slowne, zagadki matematyczne dla dzieci, zagadki logiczne z odpowiedziami, \u015bwinka peppa do druku, zagadki, prezent dla 15 latka, pytania zagadki, plac zabaw warszawa, quizy ortograficzne trudne, quizy za darmo, kanapki halloween<\/p>\n<p>yyyyy<\/p>\n<p>&nbsp;<\/p>\n","protected":false},"excerpt":{"rendered":"<p>TOMY Aquadoodle Mata podr\u00f3\u017cna to produkt, kt\u00f3ry sprawi, \u017ce dzieci nie b\u0119d\u0105 nudzi\u0142y si\u0119 podczas monotonnej jazdy autem lub poci\u0105giem. Podczas podr\u00f3\u017cy oddadz\u0105 si\u0119 tw\u00f3rczej pracy i b\u0119d\u0105 tworzy\u0142y fascynuj\u0105ce arcydzie\u0142a.Walizeczka zawiera zestaw do malowania bez u\u017cycia kredek, flamastr\u00f3w czy farb. W \u015brodku znajduje si\u0119 specjalna mata oraz magiczny pisak na wod\u0119. Stworzone rysunki po [&hellip;]<\/p>\n","protected":false},"featured_media":10638,"comment_status":"closed","ping_status":"open","template":"","meta":[],"product_cat":[1327,21],"product_tag":[598,763,734,876,591,659],"class_list":["post-10637","product","type-product","status-publish","has-post-thumbnail","hentry","product_cat-tomy","product_cat-zabawki-plastyczne","product_tag-co-na-roczek-dla-dziewczynki","product_tag-fabian","product_tag-milan-imie","product_tag-przyjazn","product_tag-quiz-o-minecraft","product_tag-tupu-tup-po-sniegu-tekst"],"_links":{"self":[{"href":"http:\/\/klubmamgdynia.pl\/index.php\/wp-json\/wp\/v2\/product\/10637","targetHints":{"allow":["GET"]}}],"collection":[{"href":"http:\/\/klubmamgdynia.pl\/index.php\/wp-json\/wp\/v2\/product"}],"about":[{"href":"http:\/\/klubmamgdynia.pl\/index.php\/wp-json\/wp\/v2\/types\/product"}],"replies":[{"embeddable":true,"href":"http:\/\/klubmamgdynia.pl\/index.php\/wp-json\/wp\/v2\/comments?post=10637"}],"wp:featuredmedia":[{"embeddable":true,"href":"http:\/\/klubmamgdynia.pl\/index.php\/wp-json\/wp\/v2\/media\/10638"}],"wp:attachment":[{"href":"http:\/\/klubmamgdynia.pl\/index.php\/wp-json\/wp\/v2\/media?parent=10637"}],"wp:term":[{"taxonomy":"product_cat","embeddable":true,"href":"http:\/\/klubmamgdynia.pl\/index.php\/wp-json\/wp\/v2\/product_cat?post=10637"},{"taxonomy":"product_tag","embeddable":true,"href":"http:\/\/klubmamgdynia.pl\/index.php\/wp-json\/wp\/v2\/product_tag?post=10637"}],"curies":[{"name":"wp","href":"https:\/\/api.w.org\/{rel}","templated":true}]}}