{"id":10647,"date":"2014-08-15T00:46:09","date_gmt":"2014-08-14T22:46:09","guid":{"rendered":"http:\/\/klubmamgdynia.pl\/index.php\/produkt\/kidea-farbki-do-twarzy-zestaw-dracula\/"},"modified":"2026-04-30T23:00:59","modified_gmt":"2026-04-30T21:00:59","slug":"kidea-farbki-do-twarzy-zestaw-dracula","status":"publish","type":"product","link":"http:\/\/klubmamgdynia.pl\/index.php\/produkt\/kidea-farbki-do-twarzy-zestaw-dracula\/","title":{"rendered":"Kidea Farbki Do Twarzy Zestaw Dracula"},"content":{"rendered":"<p>Zestaw Dracula pozwoli wykona\u0107 super charakteryzacj\u0119! Ca\u0142y komplet zawiera a\u017c 9 element\u00f3w: &#8211; sztuczn\u0105 krew, &#8211; farbki do twarzy w 5 odcieniach \u2013 czarnym, fioletowym, czerwonym, zielonym i bia\u0142ym, &#8211; sztuczn\u0105 szcz\u0119k\u0119 oraz &#8211; p\u0119dzelek, kt\u00f3ry \u015bwietnie sprawdzi si\u0119 w rysowaniu dok\u0142adnych kontur &#8211; aplikator do pokrycia wi\u0119kszych powierzchni. Wszystkie produkty s\u0105 bezpieczne, co potwierdzi\u0142y restrykcyjne testy laboratoryjne. Z ty\u0142u opakowania instrukcja jak krok po kroku stworzy\u0107 wybran\u0105 stylizacj\u0119. Stw\u00f3rz spektakularny makija\u017c razem z KIDEA, od kt\u00f3rego wszyscy nie b\u0119d\u0105 mogli oderwa\u0107 wzroku! Wymiary: 20 x 23 x 3 cm<\/p>\n<h2>Kidea Farbki Do Twarzy Zestaw Dracula Derform<\/h2>\n<p>zagadki o zawodach, wierszyk o choince, delfinarium polska, quizy dla dzieci, testy z lektury opowie\u015bci z narni lew czarownica i stara szafa, esmeralda, Keyword<\/p>\n<p>yyyyy<\/p>\n<p>&nbsp;<\/p>\n","protected":false},"excerpt":{"rendered":"<p>Zestaw Dracula pozwoli wykona\u0107 super charakteryzacj\u0119! Ca\u0142y komplet zawiera a\u017c 9 element\u00f3w: &#8211; sztuczn\u0105 krew, &#8211; farbki do twarzy w 5 odcieniach \u2013 czarnym, fioletowym, czerwonym, zielonym i bia\u0142ym, &#8211; sztuczn\u0105 szcz\u0119k\u0119 oraz &#8211; p\u0119dzelek, kt\u00f3ry \u015bwietnie sprawdzi si\u0119 w rysowaniu dok\u0142adnych kontur &#8211; aplikator do pokrycia wi\u0119kszych powierzchni. Wszystkie produkty s\u0105 bezpieczne, co potwierdzi\u0142y [&hellip;]<\/p>\n","protected":false},"featured_media":10648,"comment_status":"closed","ping_status":"open","template":"","meta":[],"product_cat":[1021,21],"product_tag":[839,813,729,866,794],"class_list":["post-10647","product","type-product","status-publish","has-post-thumbnail","hentry","product_cat-derform","product_cat-zabawki-plastyczne","product_tag-bajki-na-dobranoc-do-czytania","product_tag-krotkie-zagadki-matematyczne-z-odpowiedziami","product_tag-madre-bajki-dla-dzieci-do-czytania","product_tag-opis-do-zdjecia-dziecka-na-fb","product_tag-test-opowiesci-z-narnii-lew-czarownica-i-stara-szafa-do-druku"],"_links":{"self":[{"href":"http:\/\/klubmamgdynia.pl\/index.php\/wp-json\/wp\/v2\/product\/10647","targetHints":{"allow":["GET"]}}],"collection":[{"href":"http:\/\/klubmamgdynia.pl\/index.php\/wp-json\/wp\/v2\/product"}],"about":[{"href":"http:\/\/klubmamgdynia.pl\/index.php\/wp-json\/wp\/v2\/types\/product"}],"replies":[{"embeddable":true,"href":"http:\/\/klubmamgdynia.pl\/index.php\/wp-json\/wp\/v2\/comments?post=10647"}],"wp:featuredmedia":[{"embeddable":true,"href":"http:\/\/klubmamgdynia.pl\/index.php\/wp-json\/wp\/v2\/media\/10648"}],"wp:attachment":[{"href":"http:\/\/klubmamgdynia.pl\/index.php\/wp-json\/wp\/v2\/media?parent=10647"}],"wp:term":[{"taxonomy":"product_cat","embeddable":true,"href":"http:\/\/klubmamgdynia.pl\/index.php\/wp-json\/wp\/v2\/product_cat?post=10647"},{"taxonomy":"product_tag","embeddable":true,"href":"http:\/\/klubmamgdynia.pl\/index.php\/wp-json\/wp\/v2\/product_tag?post=10647"}],"curies":[{"name":"wp","href":"https:\/\/api.w.org\/{rel}","templated":true}]}}