{"id":10651,"date":"2024-09-20T21:39:06","date_gmt":"2024-09-20T19:39:06","guid":{"rendered":"http:\/\/klubmamgdynia.pl\/?post_type=product&#038;p=10651"},"modified":"2026-05-17T22:46:25","modified_gmt":"2026-05-17T20:46:25","slug":"depesche-top-model-gumka-do-scierania-w-ksztalcie-szminki-6300","status":"publish","type":"product","link":"http:\/\/klubmamgdynia.pl\/index.php\/produkt\/depesche-top-model-gumka-do-scierania-w-ksztalcie-szminki-6300\/","title":{"rendered":"DEPESCHE Top Model Gumka do \u015acierania w Kszta\u0142cie Szminki 6300"},"content":{"rendered":"<p>Gumka do \u015bcierania w kszta\u0142cie szminki Top Model, 2wz<\/p>\n<h2>DEPESCHE Top Model Gumka do \u015acierania w Kszta\u0142cie Szminki 6300 Depesche<\/h2>\n<p>przyjazn, zagadki matematyczne dla dzieci 7 lat, podchwytliwe zagadki dla dzieci, zagadki dla dzieci do druku, milena, dziecko cytaty z\u0142ote my\u015bli, opowie\u015bci z narnii lew czarownica i stara szafa test do wydruku, cicha noc po angielsku, proste origami dla dzieci, quiz psi patrol, test z pana kleksa, wyci\u0119cia szablon korony do druku, milan imie, laura, dziecko cytaty, \u015bmieszne zagadki z odpowiedziami, co dla rocznego dziecka, walentynka dla c\u00f3rki, oliwier, \u0142atwe zagadki<\/p>\n<p>yyyyy<\/p>\n<p>&nbsp;<\/p>\n","protected":false},"excerpt":{"rendered":"<p>Gumka do \u015bcierania w kszta\u0142cie szminki Top Model, 2wz DEPESCHE Top Model Gumka do \u015acierania w Kszta\u0142cie Szminki 6300 Depesche przyjazn, zagadki matematyczne dla dzieci 7 lat, podchwytliwe zagadki dla dzieci, zagadki dla dzieci do druku, milena, dziecko cytaty z\u0142ote my\u015bli, opowie\u015bci z narnii lew czarownica i stara szafa test do wydruku, cicha noc po [&hellip;]<\/p>\n","protected":false},"featured_media":10652,"comment_status":"closed","ping_status":"open","template":"","meta":[],"product_cat":[1826,962],"product_tag":[839,645,651,771],"class_list":["post-10651","product","type-product","status-publish","has-post-thumbnail","hentry","product_cat-depesche","product_cat-szkolne-przybory-do-pisania","product_tag-bajki-na-dobranoc-do-czytania","product_tag-latwe-zagadki","product_tag-quizy-online","product_tag-stolice-europy-quiz"],"_links":{"self":[{"href":"http:\/\/klubmamgdynia.pl\/index.php\/wp-json\/wp\/v2\/product\/10651","targetHints":{"allow":["GET"]}}],"collection":[{"href":"http:\/\/klubmamgdynia.pl\/index.php\/wp-json\/wp\/v2\/product"}],"about":[{"href":"http:\/\/klubmamgdynia.pl\/index.php\/wp-json\/wp\/v2\/types\/product"}],"replies":[{"embeddable":true,"href":"http:\/\/klubmamgdynia.pl\/index.php\/wp-json\/wp\/v2\/comments?post=10651"}],"wp:featuredmedia":[{"embeddable":true,"href":"http:\/\/klubmamgdynia.pl\/index.php\/wp-json\/wp\/v2\/media\/10652"}],"wp:attachment":[{"href":"http:\/\/klubmamgdynia.pl\/index.php\/wp-json\/wp\/v2\/media?parent=10651"}],"wp:term":[{"taxonomy":"product_cat","embeddable":true,"href":"http:\/\/klubmamgdynia.pl\/index.php\/wp-json\/wp\/v2\/product_cat?post=10651"},{"taxonomy":"product_tag","embeddable":true,"href":"http:\/\/klubmamgdynia.pl\/index.php\/wp-json\/wp\/v2\/product_tag?post=10651"}],"curies":[{"name":"wp","href":"https:\/\/api.w.org\/{rel}","templated":true}]}}