{"id":10679,"date":"2013-04-03T16:00:27","date_gmt":"2013-04-03T14:00:27","guid":{"rendered":"http:\/\/klubmamgdynia.pl\/index.php\/produkt\/saszetka-na-pas-stars-469374\/"},"modified":"2026-05-17T22:21:30","modified_gmt":"2026-05-17T20:21:30","slug":"saszetka-na-pas-stars-469374","status":"publish","type":"product","link":"http:\/\/klubmamgdynia.pl\/index.php\/produkt\/saszetka-na-pas-stars-469374\/","title":{"rendered":"Saszetka na pas Stars 469374"},"content":{"rendered":"<p>Cechy produktu zamykana na zamek b\u0142yskawiczny; pojemna; dodatkowa tylna kieszonka na portfel \/ dokumenty \/ smartfon; regulowany pasek zapinany na zatrzask; mo\u017cna nosi\u0107 na pasie oraz na klatce piersiowej dzi\u0119ki d\u0142ugiemu paskowi; mocny materia\u0142.OpisPraktyczna, zamykana na zamek saszetka na pas STARPAK \u015bwietnie sprawdza si\u0119 podczas spacer\u00f3w i wycieczek. Dzi\u0119ki 2 zamykanym na zamki b\u0142yskawiczne kieszeniom mo\u017cna w niej bezpiecznie przechowywanie najpotrzebniejszych rzeczy. Tylna kiesze\u0144 doskonale nadaje si\u0119 na portfel, smartfon, lub klucze. G\u0142\u00f3wna kiesze\u0144 saszetki STARPAK jest bardzo pojemna. Zmie\u015bci si\u0119 w niej nawet ma\u0142a butelka z napojem. Mocny materia\u0142 i \u0142atwa w czyszczeniu poszewka gwarantuj\u0105 \u017ce saszetka na pas STARPAK b\u0119dzie mog\u0142a by\u0107 u\u017cytkowana przez d\u0142ugi czas.Starpak przygotowa\u0142 8 modeli saszetek na pas.<\/p>\n<h2>Saszetka na pas Stars 469374 Starpak<\/h2>\n<p>miko\u0142ajki dla dzieci warszawa 2021, kundel bury tekst, karteczki wydruku wr\u00f3\u017cby andrzejkowe dla dzieci, imiona dla ch\u0142opc\u00f3w, kawal na prima aprilis<\/p>\n<p>yyyyy<\/p>\n<p>&nbsp;<\/p>\n","protected":false},"excerpt":{"rendered":"<p>Cechy produktu zamykana na zamek b\u0142yskawiczny; pojemna; dodatkowa tylna kieszonka na portfel \/ dokumenty \/ smartfon; regulowany pasek zapinany na zatrzask; mo\u017cna nosi\u0107 na pasie oraz na klatce piersiowej dzi\u0119ki d\u0142ugiemu paskowi; mocny materia\u0142.OpisPraktyczna, zamykana na zamek saszetka na pas STARPAK \u015bwietnie sprawdza si\u0119 podczas spacer\u00f3w i wycieczek. Dzi\u0119ki 2 zamykanym na zamki b\u0142yskawiczne kieszeniom [&hellip;]<\/p>\n","protected":false},"featured_media":10680,"comment_status":"closed","ping_status":"open","template":"","meta":[],"product_cat":[260,269],"product_tag":[671,719,740,639,785],"class_list":["post-10679","product","type-product","status-publish","has-post-thumbnail","hentry","product_cat-pozostale-akcesoria-dzieciece","product_cat-starpak","product_tag-cicha-noc-po-angielsku-tekst","product_tag-dziecko-cytaty-zlote-mysli","product_tag-fajne-prezenty-dla-nastolatkow","product_tag-nela-imie","product_tag-prezent-dla-nastolatkow"],"_links":{"self":[{"href":"http:\/\/klubmamgdynia.pl\/index.php\/wp-json\/wp\/v2\/product\/10679","targetHints":{"allow":["GET"]}}],"collection":[{"href":"http:\/\/klubmamgdynia.pl\/index.php\/wp-json\/wp\/v2\/product"}],"about":[{"href":"http:\/\/klubmamgdynia.pl\/index.php\/wp-json\/wp\/v2\/types\/product"}],"replies":[{"embeddable":true,"href":"http:\/\/klubmamgdynia.pl\/index.php\/wp-json\/wp\/v2\/comments?post=10679"}],"wp:featuredmedia":[{"embeddable":true,"href":"http:\/\/klubmamgdynia.pl\/index.php\/wp-json\/wp\/v2\/media\/10680"}],"wp:attachment":[{"href":"http:\/\/klubmamgdynia.pl\/index.php\/wp-json\/wp\/v2\/media?parent=10679"}],"wp:term":[{"taxonomy":"product_cat","embeddable":true,"href":"http:\/\/klubmamgdynia.pl\/index.php\/wp-json\/wp\/v2\/product_cat?post=10679"},{"taxonomy":"product_tag","embeddable":true,"href":"http:\/\/klubmamgdynia.pl\/index.php\/wp-json\/wp\/v2\/product_tag?post=10679"}],"curies":[{"name":"wp","href":"https:\/\/api.w.org\/{rel}","templated":true}]}}