{"id":10689,"date":"2019-03-26T10:51:30","date_gmt":"2019-03-26T09:51:30","guid":{"rendered":"http:\/\/klubmamgdynia.pl\/index.php\/produkt\/starpak-tasma-pakowa-przezroczysta-6szt\/"},"modified":"2026-04-30T20:56:38","modified_gmt":"2026-04-30T18:56:38","slug":"starpak-tasma-pakowa-przezroczysta-6szt","status":"publish","type":"product","link":"http:\/\/klubmamgdynia.pl\/index.php\/produkt\/starpak-tasma-pakowa-przezroczysta-6szt\/","title":{"rendered":"Starpak Ta\u015bma Pakowa Przezroczysta (6Szt)"},"content":{"rendered":"<p>Ta\u015bma pakowa przezroczysta. Odpowiednia grubo\u015b\u0107 uniemo\u017cliwia przypadkowe rwanie lub strz\u0119pienie ta\u015bmy. Pasuje do wszystkich obecnych na rynku pakowarek. NAZWA TA\u015aMA PAKOWA PRZEZROCZYSTA (6SZT) PRODUCENT STARPAK EAN 5905833000867 Znajd\u017a podobne wed\u0142ug klucza: STARPAK (133280)<\/p>\n<h2>Starpak Ta\u015bma Pakowa Przezroczysta (6Szt) Starpak<\/h2>\n<p>zdrowe przepisy dla dzieci, \u017cyczenia bo\u017ce narodzenie oryginalne, zaj\u0119cia wielkanocne dla dzieci, atrakcje we wroc\u0142awiu dla dzieci, trudne zagadki na inteligencj\u0119, cytaty o mamie, bajka o smoku, naj\u0142adniejsze ko\u0142ysanki dla dzieci, samolot z papieru, mi\u0142osz imie, prezenty dla rocznego dziecka, trudne zagadki na inteligencj\u0119, psi patrol kolorowanki, milena, lato lato lato czeka, peppa do czytania, nasza zima z\u0142a tekst, cytat o rodzinie<\/p>\n<p>yyyyy<\/p>\n<p>&nbsp;<\/p>\n","protected":false},"excerpt":{"rendered":"<p>Ta\u015bma pakowa przezroczysta. Odpowiednia grubo\u015b\u0107 uniemo\u017cliwia przypadkowe rwanie lub strz\u0119pienie ta\u015bmy. Pasuje do wszystkich obecnych na rynku pakowarek. NAZWA TA\u015aMA PAKOWA PRZEZROCZYSTA (6SZT) PRODUCENT STARPAK EAN 5905833000867 Znajd\u017a podobne wed\u0142ug klucza: STARPAK (133280) Starpak Ta\u015bma Pakowa Przezroczysta (6Szt) Starpak zdrowe przepisy dla dzieci, \u017cyczenia bo\u017ce narodzenie oryginalne, zaj\u0119cia wielkanocne dla dzieci, atrakcje we wroc\u0142awiu dla [&hellip;]<\/p>\n","protected":false},"featured_media":10690,"comment_status":"closed","ping_status":"open","template":"","meta":[],"product_cat":[1897,269],"product_tag":[781,619,753,718],"class_list":["post-10689","product","type-product","status-publish","has-post-thumbnail","hentry","product_cat-pakowanie-i-wysylka","product_cat-starpak","product_tag-cytaty-o-wychowaniu-dzieci","product_tag-iwo-imie","product_tag-kamila","product_tag-prezent-na-roczek-dla-chrzesniaka"],"_links":{"self":[{"href":"http:\/\/klubmamgdynia.pl\/index.php\/wp-json\/wp\/v2\/product\/10689","targetHints":{"allow":["GET"]}}],"collection":[{"href":"http:\/\/klubmamgdynia.pl\/index.php\/wp-json\/wp\/v2\/product"}],"about":[{"href":"http:\/\/klubmamgdynia.pl\/index.php\/wp-json\/wp\/v2\/types\/product"}],"replies":[{"embeddable":true,"href":"http:\/\/klubmamgdynia.pl\/index.php\/wp-json\/wp\/v2\/comments?post=10689"}],"wp:featuredmedia":[{"embeddable":true,"href":"http:\/\/klubmamgdynia.pl\/index.php\/wp-json\/wp\/v2\/media\/10690"}],"wp:attachment":[{"href":"http:\/\/klubmamgdynia.pl\/index.php\/wp-json\/wp\/v2\/media?parent=10689"}],"wp:term":[{"taxonomy":"product_cat","embeddable":true,"href":"http:\/\/klubmamgdynia.pl\/index.php\/wp-json\/wp\/v2\/product_cat?post=10689"},{"taxonomy":"product_tag","embeddable":true,"href":"http:\/\/klubmamgdynia.pl\/index.php\/wp-json\/wp\/v2\/product_tag?post=10689"}],"curies":[{"name":"wp","href":"https:\/\/api.w.org\/{rel}","templated":true}]}}