{"id":10701,"date":"2016-09-20T20:31:26","date_gmt":"2016-09-20T18:31:26","guid":{"rendered":"http:\/\/klubmamgdynia.pl\/index.php\/produkt\/tomy-traktor-johny-42925\/"},"modified":"2026-04-14T18:09:43","modified_gmt":"2026-04-14T16:09:43","slug":"tomy-traktor-johny-42925","status":"publish","type":"product","link":"http:\/\/klubmamgdynia.pl\/index.php\/produkt\/tomy-traktor-johny-42925\/","title":{"rendered":"Tomy Traktor Johny 42925"},"content":{"rendered":"<p>Brrrrrruummm .. nadchodzi traktor Johnny! Dzi\u0119ki mi\u0119kkim ko\u0142om traktor mo\u017cna bardzo \u0142atwo pcha\u0107, dzi\u0119ki czemu zabawa nim nie stanowi problemu dla ma\u0142ych dzieci. Do przodu lub do ty\u0142u &#8211; dziecko mo\u017ce jecha\u0107, gdzie chce ze swoj\u0105 now\u0105 ulubion\u0105 zabawk\u0105! A je\u015bli naci\u015bniesz na dach Johnny`ego, odjedzie sam! Ci\u0105gnik przeznaczony jest do jazdy w terenie i posiada bardzo wygodny mi\u0119kki materia\u0142, kt\u00f3ry sprawia, \u017ce zabawka jest bardzo przyjemna w dotyku dla m\u0142odszych i starszych. Idealny prezent dla ma\u0142ych fan\u00f3w traktor\u00f3w &#8211; to \u015bwietna zabawa! Modele firmy TOMY John Deere to bardzo szczeg\u00f3\u0142owo odwzorowane maszyny i pojazdy. Pobudzaj\u0105 wyobra\u017ani\u0119 dziecka pozwalaj\u0105c w bezpieczny i przyjemny spos\u00f3b poznawa\u0107 \u015bwiat.<\/p>\n<h2>Tomy Traktor Johny 42925 Tomy<\/h2>\n<p>akademia pana kleksa &#8211; test z odpowiedziami do druku, jak narysowa\u0107 kr\u00f3lika, bajki dla dzieci na dobranoc, gloria imie, by\u0142 sobie kr\u00f3l, rzadkie imiona \u017ce\u0144skie, jazda konna dla dzieci, ju\u017c blisko kol\u0119da tekst, bajki dla dziewczynek, dary jesieni kolorowanki jesie\u0144, kolorowanki na dzie\u0144 mamy, hello kitty kolorowanka, adela, domki z rolek po papierze toaletowym, ewelina<\/p>\n<p>yyyyy<\/p>\n<p>&nbsp;<\/p>\n","protected":false},"excerpt":{"rendered":"<p>Brrrrrruummm .. nadchodzi traktor Johnny! Dzi\u0119ki mi\u0119kkim ko\u0142om traktor mo\u017cna bardzo \u0142atwo pcha\u0107, dzi\u0119ki czemu zabawa nim nie stanowi problemu dla ma\u0142ych dzieci. Do przodu lub do ty\u0142u &#8211; dziecko mo\u017ce jecha\u0107, gdzie chce ze swoj\u0105 now\u0105 ulubion\u0105 zabawk\u0105! A je\u015bli naci\u015bniesz na dach Johnny`ego, odjedzie sam! Ci\u0105gnik przeznaczony jest do jazdy w terenie i [&hellip;]<\/p>\n","protected":false},"featured_media":10702,"comment_status":"closed","ping_status":"open","template":"","meta":[],"product_cat":[83,1327],"product_tag":[871,854,626,612,791],"class_list":["post-10701","product","type-product","status-publish","has-post-thumbnail","hentry","product_cat-auta-i-inne-pojazdy-do-zabawy","product_cat-tomy","product_tag-bajka-o-smoku-wawelskim","product_tag-cytaty-rodzina","product_tag-jacek","product_tag-kolorowanki-do-druku","product_tag-zagadki-na-myslenie"],"_links":{"self":[{"href":"http:\/\/klubmamgdynia.pl\/index.php\/wp-json\/wp\/v2\/product\/10701","targetHints":{"allow":["GET"]}}],"collection":[{"href":"http:\/\/klubmamgdynia.pl\/index.php\/wp-json\/wp\/v2\/product"}],"about":[{"href":"http:\/\/klubmamgdynia.pl\/index.php\/wp-json\/wp\/v2\/types\/product"}],"replies":[{"embeddable":true,"href":"http:\/\/klubmamgdynia.pl\/index.php\/wp-json\/wp\/v2\/comments?post=10701"}],"wp:featuredmedia":[{"embeddable":true,"href":"http:\/\/klubmamgdynia.pl\/index.php\/wp-json\/wp\/v2\/media\/10702"}],"wp:attachment":[{"href":"http:\/\/klubmamgdynia.pl\/index.php\/wp-json\/wp\/v2\/media?parent=10701"}],"wp:term":[{"taxonomy":"product_cat","embeddable":true,"href":"http:\/\/klubmamgdynia.pl\/index.php\/wp-json\/wp\/v2\/product_cat?post=10701"},{"taxonomy":"product_tag","embeddable":true,"href":"http:\/\/klubmamgdynia.pl\/index.php\/wp-json\/wp\/v2\/product_tag?post=10701"}],"curies":[{"name":"wp","href":"https:\/\/api.w.org\/{rel}","templated":true}]}}